{"id":509,"date":"2017-07-31T00:00:16","date_gmt":"2017-07-31T00:00:16","guid":{"rendered":"http:\/\/www2.unifap.br\/dcet\/?page_id=509"},"modified":"2021-03-15T15:53:36","modified_gmt":"2021-03-15T18:53:36","slug":"509-2","status":"publish","type":"page","link":"https:\/\/www2.unifap.br\/dcet\/editais\/editais-do-dcet\/encerrados\/509-2\/","title":{"rendered":"EDITAL DCET N\u00ba 03\/2017 &#8211; Elei\u00e7\u00e3o para Diretoria DCET"},"content":{"rendered":"<p><strong><a href=\"http:\/\/www2.unifap.br\/dcet\/files\/2017\/07\/RESULTADO-FINAL-ELEI\u00c7\u00c3O-DCET.pdf\">HOMOLOGA RESULTADO FINAL ELEI\u00c7\u00c3O DCET<\/a>\u00a0(11\/10\/2017)\u00a0<\/strong><\/p>\n<p><strong><a href=\"http:\/\/www2.unifap.br\/dcet\/files\/2017\/07\/RESULTADO-PARCIAL-ELEI\u00c7\u00c3O-DCET.pdf\">RESULTADO PARCIAL ELEI\u00c7\u00c3O DCET<\/a>\u00a0(07\/10\/2017)\u00a0<\/strong><\/p>\n<p><strong><a href=\"http:\/\/www2.unifap.br\/dcet\/files\/2017\/07\/RELA\u00c7\u00c3O-DE-DISCENTES-APTOS-A-VOTAR-PROFMAT.pdf\">RELA\u00c7\u00c3O DE DISCENTES APTOS A VOTAR &#8211; PROFMAT<\/a>\u00a0\u00a0(05\/10\/2017)<\/strong><\/p>\n<p><strong><a href=\"http:\/\/www2.unifap.br\/dcet\/files\/2017\/07\/Edital-n\u00ba-003-2017-RETIFICA\u00c7\u00c3O-LOCAL-DE-VOTA\u00c7\u00c3O.pdf\">Edital n\u00ba 003-2017 &#8211; RETIFICA\u00c7\u00c3O LOCAL DE VOTA\u00c7\u00c3O<\/a>\u00a0(04\/10\/2017)<\/strong><\/p>\n<p><strong><a href=\"http:\/\/www2.unifap.br\/dcet\/files\/2017\/07\/RELA\u00c7\u00c3O-DE-SERVIDORES-T\u00c9CNICOS-ADMINISTRATIVOS-APTOS-A-VOTAR-RETIFICADO.pdf\">RELA\u00c7\u00c3O DE SERVIDORES T\u00c9CNICOS-ADMINISTRATIVOS APTOS A VOTAR &#8211; RETIFICADO<\/a>\u00a0(03\/10\/2017)<\/strong><\/p>\n<p><strong><a href=\"http:\/\/www2.unifap.br\/dcet\/files\/2017\/07\/RELA\u00c7\u00c3O-DE-DISCENTES-APTOS-A-VOTAR-CURSO-DE-MATEM\u00c1TICA-RETIFICADA.pdf\">RELA\u00c7\u00c3O DE DISCENTES APTOS A VOTAR &#8211; CURSO DE MATEM\u00c1TICA<\/a><a href=\"http:\/\/www2.unifap.br\/dcet\/files\/2017\/07\/RELA\u00c7\u00c3O-DE-DISCENTES-APTOS-A-VOTAR-CURSO-DE-MATEM\u00c1TICA-RETIFICADA.pdf\"> RETIFICADA<\/a>\u00a0(02\/10\/2017)<\/strong><\/p>\n<p><strong><a href=\"http:\/\/www2.unifap.br\/dcet\/files\/2017\/07\/RELA\u00c7\u00c3O-DE-DISCENTES-APTOS-A-VOTAR-CURSO-DE-F\u00cdSICA-RETIFICADA.pdf\">RELA\u00c7\u00c3O DE DISCENTES APTOS A VOTAR &#8211; CURSO DE F\u00cdSICA<\/a><a href=\"http:\/\/www2.unifap.br\/dcet\/files\/2017\/07\/RELA\u00c7\u00c3O-DE-DISCENTES-APTOS-A-VOTAR-CURSO-DE-F\u00cdSICA-RETIFICADA.pdf\"> RETIFICADA<\/a>\u00a0(02\/10\/2017)<\/strong><\/p>\n<p><strong>\u00a0<a href=\"http:\/\/www2.unifap.br\/dcet\/files\/2017\/07\/RELA\u00c7\u00c3O-DE-DISCENTES-APTOS-A-VOTAR-CURSO-DE-ENGENHARIA-EL\u00c9TRICA-RETIFICADA.pdf\">RELA\u00c7\u00c3O DE DISCENTES APTOS A VOTAR &#8211; CURSO DE ENGENHARIA EL\u00c9TRICA RETIFICADA<\/a>\u00a0(02\/10\/2017)<\/strong><\/p>\n<p><strong><a href=\"http:\/\/www2.unifap.br\/dcet\/files\/2017\/07\/RELA\u00c7\u00c3O-DE-DISCENTES-APTOS-A-VOTAR-CURSO-DE-ENGENHARIA-CIVIL-RETIFICADA.pdf\">RELA\u00c7\u00c3O DE DISCENTES APTOS A VOTAR &#8211; CURSO DE ENGENHARIA CIVIL RETIFICADA<\/a>\u00a0(02\/10\/2017)<\/strong><\/p>\n<p><strong><a href=\"http:\/\/www2.unifap.br\/dcet\/files\/2017\/07\/RELA\u00c7\u00c3O-DE-DISCENTES-APTOS-A-VOTAR-CURSO-DE-CI\u00caNCIA-DA-COMPUTA\u00c7\u00c3O-RETIFICADA.pdf\">RELA\u00c7\u00c3O DE DISCENTES APTOS A VOTAR &#8211; CURSO DE CI\u00caNCIA DA COMPUTA\u00c7\u00c3O<\/a><a href=\"http:\/\/www2.unifap.br\/dcet\/files\/2017\/07\/RELA\u00c7\u00c3O-DE-DISCENTES-APTOS-A-VOTAR-CURSO-DE-CI\u00caNCIA-DA-COMPUTA\u00c7\u00c3O-RETIFICADA.pdf\"> RETIFICADA<\/a>\u00a0(02\/10\/2017)<\/strong><\/p>\n<p><strong><a href=\"http:\/\/www2.unifap.br\/dcet\/files\/2017\/07\/RELA\u00c7\u00c3O-DE-DISCENTES-APTOS-A-VOTAR-CURSO-DE-ARQUITETURA-E-URBANISMO-RETIFICADA.pdf\">RELA\u00c7\u00c3O DE DISCENTES APTOS A VOTAR &#8211; CURSO DE ARQUITETURA E URBANISMO<\/a><a href=\"http:\/\/www2.unifap.br\/dcet\/files\/2017\/07\/RELA\u00c7\u00c3O-DE-DISCENTES-APTOS-A-VOTAR-CURSO-DE-ARQUITETURA-E-URBANISMO-RETIFICADA.pdf\"> RETIFICADA<\/a>(02\/10\/2017)<\/strong><\/p>\n<p><strong><a href=\"http:\/\/www2.unifap.br\/dcet\/files\/2017\/07\/RELA\u00c7\u00c3O-DE-DISCENTES-APTOS-A-VOTAR-CURSO-DE-MATEM\u00c1TICA.pdf\">RELA\u00c7\u00c3O DE DISCENTES APTOS A VOTAR &#8211; CURSO DE MATEM\u00c1TICA<\/a>\u00a0(29\/09\/2017)<\/strong><\/p>\n<p><strong><a href=\"http:\/\/www2.unifap.br\/dcet\/files\/2017\/07\/RELA\u00c7\u00c3O-DE-DISCENTES-APTOS-A-VOTAR-CURSO-DE-F\u00cdSICA.pdf\">RELA\u00c7\u00c3O DE DISCENTES APTOS A VOTAR &#8211; CURSO DE F\u00cdSICA<\/a>\u00a0(29\/09\/2017)<\/strong><\/p>\n<p><strong><a href=\"http:\/\/www2.unifap.br\/dcet\/files\/2017\/07\/RELA\u00c7\u00c3O-DE-DISCENTES-APTOS-A-VOTAR-CURSO-DE-ENGENHARIA-EL\u00c9TRICA.pdf\">RELA\u00c7\u00c3O DE DISCENTES APTOS A VOTAR &#8211; CURSO DE ENGENHARIA EL\u00c9TRICA<\/a>\u00a0\u00a0(29\/09\/2017)<\/strong><\/p>\n<p><strong><a href=\"http:\/\/www2.unifap.br\/dcet\/files\/2017\/07\/RELA\u00c7\u00c3O-DE-DISCENTES-APTOS-A-VOTAR-CURSO-DE-ENGENHARIA-CIVIL.pdf\">RELA\u00c7\u00c3O DE DISCENTES APTOS A VOTAR &#8211; CURSO DE ENGENHARIA CIVIL<\/a>\u00a0\u00a0(29\/09\/2017)<\/strong><\/p>\n<p><strong><a href=\"http:\/\/www2.unifap.br\/dcet\/files\/2017\/07\/RELA\u00c7\u00c3O-DE-DISCENTES-APTOS-A-VOTAR-CURSO-DE-CI\u00caNCIA-DA-COMPUTA\u00c7\u00c3O.pdf\">RELA\u00c7\u00c3O DE DISCENTES APTOS A VOTAR &#8211; CURSO DE CI\u00caNCIA DA COMPUTA\u00c7\u00c3O<\/a>\u00a0(29\/09\/2017)<\/strong><\/p>\n<p><strong><a href=\"http:\/\/www2.unifap.br\/dcet\/files\/2017\/07\/RELA\u00c7\u00c3O-DE-DISCENTES-APTOS-A-VOTAR-CURSO-DE-ARQUITETURA-E-URBANISMO.pdf\">RELA\u00c7\u00c3O DE DISCENTES APTOS A VOTAR &#8211; CURSO DE ARQUITETURA E URBANISMO<\/a>\u00a0(29\/09\/2017)<\/strong><\/p>\n<p><strong><a href=\"http:\/\/www2.unifap.br\/dcet\/files\/2017\/07\/RELA\u00c7\u00c3O-DE-SERVIDORES-T\u00c9CNICOS-ADMINISTRATIVOS-APTOS-A-VOTAR.pdf\">RELA\u00c7\u00c3O DE SERVIDORES T\u00c9CNICOS-ADMINISTRATIVOS APTOS A VOTAR<\/a>\u00a0(29\/09\/2017)\u00a0<\/strong><\/p>\n<p><strong><a href=\"http:\/\/www2.unifap.br\/dcet\/files\/2017\/07\/RELA\u00c7\u00c3O-DE-SERVIDORES-DOCENTES-APTOS-A-VOTAR.pdf\">RELA\u00c7\u00c3O DE SERVIDORES DOCENTES APTOS A VOTAR<\/a>\u00a0(29\/09\/2017)<\/strong><\/p>\n<p><strong><a href=\"http:\/\/www2.unifap.br\/dcet\/files\/2017\/07\/LISTA-FINAL-DE-CANDIDATOS-ELEG\u00cdVEIS.pdf\">LISTA FINAL DE CANDIDATOS ELEG\u00cdVEIS<\/a>\u00a0 \u00a0 (21\/09\/2017)<\/strong><\/p>\n<p><strong><a href=\"http:\/\/www2.unifap.br\/dcet\/files\/2017\/07\/HOMOLOGA\u00c7\u00c3O-DAS-INSCRI\u00c7\u00d5ES.pdf\">HOMOLOGA\u00c7\u00c3O DAS INSCRI\u00c7\u00d5ES<\/a>\u00a0(14\/09\/2017)<\/strong><\/p>\n<p><strong><a href=\"http:\/\/www2.unifap.br\/dcet\/files\/2017\/07\/EDITAL-n\u00ba-003-2017-Elei\u00e7\u00e3o-Dire\u00e7\u00e3o-DCET.1.pdf\">EDITAL n\u00ba 003-2017 &#8211; Elei\u00e7\u00e3o Dire\u00e7\u00e3o DCET.<\/a>(31\/07\/2017)<strong><br \/>\n<\/strong><\/strong><\/p>\n","protected":false},"excerpt":{"rendered":"<p>HOMOLOGA RESULTADO FINAL ELEI\u00c7\u00c3O DCET\u00a0(11\/10\/2017)\u00a0 RESULTADO PARCIAL ELEI\u00c7\u00c3O DCET\u00a0(07\/10\/2017)\u00a0 RELA\u00c7\u00c3O DE DISCENTES APTOS A VOTAR &#8211; PROFMAT\u00a0\u00a0(05\/10\/2017) Edital n\u00ba 003-2017 &#8211; RETIFICA\u00c7\u00c3O LOCAL DE VOTA\u00c7\u00c3O\u00a0(04\/10\/2017) RELA\u00c7\u00c3O DE SERVIDORES T\u00c9CNICOS-ADMINISTRATIVOS APTOS A VOTAR &#8211; RETIFICADO\u00a0(03\/10\/2017) RELA\u00c7\u00c3O DE DISCENTES APTOS A VOTAR &#8211; CURSO DE MATEM\u00c1TICA RETIFICADA\u00a0(02\/10\/2017) RELA\u00c7\u00c3O DE DISCENTES APTOS A VOTAR &#8211; CURSO DE F\u00cdSICA&#8230;<\/p>\n","protected":false},"author":520,"featured_media":0,"parent":221,"menu_order":0,"comment_status":"open","ping_status":"open","template":"","meta":{"inline_featured_image":false,"site-sidebar-layout":"default","site-content-layout":"","ast-site-content-layout":"default","site-content-style":"default","site-sidebar-style":"default","ast-global-header-display":"","ast-banner-title-visibility":"","ast-main-header-display":"","ast-hfb-above-header-display":"","ast-hfb-below-header-display":"","ast-hfb-mobile-header-display":"","site-post-title":"","ast-breadcrumbs-content":"","ast-featured-img":"","footer-sml-layout":"","theme-transparent-header-meta":"","adv-header-id-meta":"","stick-header-meta":"","header-above-stick-meta":"","header-main-stick-meta":"","header-below-stick-meta":"","astra-migrate-meta-layouts":"default","ast-page-background-enabled":"default","ast-page-background-meta":{"desktop":{"background-color":"var(--ast-global-color-4)","background-image":"","background-repeat":"repeat","background-position":"center center","background-size":"auto","background-attachment":"scroll","background-type":"","background-media":"","overlay-type":"","overlay-color":"","overlay-opacity":"","overlay-gradient":""},"tablet":{"background-color":"","background-image":"","background-repeat":"repeat","background-position":"center center","background-size":"auto","background-attachment":"scroll","background-type":"","background-media":"","overlay-type":"","overlay-color":"","overlay-opacity":"","overlay-gradient":""},"mobile":{"background-color":"","background-image":"","background-repeat":"repeat","background-position":"center center","background-size":"auto","background-attachment":"scroll","background-type":"","background-media":"","overlay-type":"","overlay-color":"","overlay-opacity":"","overlay-gradient":""}},"ast-content-background-meta":{"desktop":{"background-color":"var(--ast-global-color-5)","background-image":"","background-repeat":"repeat","background-position":"center center","background-size":"auto","background-attachment":"scroll","background-type":"","background-media":"","overlay-type":"","overlay-color":"","overlay-opacity":"","overlay-gradient":""},"tablet":{"background-color":"var(--ast-global-color-5)","background-image":"","background-repeat":"repeat","background-position":"center center","background-size":"auto","background-attachment":"scroll","background-type":"","background-media":"","overlay-type":"","overlay-color":"","overlay-opacity":"","overlay-gradient":""},"mobile":{"background-color":"var(--ast-global-color-5)","background-image":"","background-repeat":"repeat","background-position":"center center","background-size":"auto","background-attachment":"scroll","background-type":"","background-media":"","overlay-type":"","overlay-color":"","overlay-opacity":"","overlay-gradient":""}},"ngg_post_thumbnail":0,"footnotes":""},"class_list":["post-509","page","type-page","status-publish","hentry"],"_links":{"self":[{"href":"https:\/\/www2.unifap.br\/dcet\/wp-json\/wp\/v2\/pages\/509","targetHints":{"allow":["GET"]}}],"collection":[{"href":"https:\/\/www2.unifap.br\/dcet\/wp-json\/wp\/v2\/pages"}],"about":[{"href":"https:\/\/www2.unifap.br\/dcet\/wp-json\/wp\/v2\/types\/page"}],"author":[{"embeddable":true,"href":"https:\/\/www2.unifap.br\/dcet\/wp-json\/wp\/v2\/users\/520"}],"replies":[{"embeddable":true,"href":"https:\/\/www2.unifap.br\/dcet\/wp-json\/wp\/v2\/comments?post=509"}],"version-history":[{"count":24,"href":"https:\/\/www2.unifap.br\/dcet\/wp-json\/wp\/v2\/pages\/509\/revisions"}],"predecessor-version":[{"id":593,"href":"https:\/\/www2.unifap.br\/dcet\/wp-json\/wp\/v2\/pages\/509\/revisions\/593"}],"up":[{"embeddable":true,"href":"https:\/\/www2.unifap.br\/dcet\/wp-json\/wp\/v2\/pages\/221"}],"wp:attachment":[{"href":"https:\/\/www2.unifap.br\/dcet\/wp-json\/wp\/v2\/media?parent=509"}],"curies":[{"name":"wp","href":"https:\/\/api.w.org\/{rel}","templated":true}]}}