{"id":3512,"date":"2023-12-03T14:57:01","date_gmt":"2023-12-03T14:57:01","guid":{"rendered":"https:\/\/www2.unifap.br\/deavi\/?page_id=3512"},"modified":"2023-12-03T14:57:45","modified_gmt":"2023-12-03T14:57:45","slug":"avaliacao-institucional","status":"publish","type":"page","link":"https:\/\/www2.unifap.br\/deavi\/avaliacao-institucional\/","title":{"rendered":"Avalia\u00e7\u00e3o Institucional"},"content":{"rendered":"\t\t<div data-elementor-type=\"wp-page\" data-elementor-id=\"3512\" class=\"elementor elementor-3512\">\n\t\t\t\t\t\t<section class=\"elementor-section elementor-top-section elementor-element elementor-element-dace64a elementor-section-boxed elementor-section-height-default elementor-section-height-default\" data-id=\"dace64a\" data-element_type=\"section\" data-e-type=\"section\">\n\t\t\t\t\t\t<div class=\"elementor-container elementor-column-gap-default\">\n\t\t\t\t\t<div class=\"elementor-column elementor-col-100 elementor-top-column elementor-element elementor-element-b25300f\" data-id=\"b25300f\" data-element_type=\"column\" data-e-type=\"column\">\n\t\t\t<div class=\"elementor-widget-wrap elementor-element-populated\">\n\t\t\t\t\t\t<div class=\"elementor-element elementor-element-f983205 elementor-widget elementor-widget-heading\" data-id=\"f983205\" data-element_type=\"widget\" data-e-type=\"widget\" data-widget_type=\"heading.default\">\n\t\t\t\t<div class=\"elementor-widget-container\">\n\t\t\t\t\t<h2 class=\"elementor-heading-title elementor-size-default\">Avalia\u00e7\u00e3o Institucional<\/h2>\t\t\t\t<\/div>\n\t\t\t\t<\/div>\n\t\t\t\t\t<\/div>\n\t\t<\/div>\n\t\t\t\t\t<\/div>\n\t\t<\/section>\n\t\t\t\t<section class=\"elementor-section elementor-top-section elementor-element elementor-element-337d37e elementor-section-boxed elementor-section-height-default elementor-section-height-default\" data-id=\"337d37e\" data-element_type=\"section\" data-e-type=\"section\">\n\t\t\t\t\t\t<div class=\"elementor-container elementor-column-gap-default\">\n\t\t\t\t\t<div class=\"elementor-column elementor-col-100 elementor-top-column elementor-element elementor-element-8e3bfb9\" data-id=\"8e3bfb9\" data-element_type=\"column\" data-e-type=\"column\">\n\t\t\t<div class=\"elementor-widget-wrap elementor-element-populated\">\n\t\t\t\t\t\t<div class=\"elementor-element elementor-element-b3ab348 elementor-grid-eael-col-3 elementor-grid-tablet-eael-col-2 elementor-grid-mobile-eael-col-1 elementor-widget elementor-widget-eael-post-grid\" data-id=\"b3ab348\" data-element_type=\"widget\" data-e-type=\"widget\" data-settings=\"{&quot;eael_post_grid_columns&quot;:&quot;eael-col-3&quot;,&quot;eael_post_grid_columns_tablet&quot;:&quot;eael-col-2&quot;,&quot;eael_post_grid_columns_mobile&quot;:&quot;eael-col-1&quot;}\" data-widget_type=\"eael-post-grid.default\">\n\t\t\t\t<div class=\"elementor-widget-container\">\n\t\t\t\t\t<div id=\"eael-post-grid-b3ab348\" class=\"eael-post-grid-container\">\n            <div class=\"eael-post-grid eael-post-appender eael-post-appender-b3ab348 eael-post-grid-style-two\" data-layout-mode=\"grid\"><article class=\"eael-grid-post eael-post-grid-column\" data-id=\"4351\">\n    <div class=\"eael-grid-post-holder\">\n        <div class=\"eael-grid-post-holder-inner\"><div class=\"eael-entry-media\"><div class=\"eael-entry-overlay fade-in\"><i class=\"fas fa-long-arrow-alt-right\" aria-hidden=\"true\"><\/i><a href=\"https:\/\/www2.unifap.br\/deavi\/2026\/03\/25\/simulacao-de-visita-do-mec-no-curso-de-medicina\/\"><\/a><\/div><div class=\"eael-entry-thumbnail eael-image-ratio\">\n                            <img fetchpriority=\"high\" decoding=\"async\" width=\"300\" height=\"225\" src=\"https:\/\/www2.unifap.br\/deavi\/files\/2026\/03\/WhatsApp-Image-2026-03-25-at-11.40.01-1-300x225.jpeg\" class=\"attachment-medium size-medium wp-image-4356\" alt=\"\" srcset=\"https:\/\/www2.unifap.br\/deavi\/files\/2026\/03\/WhatsApp-Image-2026-03-25-at-11.40.01-1-300x225.jpeg 300w, https:\/\/www2.unifap.br\/deavi\/files\/2026\/03\/WhatsApp-Image-2026-03-25-at-11.40.01-1-1024x768.jpeg 1024w, https:\/\/www2.unifap.br\/deavi\/files\/2026\/03\/WhatsApp-Image-2026-03-25-at-11.40.01-1-768x576.jpeg 768w, https:\/\/www2.unifap.br\/deavi\/files\/2026\/03\/WhatsApp-Image-2026-03-25-at-11.40.01-1-1536x1152.jpeg 1536w, https:\/\/www2.unifap.br\/deavi\/files\/2026\/03\/WhatsApp-Image-2026-03-25-at-11.40.01-1-1000x750.jpeg 1000w, https:\/\/www2.unifap.br\/deavi\/files\/2026\/03\/WhatsApp-Image-2026-03-25-at-11.40.01-1-230x173.jpeg 230w, https:\/\/www2.unifap.br\/deavi\/files\/2026\/03\/WhatsApp-Image-2026-03-25-at-11.40.01-1-350x263.jpeg 350w, https:\/\/www2.unifap.br\/deavi\/files\/2026\/03\/WhatsApp-Image-2026-03-25-at-11.40.01-1-480x360.jpeg 480w, https:\/\/www2.unifap.br\/deavi\/files\/2026\/03\/WhatsApp-Image-2026-03-25-at-11.40.01-1.jpeg 1600w\" sizes=\"(max-width: 300px) 100vw, 300px\" \/>\n                            <\/div>\n                    <\/div><div class=\"eael-entry-wrapper\"><header class=\"eael-entry-header\"><h2 class=\"eael-entry-title\"><a class=\"eael-grid-post-link\" href=\"https:\/\/www2.unifap.br\/deavi\/2026\/03\/25\/simulacao-de-visita-do-mec-no-curso-de-medicina\/\" title=\"Simula\u00e7\u00e3o de Visita do MEC no Curso de Medicina\">Simula\u00e7\u00e3o de Visita do MEC no Curso de<\/a><\/h2><\/header><div class=\"eael-entry-content\">\n                                <div class=\"eael-grid-post-excerpt\"><p>Voc\u00ea sabe como funciona, na pr\u00e1tica, a avalia\u00e7\u00e3o de um curso pelo MEC? Preparamos uma simula\u00e7\u00e3o completa para mostrar...<\/p><a href=\"https:\/\/www2.unifap.br\/deavi\/2026\/03\/25\/simulacao-de-visita-do-mec-no-curso-de-medicina\/\" class=\"eael-post-elements-readmore-btn\">Ler mais<\/a><\/div>\n                            <\/div><div class=\"eael-entry-header-after style-two\"><div class=\"eael-entry-meta\"><span class=\"eael-meta-posted-on\"><i class=\"far fa-clock\"><\/i><time datetime=\"25 de mar\u00e7o de 2026\">25 de mar\u00e7o de 2026<\/time><\/span><\/div><\/div><\/div><\/div>\n    <\/div>\n<\/article><article class=\"eael-grid-post eael-post-grid-column\" data-id=\"4342\">\n    <div class=\"eael-grid-post-holder\">\n        <div class=\"eael-grid-post-holder-inner\"><div class=\"eael-entry-media\"><div class=\"eael-entry-overlay fade-in\"><i class=\"fas fa-long-arrow-alt-right\" aria-hidden=\"true\"><\/i><a href=\"https:\/\/www2.unifap.br\/deavi\/2026\/02\/13\/reuniao-de-avaliacao-do-curso-de-medicina\/\"><\/a><\/div><div class=\"eael-entry-thumbnail eael-image-ratio\">\n                            <img decoding=\"async\" width=\"240\" height=\"300\" src=\"https:\/\/www2.unifap.br\/deavi\/files\/2026\/02\/AvaliaoePlanejam-1-1-240x300.png\" class=\"attachment-medium size-medium wp-image-4345\" alt=\"\" srcset=\"https:\/\/www2.unifap.br\/deavi\/files\/2026\/02\/AvaliaoePlanejam-1-1-240x300.png 240w, https:\/\/www2.unifap.br\/deavi\/files\/2026\/02\/AvaliaoePlanejam-1-1-820x1024.png 820w, https:\/\/www2.unifap.br\/deavi\/files\/2026\/02\/AvaliaoePlanejam-1-1-768x959.png 768w, https:\/\/www2.unifap.br\/deavi\/files\/2026\/02\/AvaliaoePlanejam-1-1-1230x1536.png 1230w, https:\/\/www2.unifap.br\/deavi\/files\/2026\/02\/AvaliaoePlanejam-1-1-1640x2048.png 1640w, https:\/\/www2.unifap.br\/deavi\/files\/2026\/02\/AvaliaoePlanejam-1-1-1000x1249.png 1000w, https:\/\/www2.unifap.br\/deavi\/files\/2026\/02\/AvaliaoePlanejam-1-1-230x287.png 230w, https:\/\/www2.unifap.br\/deavi\/files\/2026\/02\/AvaliaoePlanejam-1-1-350x437.png 350w, https:\/\/www2.unifap.br\/deavi\/files\/2026\/02\/AvaliaoePlanejam-1-1.png 1750w\" sizes=\"(max-width: 240px) 100vw, 240px\" \/>\n                            <\/div>\n                    <\/div><div class=\"eael-entry-wrapper\"><header class=\"eael-entry-header\"><h2 class=\"eael-entry-title\"><a class=\"eael-grid-post-link\" href=\"https:\/\/www2.unifap.br\/deavi\/2026\/02\/13\/reuniao-de-avaliacao-do-curso-de-medicina\/\" title=\"Reuni\u00e3o de Avalia\u00e7\u00e3o do Curso de Medicina\">Reuni\u00e3o de Avalia\u00e7\u00e3o do Curso de Medicina<\/a><\/h2><\/header><div class=\"eael-entry-content\">\n                                <div class=\"eael-grid-post-excerpt\"><p>A Universidade Federal do Amap\u00e1 realizou reuni\u00e3o ampliada para an\u00e1lise e encaminhamentos relacionados \u00e0 avalia\u00e7\u00e3o do Curso de Medicina,...<\/p><a href=\"https:\/\/www2.unifap.br\/deavi\/2026\/02\/13\/reuniao-de-avaliacao-do-curso-de-medicina\/\" class=\"eael-post-elements-readmore-btn\">Ler mais<\/a><\/div>\n                            <\/div><div class=\"eael-entry-header-after style-two\"><div class=\"eael-entry-meta\"><span class=\"eael-meta-posted-on\"><i class=\"far fa-clock\"><\/i><time datetime=\"13 de fevereiro de 2026\">13 de fevereiro de 2026<\/time><\/span><\/div><\/div><\/div><\/div>\n    <\/div>\n<\/article><article class=\"eael-grid-post eael-post-grid-column\" data-id=\"4308\">\n    <div class=\"eael-grid-post-holder\">\n        <div class=\"eael-grid-post-holder-inner\"><div class=\"eael-entry-media\"><div class=\"eael-entry-overlay fade-in\"><i class=\"fas fa-long-arrow-alt-right\" aria-hidden=\"true\"><\/i><a href=\"https:\/\/www2.unifap.br\/deavi\/2025\/02\/20\/nota-4-para-o-curso-de-licenciatura-intercultural-indigena\/\"><\/a><\/div><div class=\"eael-entry-thumbnail eael-image-ratio\">\n                            <img decoding=\"async\" width=\"300\" height=\"251\" src=\"https:\/\/www2.unifap.br\/deavi\/files\/2025\/02\/Post-instagram-dia-da-universidade-moderno-azul-escuro-e-azul-claro-5-300x251.png\" class=\"attachment-medium size-medium wp-image-4309\" alt=\"\" srcset=\"https:\/\/www2.unifap.br\/deavi\/files\/2025\/02\/Post-instagram-dia-da-universidade-moderno-azul-escuro-e-azul-claro-5-300x251.png 300w, https:\/\/www2.unifap.br\/deavi\/files\/2025\/02\/Post-instagram-dia-da-universidade-moderno-azul-escuro-e-azul-claro-5-768x644.png 768w, https:\/\/www2.unifap.br\/deavi\/files\/2025\/02\/Post-instagram-dia-da-universidade-moderno-azul-escuro-e-azul-claro-5-230x193.png 230w, https:\/\/www2.unifap.br\/deavi\/files\/2025\/02\/Post-instagram-dia-da-universidade-moderno-azul-escuro-e-azul-claro-5-350x293.png 350w, https:\/\/www2.unifap.br\/deavi\/files\/2025\/02\/Post-instagram-dia-da-universidade-moderno-azul-escuro-e-azul-claro-5-480x402.png 480w, https:\/\/www2.unifap.br\/deavi\/files\/2025\/02\/Post-instagram-dia-da-universidade-moderno-azul-escuro-e-azul-claro-5.png 940w\" sizes=\"(max-width: 300px) 100vw, 300px\" \/>\n                            <\/div>\n                    <\/div><div class=\"eael-entry-wrapper\"><header class=\"eael-entry-header\"><h2 class=\"eael-entry-title\"><a class=\"eael-grid-post-link\" href=\"https:\/\/www2.unifap.br\/deavi\/2025\/02\/20\/nota-4-para-o-curso-de-licenciatura-intercultural-indigena\/\" title=\"NOTA 4 PARA O CURSO DE LICENCIATURA INTERCULTURAL IND\u00cdGENA!\">NOTA 4 PARA O CURSO DE LICENCIATURA INTERCULTURAL<\/a><\/h2><\/header><div class=\"eael-entry-content\">\n                                <div class=\"eael-grid-post-excerpt\"><p>\u00c9 com grande orgulho que anunciamos que o Curso de Licenciatura Intercultural Ind\u00edgena do Campus Oiapoque recebeu a nota...<\/p><a href=\"https:\/\/www2.unifap.br\/deavi\/2025\/02\/20\/nota-4-para-o-curso-de-licenciatura-intercultural-indigena\/\" class=\"eael-post-elements-readmore-btn\">Ler mais<\/a><\/div>\n                            <\/div><div class=\"eael-entry-header-after style-two\"><div class=\"eael-entry-meta\"><span class=\"eael-meta-posted-on\"><i class=\"far fa-clock\"><\/i><time datetime=\"20 de fevereiro de 2025\">20 de fevereiro de 2025<\/time><\/span><\/div><\/div><\/div><\/div>\n    <\/div>\n<\/article><article class=\"eael-grid-post eael-post-grid-column\" data-id=\"4295\">\n    <div class=\"eael-grid-post-holder\">\n        <div class=\"eael-grid-post-holder-inner\"><div class=\"eael-entry-media\"><div class=\"eael-entry-overlay fade-in\"><i class=\"fas fa-long-arrow-alt-right\" aria-hidden=\"true\"><\/i><a href=\"https:\/\/www2.unifap.br\/deavi\/2025\/02\/06\/rumo-a-excelencia-preparacao-para-a-avaliacao-do-curso\/\"><\/a><\/div><div class=\"eael-entry-thumbnail eael-image-ratio\">\n                            <img loading=\"lazy\" decoding=\"async\" width=\"240\" height=\"300\" src=\"https:\/\/www2.unifap.br\/deavi\/files\/2025\/02\/67a4a17b9561e41486ee607d-3-240x300.png\" class=\"attachment-medium size-medium wp-image-4297\" alt=\"\" srcset=\"https:\/\/www2.unifap.br\/deavi\/files\/2025\/02\/67a4a17b9561e41486ee607d-3-240x300.png 240w, https:\/\/www2.unifap.br\/deavi\/files\/2025\/02\/67a4a17b9561e41486ee607d-3-820x1024.png 820w, https:\/\/www2.unifap.br\/deavi\/files\/2025\/02\/67a4a17b9561e41486ee607d-3-768x959.png 768w, https:\/\/www2.unifap.br\/deavi\/files\/2025\/02\/67a4a17b9561e41486ee607d-3-1230x1536.png 1230w, https:\/\/www2.unifap.br\/deavi\/files\/2025\/02\/67a4a17b9561e41486ee607d-3-1640x2048.png 1640w, https:\/\/www2.unifap.br\/deavi\/files\/2025\/02\/67a4a17b9561e41486ee607d-3-1000x1249.png 1000w, https:\/\/www2.unifap.br\/deavi\/files\/2025\/02\/67a4a17b9561e41486ee607d-3-230x287.png 230w, https:\/\/www2.unifap.br\/deavi\/files\/2025\/02\/67a4a17b9561e41486ee607d-3-350x437.png 350w, https:\/\/www2.unifap.br\/deavi\/files\/2025\/02\/67a4a17b9561e41486ee607d-3-480x599.png 480w, https:\/\/www2.unifap.br\/deavi\/files\/2025\/02\/67a4a17b9561e41486ee607d-3.png 1750w\" sizes=\"(max-width: 240px) 100vw, 240px\" \/>\n                            <\/div>\n                    <\/div><div class=\"eael-entry-wrapper\"><header class=\"eael-entry-header\"><h2 class=\"eael-entry-title\"><a class=\"eael-grid-post-link\" href=\"https:\/\/www2.unifap.br\/deavi\/2025\/02\/06\/rumo-a-excelencia-preparacao-para-a-avaliacao-do-curso\/\" title=\"Rumo \u00e0 Excel\u00eancia: Prepara\u00e7\u00e3o para a Avalia\u00e7\u00e3o do Curso!\">Rumo \u00e0 Excel\u00eancia: Prepara\u00e7\u00e3o para a Avalia\u00e7\u00e3o do<\/a><\/h2><\/header><div class=\"eael-entry-content\">\n                                <div class=\"eael-grid-post-excerpt\"><p>\ud83d\udd0e Durante esta semana, realizamos reuni\u00f5es estrat\u00e9gicas com discentes, a Comiss\u00e3o do Est\u00e1gio Supervisionado e os docentes do curso...<\/p><a href=\"https:\/\/www2.unifap.br\/deavi\/2025\/02\/06\/rumo-a-excelencia-preparacao-para-a-avaliacao-do-curso\/\" class=\"eael-post-elements-readmore-btn\">Ler mais<\/a><\/div>\n                            <\/div><div class=\"eael-entry-header-after style-two\"><div class=\"eael-entry-meta\"><span class=\"eael-meta-posted-on\"><i class=\"far fa-clock\"><\/i><time datetime=\"6 de fevereiro de 2025\">6 de fevereiro de 2025<\/time><\/span><\/div><\/div><\/div><\/div>\n    <\/div>\n<\/article><article class=\"eael-grid-post eael-post-grid-column\" data-id=\"4274\">\n    <div class=\"eael-grid-post-holder\">\n        <div class=\"eael-grid-post-holder-inner\"><div class=\"eael-entry-media\"><div class=\"eael-entry-overlay fade-in\"><i class=\"fas fa-long-arrow-alt-right\" aria-hidden=\"true\"><\/i><a href=\"https:\/\/www2.unifap.br\/deavi\/2024\/11\/19\/nota-maxima-para-o-curso-de-letras-libras-da-unifap\/\"><\/a><\/div><div class=\"eael-entry-thumbnail eael-image-ratio\">\n                            <img loading=\"lazy\" decoding=\"async\" width=\"300\" height=\"251\" src=\"https:\/\/www2.unifap.br\/deavi\/files\/2024\/11\/Post-instagram-dia-da-universidade-moderno-azul-escuro-e-azul-claro-4-1-300x251.png\" class=\"attachment-medium size-medium wp-image-4275\" alt=\"\" srcset=\"https:\/\/www2.unifap.br\/deavi\/files\/2024\/11\/Post-instagram-dia-da-universidade-moderno-azul-escuro-e-azul-claro-4-1-300x251.png 300w, https:\/\/www2.unifap.br\/deavi\/files\/2024\/11\/Post-instagram-dia-da-universidade-moderno-azul-escuro-e-azul-claro-4-1-768x644.png 768w, https:\/\/www2.unifap.br\/deavi\/files\/2024\/11\/Post-instagram-dia-da-universidade-moderno-azul-escuro-e-azul-claro-4-1-230x193.png 230w, https:\/\/www2.unifap.br\/deavi\/files\/2024\/11\/Post-instagram-dia-da-universidade-moderno-azul-escuro-e-azul-claro-4-1-350x293.png 350w, https:\/\/www2.unifap.br\/deavi\/files\/2024\/11\/Post-instagram-dia-da-universidade-moderno-azul-escuro-e-azul-claro-4-1-480x402.png 480w, https:\/\/www2.unifap.br\/deavi\/files\/2024\/11\/Post-instagram-dia-da-universidade-moderno-azul-escuro-e-azul-claro-4-1.png 940w\" sizes=\"(max-width: 300px) 100vw, 300px\" \/>\n                            <\/div>\n                    <\/div><div class=\"eael-entry-wrapper\"><header class=\"eael-entry-header\"><h2 class=\"eael-entry-title\"><a class=\"eael-grid-post-link\" href=\"https:\/\/www2.unifap.br\/deavi\/2024\/11\/19\/nota-maxima-para-o-curso-de-letras-libras-da-unifap\/\" title=\"Letras Libras da UNIFAP Brilha com Nota M\u00e1xima do MEC!\">Letras Libras da UNIFAP Brilha com Nota M\u00e1xima<\/a><\/h2><\/header><div class=\"eael-entry-content\">\n                                <div class=\"eael-grid-post-excerpt\"><p>Com imensa alegria, anunciamos que o curso de Letras Libras da UNIFAP conquistou a nota 5 na avalia\u00e7\u00e3o do...<\/p><a href=\"https:\/\/www2.unifap.br\/deavi\/2024\/11\/19\/nota-maxima-para-o-curso-de-letras-libras-da-unifap\/\" class=\"eael-post-elements-readmore-btn\">Ler mais<\/a><\/div>\n                            <\/div><div class=\"eael-entry-header-after style-two\"><div class=\"eael-entry-meta\"><span class=\"eael-meta-posted-on\"><i class=\"far fa-clock\"><\/i><time datetime=\"19 de novembro de 2024\">19 de novembro de 2024<\/time><\/span><\/div><\/div><\/div><\/div>\n    <\/div>\n<\/article><article class=\"eael-grid-post eael-post-grid-column\" data-id=\"4262\">\n    <div class=\"eael-grid-post-holder\">\n        <div class=\"eael-grid-post-holder-inner\"><div class=\"eael-entry-media\"><div class=\"eael-entry-overlay fade-in\"><i class=\"fas fa-long-arrow-alt-right\" aria-hidden=\"true\"><\/i><a href=\"https:\/\/www2.unifap.br\/deavi\/2024\/11\/05\/preparativos-para-a-avaliacao-do-curso-de-letras-libras-pela-visita-do-mec\/\"><\/a><\/div><div class=\"eael-entry-thumbnail eael-image-ratio\">\n                            <img loading=\"lazy\" decoding=\"async\" width=\"300\" height=\"251\" src=\"https:\/\/www2.unifap.br\/deavi\/files\/2024\/11\/Facebook-aesthetic-instagram-photo--300x251.png\" class=\"attachment-medium size-medium wp-image-4265\" alt=\"\" srcset=\"https:\/\/www2.unifap.br\/deavi\/files\/2024\/11\/Facebook-aesthetic-instagram-photo--300x251.png 300w, https:\/\/www2.unifap.br\/deavi\/files\/2024\/11\/Facebook-aesthetic-instagram-photo--768x644.png 768w, https:\/\/www2.unifap.br\/deavi\/files\/2024\/11\/Facebook-aesthetic-instagram-photo--230x193.png 230w, https:\/\/www2.unifap.br\/deavi\/files\/2024\/11\/Facebook-aesthetic-instagram-photo--350x293.png 350w, https:\/\/www2.unifap.br\/deavi\/files\/2024\/11\/Facebook-aesthetic-instagram-photo--480x402.png 480w, https:\/\/www2.unifap.br\/deavi\/files\/2024\/11\/Facebook-aesthetic-instagram-photo-.png 940w\" sizes=\"(max-width: 300px) 100vw, 300px\" \/>\n                            <\/div>\n                    <\/div><div class=\"eael-entry-wrapper\"><header class=\"eael-entry-header\"><h2 class=\"eael-entry-title\"><a class=\"eael-grid-post-link\" href=\"https:\/\/www2.unifap.br\/deavi\/2024\/11\/05\/preparativos-para-a-avaliacao-do-curso-de-letras-libras-pela-visita-do-mec\/\" title=\"Preparativos para a Avalia\u00e7\u00e3o do Curso de Letras Libras pela Visita do MEC\">Preparativos para a Avalia\u00e7\u00e3o do Curso de Letras<\/a><\/h2><\/header><div class=\"eael-entry-content\">\n                                <div class=\"eael-grid-post-excerpt\"><p>No contexto da avalia\u00e7\u00e3o do curso de Letras Libras, a diretora do DEAVI, \u00darsula Ferreira, liderou uma importante orienta\u00e7\u00e3o...<\/p><a href=\"https:\/\/www2.unifap.br\/deavi\/2024\/11\/05\/preparativos-para-a-avaliacao-do-curso-de-letras-libras-pela-visita-do-mec\/\" class=\"eael-post-elements-readmore-btn\">Ler mais<\/a><\/div>\n                            <\/div><div class=\"eael-entry-header-after style-two\"><div class=\"eael-entry-meta\"><span class=\"eael-meta-posted-on\"><i class=\"far fa-clock\"><\/i><time datetime=\"5 de novembro de 2024\">5 de novembro de 2024<\/time><\/span><\/div><\/div><\/div><\/div>\n    <\/div>\n<\/article><\/div>\n            <div class=\"clearfix\"><\/div>\n        <\/div>            <div class=\"eael-load-more-button-wrap\">\n                <button class=\"eael-load-more-button\" id=\"eael-load-more-btn-b3ab348\" data-widget-id=\"b3ab348\" data-widget=\"b3ab348\" data-page-id=\"3512\" data-template=\"{&quot;dir&quot;:&quot;lite&quot;,&quot;file_name&quot;:&quot;two.php&quot;,&quot;name&quot;:&quot;Post-Grid&quot;}\" data-class=\"Essential_Addons_Elementor\\Elements\\Post_Grid\" data-layout=\"grid\" data-page=\"1\" data-args=\"orderby=date&amp;order=desc&amp;ignore_sticky_posts=1&amp;post_status=publish&amp;posts_per_page=6&amp;offset=0&amp;post_type=post&amp;tax_query%5B0%5D%5Btaxonomy%5D=category&amp;tax_query%5B0%5D%5Bfield%5D=term_id&amp;tax_query%5B0%5D%5Bterms%5D%5B0%5D=70&amp;tax_query%5Brelation%5D=AND\" data-max-page=\"5\">\n                    <span class=\"eael-btn-loader button__loader\"><\/span>\n                    <span class=\"eael_load_more_text\">Carregar mais<\/span>\n                <\/button>\n            <\/div>\n            \t\t\t\t<\/div>\n\t\t\t\t<\/div>\n\t\t\t\t\t<\/div>\n\t\t<\/div>\n\t\t\t\t\t<\/div>\n\t\t<\/section>\n\t\t\t\t<\/div>\n\t\t","protected":false},"excerpt":{"rendered":"<p>Avalia\u00e7\u00e3o Institucional Curso de Educa\u00e7\u00e3o F\u00edsica EAD \u00e9 conceito 4 A Universidade Federal do Amap\u00e1 recebeu visita de comiss\u00e3o do Mec, no per\u00edodo de 25 a 27 de outubro&#8230; Ler mais 27 de outubro de 2023 Curso de Administra\u00e7\u00e3o P\u00fablica EAD \u00e9 conceito 4 A Universidade Federal do Amap\u00e1 recebeu visita de comiss\u00e3o do Mec, no per\u00edodo de 07 a 09 de agosto&#8230; Ler&#8230;<\/p>\n","protected":false},"author":4003,"featured_media":0,"parent":0,"menu_order":0,"comment_status":"closed","ping_status":"closed","template":"","meta":{"inline_featured_image":false,"ngg_post_thumbnail":0,"footnotes":""},"class_list":["post-3512","page","type-page","status-publish","hentry"],"_links":{"self":[{"href":"https:\/\/www2.unifap.br\/deavi\/wp-json\/wp\/v2\/pages\/3512","targetHints":{"allow":["GET"]}}],"collection":[{"href":"https:\/\/www2.unifap.br\/deavi\/wp-json\/wp\/v2\/pages"}],"about":[{"href":"https:\/\/www2.unifap.br\/deavi\/wp-json\/wp\/v2\/types\/page"}],"author":[{"embeddable":true,"href":"https:\/\/www2.unifap.br\/deavi\/wp-json\/wp\/v2\/users\/4003"}],"replies":[{"embeddable":true,"href":"https:\/\/www2.unifap.br\/deavi\/wp-json\/wp\/v2\/comments?post=3512"}],"version-history":[{"count":4,"href":"https:\/\/www2.unifap.br\/deavi\/wp-json\/wp\/v2\/pages\/3512\/revisions"}],"predecessor-version":[{"id":3519,"href":"https:\/\/www2.unifap.br\/deavi\/wp-json\/wp\/v2\/pages\/3512\/revisions\/3519"}],"wp:attachment":[{"href":"https:\/\/www2.unifap.br\/deavi\/wp-json\/wp\/v2\/media?parent=3512"}],"curies":[{"name":"wp","href":"https:\/\/api.w.org\/{rel}","templated":true}]}}