{"id":3513,"date":"2023-12-03T14:58:30","date_gmt":"2023-12-03T14:58:30","guid":{"rendered":"https:\/\/www2.unifap.br\/deavi\/?page_id=3513"},"modified":"2023-12-03T14:59:05","modified_gmt":"2023-12-03T14:59:05","slug":"enade","status":"publish","type":"page","link":"https:\/\/www2.unifap.br\/deavi\/enade\/","title":{"rendered":"Enade"},"content":{"rendered":"\t\t<div data-elementor-type=\"wp-page\" data-elementor-id=\"3513\" class=\"elementor elementor-3513\">\n\t\t\t\t\t\t<section class=\"elementor-section elementor-top-section elementor-element elementor-element-dace64a elementor-section-boxed elementor-section-height-default elementor-section-height-default\" data-id=\"dace64a\" data-element_type=\"section\" data-e-type=\"section\">\n\t\t\t\t\t\t<div class=\"elementor-container elementor-column-gap-default\">\n\t\t\t\t\t<div class=\"elementor-column elementor-col-100 elementor-top-column elementor-element elementor-element-b25300f\" data-id=\"b25300f\" data-element_type=\"column\" data-e-type=\"column\">\n\t\t\t<div class=\"elementor-widget-wrap elementor-element-populated\">\n\t\t\t\t\t\t<div class=\"elementor-element elementor-element-f983205 elementor-widget elementor-widget-heading\" data-id=\"f983205\" data-element_type=\"widget\" data-e-type=\"widget\" data-widget_type=\"heading.default\">\n\t\t\t\t<div class=\"elementor-widget-container\">\n\t\t\t\t\t<h2 class=\"elementor-heading-title elementor-size-default\">Enade<\/h2>\t\t\t\t<\/div>\n\t\t\t\t<\/div>\n\t\t\t\t\t<\/div>\n\t\t<\/div>\n\t\t\t\t\t<\/div>\n\t\t<\/section>\n\t\t\t\t<section class=\"elementor-section elementor-top-section elementor-element elementor-element-337d37e elementor-section-boxed elementor-section-height-default elementor-section-height-default\" data-id=\"337d37e\" data-element_type=\"section\" data-e-type=\"section\">\n\t\t\t\t\t\t<div class=\"elementor-container elementor-column-gap-default\">\n\t\t\t\t\t<div class=\"elementor-column elementor-col-100 elementor-top-column elementor-element elementor-element-8e3bfb9\" data-id=\"8e3bfb9\" data-element_type=\"column\" data-e-type=\"column\">\n\t\t\t<div class=\"elementor-widget-wrap elementor-element-populated\">\n\t\t\t\t\t\t<div class=\"elementor-element elementor-element-b3ab348 elementor-grid-eael-col-3 elementor-grid-tablet-eael-col-2 elementor-grid-mobile-eael-col-1 elementor-widget elementor-widget-eael-post-grid\" data-id=\"b3ab348\" data-element_type=\"widget\" data-e-type=\"widget\" data-settings=\"{&quot;eael_post_grid_columns&quot;:&quot;eael-col-3&quot;,&quot;eael_post_grid_columns_tablet&quot;:&quot;eael-col-2&quot;,&quot;eael_post_grid_columns_mobile&quot;:&quot;eael-col-1&quot;}\" data-widget_type=\"eael-post-grid.default\">\n\t\t\t\t<div class=\"elementor-widget-container\">\n\t\t\t\t\t<div id=\"eael-post-grid-b3ab348\" class=\"eael-post-grid-container\">\n            <div class=\"eael-post-grid eael-post-appender eael-post-appender-b3ab348 eael-post-grid-style-two\" data-layout-mode=\"grid\"><article class=\"eael-grid-post eael-post-grid-column\" data-id=\"4437\">\n    <div class=\"eael-grid-post-holder\">\n        <div class=\"eael-grid-post-holder-inner\"><div class=\"eael-entry-media\"><div class=\"eael-entry-overlay fade-in\"><i class=\"fas fa-long-arrow-alt-right\" aria-hidden=\"true\"><\/i><a href=\"https:\/\/www2.unifap.br\/deavi\/2026\/04\/06\/enade-2026-nas-licenciaturas-avaliacao-da-pratica-e-prova-nacional-docente-pnd\/\"><\/a><\/div><div class=\"eael-entry-thumbnail eael-image-ratio\">\n                            <img fetchpriority=\"high\" decoding=\"async\" width=\"240\" height=\"300\" src=\"https:\/\/www2.unifap.br\/deavi\/files\/2026\/04\/ProvaNacionalDocen-1-240x300.png\" class=\"attachment-medium size-medium wp-image-4448\" alt=\"\" srcset=\"https:\/\/www2.unifap.br\/deavi\/files\/2026\/04\/ProvaNacionalDocen-1-240x300.png 240w, https:\/\/www2.unifap.br\/deavi\/files\/2026\/04\/ProvaNacionalDocen-1-820x1024.png 820w, https:\/\/www2.unifap.br\/deavi\/files\/2026\/04\/ProvaNacionalDocen-1-768x959.png 768w, https:\/\/www2.unifap.br\/deavi\/files\/2026\/04\/ProvaNacionalDocen-1-1230x1536.png 1230w, https:\/\/www2.unifap.br\/deavi\/files\/2026\/04\/ProvaNacionalDocen-1-1640x2048.png 1640w, https:\/\/www2.unifap.br\/deavi\/files\/2026\/04\/ProvaNacionalDocen-1-1000x1249.png 1000w, https:\/\/www2.unifap.br\/deavi\/files\/2026\/04\/ProvaNacionalDocen-1-230x287.png 230w, https:\/\/www2.unifap.br\/deavi\/files\/2026\/04\/ProvaNacionalDocen-1-350x437.png 350w, https:\/\/www2.unifap.br\/deavi\/files\/2026\/04\/ProvaNacionalDocen-1-480x599.png 480w, https:\/\/www2.unifap.br\/deavi\/files\/2026\/04\/ProvaNacionalDocen-1.png 1750w\" sizes=\"(max-width: 240px) 100vw, 240px\" \/>\n                            <\/div>\n                    <\/div><div class=\"eael-entry-wrapper\"><header class=\"eael-entry-header\"><h2 class=\"eael-entry-title\"><a class=\"eael-grid-post-link\" href=\"https:\/\/www2.unifap.br\/deavi\/2026\/04\/06\/enade-2026-nas-licenciaturas-avaliacao-da-pratica-e-prova-nacional-docente-pnd\/\" title=\"ENADE 2026 nas Licenciaturas: Avalia\u00e7\u00e3o da Pr\u00e1tica e Prova Nacional Docente (PND)\">ENADE 2026 nas Licenciaturas: Avalia\u00e7\u00e3o da Pr\u00e1tica e<\/a><\/h2><\/header><div class=\"eael-entry-content\">\n                                <div class=\"eael-grid-post-excerpt\"><p>A edi\u00e7\u00e3o de 2026 do Enade traz importantes atualiza\u00e7\u00f5es para os cursos de licenciatura, com destaque para a Avalia\u00e7\u00e3o...<\/p><a href=\"https:\/\/www2.unifap.br\/deavi\/2026\/04\/06\/enade-2026-nas-licenciaturas-avaliacao-da-pratica-e-prova-nacional-docente-pnd\/\" class=\"eael-post-elements-readmore-btn\">Ler mais<\/a><\/div>\n                            <\/div><div class=\"eael-entry-header-after style-two\"><div class=\"eael-entry-meta\"><span class=\"eael-meta-posted-on\"><i class=\"far fa-clock\"><\/i><time datetime=\"6 de abril de 2026\">6 de abril de 2026<\/time><\/span><\/div><\/div><\/div><\/div>\n    <\/div>\n<\/article><article class=\"eael-grid-post eael-post-grid-column\" data-id=\"4433\">\n    <div class=\"eael-grid-post-holder\">\n        <div class=\"eael-grid-post-holder-inner\"><div class=\"eael-entry-media\"><div class=\"eael-entry-overlay fade-in\"><i class=\"fas fa-long-arrow-alt-right\" aria-hidden=\"true\"><\/i><a href=\"https:\/\/www2.unifap.br\/deavi\/2026\/04\/01\/avaliacao-da-pratica-integra-o-enade-das-licenciaturas-2026-e-e-obrigatoria-para-conclusao-do-curso\/\"><\/a><\/div><div class=\"eael-entry-thumbnail eael-image-ratio\">\n                            <img decoding=\"async\" width=\"240\" height=\"300\" src=\"https:\/\/www2.unifap.br\/deavi\/files\/2026\/04\/ENADELICENCIATUR-1-240x300.png\" class=\"attachment-medium size-medium wp-image-4434\" alt=\"\" srcset=\"https:\/\/www2.unifap.br\/deavi\/files\/2026\/04\/ENADELICENCIATUR-1-240x300.png 240w, https:\/\/www2.unifap.br\/deavi\/files\/2026\/04\/ENADELICENCIATUR-1-820x1024.png 820w, https:\/\/www2.unifap.br\/deavi\/files\/2026\/04\/ENADELICENCIATUR-1-768x959.png 768w, https:\/\/www2.unifap.br\/deavi\/files\/2026\/04\/ENADELICENCIATUR-1-1230x1536.png 1230w, https:\/\/www2.unifap.br\/deavi\/files\/2026\/04\/ENADELICENCIATUR-1-1640x2048.png 1640w, https:\/\/www2.unifap.br\/deavi\/files\/2026\/04\/ENADELICENCIATUR-1-1000x1249.png 1000w, https:\/\/www2.unifap.br\/deavi\/files\/2026\/04\/ENADELICENCIATUR-1-230x287.png 230w, https:\/\/www2.unifap.br\/deavi\/files\/2026\/04\/ENADELICENCIATUR-1-350x437.png 350w, https:\/\/www2.unifap.br\/deavi\/files\/2026\/04\/ENADELICENCIATUR-1-480x599.png 480w, https:\/\/www2.unifap.br\/deavi\/files\/2026\/04\/ENADELICENCIATUR-1.png 1750w\" sizes=\"(max-width: 240px) 100vw, 240px\" \/>\n                            <\/div>\n                    <\/div><div class=\"eael-entry-wrapper\"><header class=\"eael-entry-header\"><h2 class=\"eael-entry-title\"><a class=\"eael-grid-post-link\" href=\"https:\/\/www2.unifap.br\/deavi\/2026\/04\/01\/avaliacao-da-pratica-integra-o-enade-das-licenciaturas-2026-e-e-obrigatoria-para-conclusao-do-curso\/\" title=\"Avalia\u00e7\u00e3o da Pr\u00e1tica integra o Enade das Licenciaturas 2026 e \u00e9 obrigat\u00f3ria para conclus\u00e3o do curso\">Avalia\u00e7\u00e3o da Pr\u00e1tica integra o Enade das Licenciaturas<\/a><\/h2><\/header><div class=\"eael-entry-content\">\n                                <div class=\"eael-grid-post-excerpt\"><p>A Avalia\u00e7\u00e3o da Pr\u00e1tica (AP) integra o Enade das Licenciaturas 2026 e constitui etapa obrigat\u00f3ria para estudantes concluintes dos...<\/p><a href=\"https:\/\/www2.unifap.br\/deavi\/2026\/04\/01\/avaliacao-da-pratica-integra-o-enade-das-licenciaturas-2026-e-e-obrigatoria-para-conclusao-do-curso\/\" class=\"eael-post-elements-readmore-btn\">Ler mais<\/a><\/div>\n                            <\/div><div class=\"eael-entry-header-after style-two\"><div class=\"eael-entry-meta\"><span class=\"eael-meta-posted-on\"><i class=\"far fa-clock\"><\/i><time datetime=\"1 de abril de 2026\">1 de abril de 2026<\/time><\/span><\/div><\/div><\/div><\/div>\n    <\/div>\n<\/article><article class=\"eael-grid-post eael-post-grid-column\" data-id=\"4333\">\n    <div class=\"eael-grid-post-holder\">\n        <div class=\"eael-grid-post-holder-inner\"><div class=\"eael-entry-media\"><div class=\"eael-entry-overlay fade-in\"><i class=\"fas fa-long-arrow-alt-right\" aria-hidden=\"true\"><\/i><a href=\"https:\/\/www2.unifap.br\/deavi\/2025\/07\/02\/seminarios-imperdiveis-para-concluintes-tudo-sobre-o-enade-e-o-enamed-2025\/\"><\/a><\/div><div class=\"eael-entry-thumbnail eael-image-ratio\">\n                            <img decoding=\"async\" width=\"300\" height=\"200\" src=\"https:\/\/www2.unifap.br\/deavi\/files\/2025\/07\/ChatGPT-Image-2-de-jul.-de-2025-11_19_55-300x200.png\" class=\"attachment-medium size-medium wp-image-4334\" alt=\"\" srcset=\"https:\/\/www2.unifap.br\/deavi\/files\/2025\/07\/ChatGPT-Image-2-de-jul.-de-2025-11_19_55-300x200.png 300w, https:\/\/www2.unifap.br\/deavi\/files\/2025\/07\/ChatGPT-Image-2-de-jul.-de-2025-11_19_55-1024x683.png 1024w, https:\/\/www2.unifap.br\/deavi\/files\/2025\/07\/ChatGPT-Image-2-de-jul.-de-2025-11_19_55-768x512.png 768w, https:\/\/www2.unifap.br\/deavi\/files\/2025\/07\/ChatGPT-Image-2-de-jul.-de-2025-11_19_55-1000x667.png 1000w, https:\/\/www2.unifap.br\/deavi\/files\/2025\/07\/ChatGPT-Image-2-de-jul.-de-2025-11_19_55-230x153.png 230w, https:\/\/www2.unifap.br\/deavi\/files\/2025\/07\/ChatGPT-Image-2-de-jul.-de-2025-11_19_55-350x233.png 350w, https:\/\/www2.unifap.br\/deavi\/files\/2025\/07\/ChatGPT-Image-2-de-jul.-de-2025-11_19_55-480x320.png 480w, https:\/\/www2.unifap.br\/deavi\/files\/2025\/07\/ChatGPT-Image-2-de-jul.-de-2025-11_19_55.png 1536w\" sizes=\"(max-width: 300px) 100vw, 300px\" \/>\n                            <\/div>\n                    <\/div><div class=\"eael-entry-wrapper\"><header class=\"eael-entry-header\"><h2 class=\"eael-entry-title\"><a class=\"eael-grid-post-link\" href=\"https:\/\/www2.unifap.br\/deavi\/2025\/07\/02\/seminarios-imperdiveis-para-concluintes-tudo-sobre-o-enade-e-o-enamed-2025\/\" title=\"Semin\u00e1rios Imperd\u00edveis para Concluintes: Tudo Sobre o ENADE e o ENAMED 2025!\">Semin\u00e1rios Imperd\u00edveis para Concluintes: Tudo Sobre o ENADE<\/a><\/h2><\/header><div class=\"eael-entry-content\">\n                                <div class=\"eael-grid-post-excerpt\"><p>Voc\u00ea \u00e9 estudante concluinte em 2025 e ainda tem d\u00favidas sobre o ENADE ou o ENAMED? Ent\u00e3o prepare-se: tr\u00eas...<\/p><a href=\"https:\/\/www2.unifap.br\/deavi\/2025\/07\/02\/seminarios-imperdiveis-para-concluintes-tudo-sobre-o-enade-e-o-enamed-2025\/\" class=\"eael-post-elements-readmore-btn\">Ler mais<\/a><\/div>\n                            <\/div><div class=\"eael-entry-header-after style-two\"><div class=\"eael-entry-meta\"><span class=\"eael-meta-posted-on\"><i class=\"far fa-clock\"><\/i><time datetime=\"2 de julho de 2025\">2 de julho de 2025<\/time><\/span><\/div><\/div><\/div><\/div>\n    <\/div>\n<\/article><article class=\"eael-grid-post eael-post-grid-column\" data-id=\"4323\">\n    <div class=\"eael-grid-post-holder\">\n        <div class=\"eael-grid-post-holder-inner\"><div class=\"eael-entry-media\"><div class=\"eael-entry-overlay fade-in\"><i class=\"fas fa-long-arrow-alt-right\" aria-hidden=\"true\"><\/i><a href=\"https:\/\/www2.unifap.br\/deavi\/2025\/06\/20\/tutoriais-do-enade-e-enamed-2025-ja-estao-disponiveis\/\"><\/a><\/div><div class=\"eael-entry-thumbnail eael-image-ratio\">\n                            <img loading=\"lazy\" decoding=\"async\" width=\"300\" height=\"300\" src=\"https:\/\/www2.unifap.br\/deavi\/files\/2025\/06\/ChatGPT-Image-20-de-jun.-de-2025-15_11_00-300x300.png\" class=\"attachment-medium size-medium wp-image-4330\" alt=\"\" srcset=\"https:\/\/www2.unifap.br\/deavi\/files\/2025\/06\/ChatGPT-Image-20-de-jun.-de-2025-15_11_00-300x300.png 300w, https:\/\/www2.unifap.br\/deavi\/files\/2025\/06\/ChatGPT-Image-20-de-jun.-de-2025-15_11_00-150x150.png 150w, https:\/\/www2.unifap.br\/deavi\/files\/2025\/06\/ChatGPT-Image-20-de-jun.-de-2025-15_11_00-768x768.png 768w, https:\/\/www2.unifap.br\/deavi\/files\/2025\/06\/ChatGPT-Image-20-de-jun.-de-2025-15_11_00-1000x1000.png 1000w, https:\/\/www2.unifap.br\/deavi\/files\/2025\/06\/ChatGPT-Image-20-de-jun.-de-2025-15_11_00-230x230.png 230w, https:\/\/www2.unifap.br\/deavi\/files\/2025\/06\/ChatGPT-Image-20-de-jun.-de-2025-15_11_00-350x350.png 350w, https:\/\/www2.unifap.br\/deavi\/files\/2025\/06\/ChatGPT-Image-20-de-jun.-de-2025-15_11_00-480x480.png 480w, https:\/\/www2.unifap.br\/deavi\/files\/2025\/06\/ChatGPT-Image-20-de-jun.-de-2025-15_11_00.png 1024w\" sizes=\"(max-width: 300px) 100vw, 300px\" \/>\n                            <\/div>\n                    <\/div><div class=\"eael-entry-wrapper\"><header class=\"eael-entry-header\"><h2 class=\"eael-entry-title\"><a class=\"eael-grid-post-link\" href=\"https:\/\/www2.unifap.br\/deavi\/2025\/06\/20\/tutoriais-do-enade-e-enamed-2025-ja-estao-disponiveis\/\" title=\"Tutoriais do ENADE e ENAMED 2025 j\u00e1 est\u00e3o dispon\u00edveis!\">Tutoriais do ENADE e ENAMED 2025 j\u00e1 est\u00e3o<\/a><\/h2><\/header><div class=\"eael-entry-content\">\n                                <div class=\"eael-grid-post-excerpt\"><p>Voc\u00ea j\u00e1 conferiu os tutoriais exclusivos do ENADE e ENAMED 2025? Pensando em facilitar o acesso \u00e0 informa\u00e7\u00e3o e...<\/p><a href=\"https:\/\/www2.unifap.br\/deavi\/2025\/06\/20\/tutoriais-do-enade-e-enamed-2025-ja-estao-disponiveis\/\" class=\"eael-post-elements-readmore-btn\">Ler mais<\/a><\/div>\n                            <\/div><div class=\"eael-entry-header-after style-two\"><div class=\"eael-entry-meta\"><span class=\"eael-meta-posted-on\"><i class=\"far fa-clock\"><\/i><time datetime=\"20 de junho de 2025\">20 de junho de 2025<\/time><\/span><\/div><\/div><\/div><\/div>\n    <\/div>\n<\/article><article class=\"eael-grid-post eael-post-grid-column\" data-id=\"4316\">\n    <div class=\"eael-grid-post-holder\">\n        <div class=\"eael-grid-post-holder-inner\"><div class=\"eael-entry-media\"><div class=\"eael-entry-overlay fade-in\"><i class=\"fas fa-long-arrow-alt-right\" aria-hidden=\"true\"><\/i><a href=\"https:\/\/www2.unifap.br\/deavi\/2025\/06\/06\/fique-por-dentro-informativos-especiais-sobre-o-enade-e-o-enamed-ja-estao-disponiveis\/\"><\/a><\/div><div class=\"eael-entry-thumbnail eael-image-ratio\">\n                            <img loading=\"lazy\" decoding=\"async\" width=\"224\" height=\"300\" src=\"https:\/\/www2.unifap.br\/deavi\/files\/2025\/06\/ChatGPT-Image-6-de-jun.-de-2025-10_38_47-224x300.png\" class=\"attachment-medium size-medium wp-image-4320\" alt=\"\" srcset=\"https:\/\/www2.unifap.br\/deavi\/files\/2025\/06\/ChatGPT-Image-6-de-jun.-de-2025-10_38_47-224x300.png 224w, https:\/\/www2.unifap.br\/deavi\/files\/2025\/06\/ChatGPT-Image-6-de-jun.-de-2025-10_38_47-764x1024.png 764w, https:\/\/www2.unifap.br\/deavi\/files\/2025\/06\/ChatGPT-Image-6-de-jun.-de-2025-10_38_47-768x1030.png 768w, https:\/\/www2.unifap.br\/deavi\/files\/2025\/06\/ChatGPT-Image-6-de-jun.-de-2025-10_38_47-1000x1341.png 1000w, https:\/\/www2.unifap.br\/deavi\/files\/2025\/06\/ChatGPT-Image-6-de-jun.-de-2025-10_38_47-230x308.png 230w, https:\/\/www2.unifap.br\/deavi\/files\/2025\/06\/ChatGPT-Image-6-de-jun.-de-2025-10_38_47-350x469.png 350w, https:\/\/www2.unifap.br\/deavi\/files\/2025\/06\/ChatGPT-Image-6-de-jun.-de-2025-10_38_47-480x644.png 480w, https:\/\/www2.unifap.br\/deavi\/files\/2025\/06\/ChatGPT-Image-6-de-jun.-de-2025-10_38_47.png 1024w\" sizes=\"(max-width: 224px) 100vw, 224px\" \/>\n                            <\/div>\n                    <\/div><div class=\"eael-entry-wrapper\"><header class=\"eael-entry-header\"><h2 class=\"eael-entry-title\"><a class=\"eael-grid-post-link\" href=\"https:\/\/www2.unifap.br\/deavi\/2025\/06\/06\/fique-por-dentro-informativos-especiais-sobre-o-enade-e-o-enamed-ja-estao-disponiveis\/\" title=\"Fique por Dentro: Informativos Especiais sobre o ENADE e o ENAMED j\u00e1 Est\u00e3o Dispon\u00edveis!\">Fique por Dentro: Informativos Especiais sobre o ENADE<\/a><\/h2><\/header><div class=\"eael-entry-content\">\n                                <div class=\"eael-grid-post-excerpt\"><p>Voc\u00ea sabia que o ENADE \u00e9 uma das principais ferramentas de avalia\u00e7\u00e3o da qualidade dos cursos de gradua\u00e7\u00e3o no...<\/p><a href=\"https:\/\/www2.unifap.br\/deavi\/2025\/06\/06\/fique-por-dentro-informativos-especiais-sobre-o-enade-e-o-enamed-ja-estao-disponiveis\/\" class=\"eael-post-elements-readmore-btn\">Ler mais<\/a><\/div>\n                            <\/div><div class=\"eael-entry-header-after style-two\"><div class=\"eael-entry-meta\"><span class=\"eael-meta-posted-on\"><i class=\"far fa-clock\"><\/i><time datetime=\"6 de junho de 2025\">6 de junho de 2025<\/time><\/span><\/div><\/div><\/div><\/div>\n    <\/div>\n<\/article><article class=\"eael-grid-post eael-post-grid-column\" data-id=\"4312\">\n    <div class=\"eael-grid-post-holder\">\n        <div class=\"eael-grid-post-holder-inner\"><div class=\"eael-entry-media\"><div class=\"eael-entry-overlay fade-in\"><i class=\"fas fa-long-arrow-alt-right\" aria-hidden=\"true\"><\/i><a href=\"https:\/\/www2.unifap.br\/deavi\/2025\/06\/02\/enade-2025-alteracoes-significativas-para-coordenadores-e-ies\/\"><\/a><\/div><div class=\"eael-entry-thumbnail eael-image-ratio\">\n                            <img loading=\"lazy\" decoding=\"async\" width=\"300\" height=\"300\" src=\"https:\/\/www2.unifap.br\/deavi\/files\/2025\/06\/ChatGPT-Image-2-de-jun.-de-2025-10_57_00-300x300.png\" class=\"attachment-medium size-medium wp-image-4314\" alt=\"\" srcset=\"https:\/\/www2.unifap.br\/deavi\/files\/2025\/06\/ChatGPT-Image-2-de-jun.-de-2025-10_57_00-300x300.png 300w, https:\/\/www2.unifap.br\/deavi\/files\/2025\/06\/ChatGPT-Image-2-de-jun.-de-2025-10_57_00-150x150.png 150w, https:\/\/www2.unifap.br\/deavi\/files\/2025\/06\/ChatGPT-Image-2-de-jun.-de-2025-10_57_00-768x768.png 768w, https:\/\/www2.unifap.br\/deavi\/files\/2025\/06\/ChatGPT-Image-2-de-jun.-de-2025-10_57_00-1000x1000.png 1000w, https:\/\/www2.unifap.br\/deavi\/files\/2025\/06\/ChatGPT-Image-2-de-jun.-de-2025-10_57_00-230x230.png 230w, https:\/\/www2.unifap.br\/deavi\/files\/2025\/06\/ChatGPT-Image-2-de-jun.-de-2025-10_57_00-350x350.png 350w, https:\/\/www2.unifap.br\/deavi\/files\/2025\/06\/ChatGPT-Image-2-de-jun.-de-2025-10_57_00-480x480.png 480w, https:\/\/www2.unifap.br\/deavi\/files\/2025\/06\/ChatGPT-Image-2-de-jun.-de-2025-10_57_00.png 1024w\" sizes=\"(max-width: 300px) 100vw, 300px\" \/>\n                            <\/div>\n                    <\/div><div class=\"eael-entry-wrapper\"><header class=\"eael-entry-header\"><h2 class=\"eael-entry-title\"><a class=\"eael-grid-post-link\" href=\"https:\/\/www2.unifap.br\/deavi\/2025\/06\/02\/enade-2025-alteracoes-significativas-para-coordenadores-e-ies\/\" title=\"ENADE 2025: Altera\u00e7\u00f5es Significativas para Coordenadores e IES\">ENADE 2025: Altera\u00e7\u00f5es Significativas para Coordenadores e IES<\/a><\/h2><\/header><div class=\"eael-entry-content\">\n                                <div class=\"eael-grid-post-excerpt\"><p>O Exame Nacional de Desempenho dos Estudantes (ENADE) 2025 j\u00e1 est\u00e1 regulamentado pelas Portarias MEC n\u00ba 392\/2025, n\u00ba 393\/2025...<\/p><a href=\"https:\/\/www2.unifap.br\/deavi\/2025\/06\/02\/enade-2025-alteracoes-significativas-para-coordenadores-e-ies\/\" class=\"eael-post-elements-readmore-btn\">Ler mais<\/a><\/div>\n                            <\/div><div class=\"eael-entry-header-after style-two\"><div class=\"eael-entry-meta\"><span class=\"eael-meta-posted-on\"><i class=\"far fa-clock\"><\/i><time datetime=\"2 de junho de 2025\">2 de junho de 2025<\/time><\/span><\/div><\/div><\/div><\/div>\n    <\/div>\n<\/article><\/div>\n            <div class=\"clearfix\"><\/div>\n        <\/div>            <div class=\"eael-load-more-button-wrap\">\n                <button class=\"eael-load-more-button\" id=\"eael-load-more-btn-b3ab348\" data-widget-id=\"b3ab348\" data-widget=\"b3ab348\" data-page-id=\"3513\" data-template=\"{&quot;dir&quot;:&quot;lite&quot;,&quot;file_name&quot;:&quot;two.php&quot;,&quot;name&quot;:&quot;Post-Grid&quot;}\" data-class=\"Essential_Addons_Elementor\\Elements\\Post_Grid\" data-layout=\"grid\" data-page=\"1\" data-args=\"orderby=date&amp;order=desc&amp;ignore_sticky_posts=1&amp;post_status=publish&amp;posts_per_page=6&amp;offset=0&amp;post_type=post&amp;tax_query%5B0%5D%5Btaxonomy%5D=category&amp;tax_query%5B0%5D%5Bfield%5D=term_id&amp;tax_query%5B0%5D%5Bterms%5D%5B0%5D=1&amp;tax_query%5Brelation%5D=AND\" data-max-page=\"6\">\n                    <span class=\"eael-btn-loader button__loader\"><\/span>\n                    <span class=\"eael_load_more_text\">Carregar mais<\/span>\n                <\/button>\n            <\/div>\n            \t\t\t\t<\/div>\n\t\t\t\t<\/div>\n\t\t\t\t\t<\/div>\n\t\t<\/div>\n\t\t\t\t\t<\/div>\n\t\t<\/section>\n\t\t\t\t<\/div>\n\t\t","protected":false},"excerpt":{"rendered":"<p>Enade Curso de Direito do Campus Marco Zero \u00e9 O Departamento de Avalia\u00e7\u00e3o Institucional (DEAVI) parabeniza o curso de direito pela nota m\u00e1xima conquistada no ENADE. O Minist\u00e9rio&#8230; Ler mais 30 de outubro de 2023 Semin\u00e1rio ENADE 2023 A equipe do Departamento de Avalia\u00e7\u00e3o Institucional &#8211; DEAVI\/UNIFAP realizou semin\u00e1rios com objetivo de promover uma discuss\u00e3o acerca da&#8230; Ler mais 30 de setembro de 2023&#8230;<\/p>\n","protected":false},"author":4003,"featured_media":0,"parent":0,"menu_order":0,"comment_status":"closed","ping_status":"closed","template":"","meta":{"inline_featured_image":false,"ngg_post_thumbnail":0,"footnotes":""},"class_list":["post-3513","page","type-page","status-publish","hentry"],"_links":{"self":[{"href":"https:\/\/www2.unifap.br\/deavi\/wp-json\/wp\/v2\/pages\/3513","targetHints":{"allow":["GET"]}}],"collection":[{"href":"https:\/\/www2.unifap.br\/deavi\/wp-json\/wp\/v2\/pages"}],"about":[{"href":"https:\/\/www2.unifap.br\/deavi\/wp-json\/wp\/v2\/types\/page"}],"author":[{"embeddable":true,"href":"https:\/\/www2.unifap.br\/deavi\/wp-json\/wp\/v2\/users\/4003"}],"replies":[{"embeddable":true,"href":"https:\/\/www2.unifap.br\/deavi\/wp-json\/wp\/v2\/comments?post=3513"}],"version-history":[{"count":4,"href":"https:\/\/www2.unifap.br\/deavi\/wp-json\/wp\/v2\/pages\/3513\/revisions"}],"predecessor-version":[{"id":3523,"href":"https:\/\/www2.unifap.br\/deavi\/wp-json\/wp\/v2\/pages\/3513\/revisions\/3523"}],"wp:attachment":[{"href":"https:\/\/www2.unifap.br\/deavi\/wp-json\/wp\/v2\/media?parent=3513"}],"curies":[{"name":"wp","href":"https:\/\/api.w.org\/{rel}","templated":true}]}}