{"id":3514,"date":"2023-12-03T15:00:13","date_gmt":"2023-12-03T15:00:13","guid":{"rendered":"https:\/\/www2.unifap.br\/deavi\/?page_id=3514"},"modified":"2023-12-03T15:00:39","modified_gmt":"2023-12-03T15:00:39","slug":"comunicados","status":"publish","type":"page","link":"https:\/\/www2.unifap.br\/deavi\/comunicados\/","title":{"rendered":"Comunicados"},"content":{"rendered":"\t\t<div data-elementor-type=\"wp-page\" data-elementor-id=\"3514\" class=\"elementor elementor-3514\">\n\t\t\t\t\t\t<section class=\"elementor-section elementor-top-section elementor-element elementor-element-dace64a elementor-section-boxed elementor-section-height-default elementor-section-height-default\" data-id=\"dace64a\" data-element_type=\"section\" data-e-type=\"section\">\n\t\t\t\t\t\t<div class=\"elementor-container elementor-column-gap-default\">\n\t\t\t\t\t<div class=\"elementor-column elementor-col-100 elementor-top-column elementor-element elementor-element-b25300f\" data-id=\"b25300f\" data-element_type=\"column\" data-e-type=\"column\">\n\t\t\t<div class=\"elementor-widget-wrap elementor-element-populated\">\n\t\t\t\t\t\t<div class=\"elementor-element elementor-element-f983205 elementor-widget elementor-widget-heading\" data-id=\"f983205\" data-element_type=\"widget\" data-e-type=\"widget\" data-widget_type=\"heading.default\">\n\t\t\t\t<div class=\"elementor-widget-container\">\n\t\t\t\t\t<h2 class=\"elementor-heading-title elementor-size-default\">Comunicados<\/h2>\t\t\t\t<\/div>\n\t\t\t\t<\/div>\n\t\t\t\t\t<\/div>\n\t\t<\/div>\n\t\t\t\t\t<\/div>\n\t\t<\/section>\n\t\t\t\t<section class=\"elementor-section elementor-top-section elementor-element elementor-element-337d37e elementor-section-boxed elementor-section-height-default elementor-section-height-default\" data-id=\"337d37e\" data-element_type=\"section\" data-e-type=\"section\">\n\t\t\t\t\t\t<div class=\"elementor-container elementor-column-gap-default\">\n\t\t\t\t\t<div class=\"elementor-column elementor-col-100 elementor-top-column elementor-element elementor-element-8e3bfb9\" data-id=\"8e3bfb9\" data-element_type=\"column\" data-e-type=\"column\">\n\t\t\t<div class=\"elementor-widget-wrap elementor-element-populated\">\n\t\t\t\t\t\t<div class=\"elementor-element elementor-element-b3ab348 elementor-grid-eael-col-3 elementor-grid-tablet-eael-col-2 elementor-grid-mobile-eael-col-1 elementor-widget elementor-widget-eael-post-grid\" data-id=\"b3ab348\" data-element_type=\"widget\" data-e-type=\"widget\" data-settings=\"{&quot;eael_post_grid_columns&quot;:&quot;eael-col-3&quot;,&quot;eael_post_grid_columns_tablet&quot;:&quot;eael-col-2&quot;,&quot;eael_post_grid_columns_mobile&quot;:&quot;eael-col-1&quot;}\" data-widget_type=\"eael-post-grid.default\">\n\t\t\t\t<div class=\"elementor-widget-container\">\n\t\t\t\t\t<div id=\"eael-post-grid-b3ab348\" class=\"eael-post-grid-container\">\n            <div class=\"eael-post-grid eael-post-appender eael-post-appender-b3ab348 eael-post-grid-style-two\" data-layout-mode=\"grid\"><article class=\"eael-grid-post eael-post-grid-column\" data-id=\"4348\">\n    <div class=\"eael-grid-post-holder\">\n        <div class=\"eael-grid-post-holder-inner\"><div class=\"eael-entry-media\"><div class=\"eael-entry-overlay fade-in\"><i class=\"fas fa-long-arrow-alt-right\" aria-hidden=\"true\"><\/i><a href=\"https:\/\/www2.unifap.br\/deavi\/2026\/03\/23\/construindo-o-futuro-da-unifap-hoje-foi-dia-de-planejamento-estrategico\/\"><\/a><\/div><div class=\"eael-entry-thumbnail eael-image-ratio\">\n                            <img fetchpriority=\"high\" decoding=\"async\" width=\"240\" height=\"300\" src=\"https:\/\/www2.unifap.br\/deavi\/files\/2026\/03\/ConstruindooFuturo-1-240x300.png\" class=\"attachment-medium size-medium wp-image-4349\" alt=\"\" srcset=\"https:\/\/www2.unifap.br\/deavi\/files\/2026\/03\/ConstruindooFuturo-1-240x300.png 240w, https:\/\/www2.unifap.br\/deavi\/files\/2026\/03\/ConstruindooFuturo-1-820x1024.png 820w, https:\/\/www2.unifap.br\/deavi\/files\/2026\/03\/ConstruindooFuturo-1-768x959.png 768w, https:\/\/www2.unifap.br\/deavi\/files\/2026\/03\/ConstruindooFuturo-1-1230x1536.png 1230w, https:\/\/www2.unifap.br\/deavi\/files\/2026\/03\/ConstruindooFuturo-1-1640x2048.png 1640w, https:\/\/www2.unifap.br\/deavi\/files\/2026\/03\/ConstruindooFuturo-1-1000x1249.png 1000w, https:\/\/www2.unifap.br\/deavi\/files\/2026\/03\/ConstruindooFuturo-1-230x287.png 230w, https:\/\/www2.unifap.br\/deavi\/files\/2026\/03\/ConstruindooFuturo-1-350x437.png 350w, https:\/\/www2.unifap.br\/deavi\/files\/2026\/03\/ConstruindooFuturo-1-480x599.png 480w, https:\/\/www2.unifap.br\/deavi\/files\/2026\/03\/ConstruindooFuturo-1.png 1750w\" sizes=\"(max-width: 240px) 100vw, 240px\" \/>\n                            <\/div>\n                    <\/div><div class=\"eael-entry-wrapper\"><header class=\"eael-entry-header\"><h2 class=\"eael-entry-title\"><a class=\"eael-grid-post-link\" href=\"https:\/\/www2.unifap.br\/deavi\/2026\/03\/23\/construindo-o-futuro-da-unifap-hoje-foi-dia-de-planejamento-estrategico\/\" title=\"Construindo o Futuro da UNIFAP: Hoje foi dia de Planejamento Estrat\u00e9gico!\">Construindo o Futuro da UNIFAP: Hoje foi dia<\/a><\/h2><\/header><div class=\"eael-entry-content\">\n                                <div class=\"eael-grid-post-excerpt\"><p>Hoje foi dia de alinhamento estrat\u00e9gico com a equipe do DEAVI para tratar de um tema essencial para o...<\/p><a href=\"https:\/\/www2.unifap.br\/deavi\/2026\/03\/23\/construindo-o-futuro-da-unifap-hoje-foi-dia-de-planejamento-estrategico\/\" class=\"eael-post-elements-readmore-btn\">Ler mais<\/a><\/div>\n                            <\/div><div class=\"eael-entry-header-after style-two\"><div class=\"eael-entry-meta\"><span class=\"eael-meta-posted-on\"><i class=\"far fa-clock\"><\/i><time datetime=\"23 de mar\u00e7o de 2026\">23 de mar\u00e7o de 2026<\/time><\/span><\/div><\/div><\/div><\/div>\n    <\/div>\n<\/article><article class=\"eael-grid-post eael-post-grid-column\" data-id=\"4339\">\n    <div class=\"eael-grid-post-holder\">\n        <div class=\"eael-grid-post-holder-inner\"><div class=\"eael-entry-media\"><div class=\"eael-entry-overlay fade-in\"><i class=\"fas fa-long-arrow-alt-right\" aria-hidden=\"true\"><\/i><a href=\"https:\/\/www2.unifap.br\/deavi\/2026\/02\/13\/alinhamento-estrategico-para-2026\/\"><\/a><\/div><div class=\"eael-entry-thumbnail eael-image-ratio\">\n                            <img decoding=\"async\" width=\"240\" height=\"300\" src=\"https:\/\/www2.unifap.br\/deavi\/files\/2026\/02\/Alinhamentoestratg-1-240x300.png\" class=\"attachment-medium size-medium wp-image-4340\" alt=\"\" srcset=\"https:\/\/www2.unifap.br\/deavi\/files\/2026\/02\/Alinhamentoestratg-1-240x300.png 240w, https:\/\/www2.unifap.br\/deavi\/files\/2026\/02\/Alinhamentoestratg-1-820x1024.png 820w, https:\/\/www2.unifap.br\/deavi\/files\/2026\/02\/Alinhamentoestratg-1-768x959.png 768w, https:\/\/www2.unifap.br\/deavi\/files\/2026\/02\/Alinhamentoestratg-1-1230x1536.png 1230w, https:\/\/www2.unifap.br\/deavi\/files\/2026\/02\/Alinhamentoestratg-1-1640x2048.png 1640w, https:\/\/www2.unifap.br\/deavi\/files\/2026\/02\/Alinhamentoestratg-1-1000x1249.png 1000w, https:\/\/www2.unifap.br\/deavi\/files\/2026\/02\/Alinhamentoestratg-1-230x287.png 230w, https:\/\/www2.unifap.br\/deavi\/files\/2026\/02\/Alinhamentoestratg-1-350x437.png 350w, https:\/\/www2.unifap.br\/deavi\/files\/2026\/02\/Alinhamentoestratg-1-480x599.png 480w, https:\/\/www2.unifap.br\/deavi\/files\/2026\/02\/Alinhamentoestratg-1.png 1750w\" sizes=\"(max-width: 240px) 100vw, 240px\" \/>\n                            <\/div>\n                    <\/div><div class=\"eael-entry-wrapper\"><header class=\"eael-entry-header\"><h2 class=\"eael-entry-title\"><a class=\"eael-grid-post-link\" href=\"https:\/\/www2.unifap.br\/deavi\/2026\/02\/13\/alinhamento-estrategico-para-2026\/\" title=\"Alinhamento estrat\u00e9gico para 2026\">Alinhamento estrat\u00e9gico para 2026<\/a><\/h2><\/header><div class=\"eael-entry-content\">\n                                <div class=\"eael-grid-post-excerpt\"><p>Hoje realizamos reuni\u00e3o online com a equipe do Departamento de Avalia\u00e7\u00e3o Institucional &#8211; DEAVI e o Pr\u00f3-reitor da Pr\u00f3-Reitoria...<\/p><a href=\"https:\/\/www2.unifap.br\/deavi\/2026\/02\/13\/alinhamento-estrategico-para-2026\/\" class=\"eael-post-elements-readmore-btn\">Ler mais<\/a><\/div>\n                            <\/div><div class=\"eael-entry-header-after style-two\"><div class=\"eael-entry-meta\"><span class=\"eael-meta-posted-on\"><i class=\"far fa-clock\"><\/i><time datetime=\"13 de fevereiro de 2026\">13 de fevereiro de 2026<\/time><\/span><\/div><\/div><\/div><\/div>\n    <\/div>\n<\/article><article class=\"eael-grid-post eael-post-grid-column\" data-id=\"4285\">\n    <div class=\"eael-grid-post-holder\">\n        <div class=\"eael-grid-post-holder-inner\"><div class=\"eael-entry-media\"><div class=\"eael-entry-overlay fade-in\"><i class=\"fas fa-long-arrow-alt-right\" aria-hidden=\"true\"><\/i><a href=\"https:\/\/www2.unifap.br\/deavi\/2024\/12\/02\/novos-horarios-de-atendimento-do-deavi\/\"><\/a><\/div><div class=\"eael-entry-thumbnail eael-image-ratio\">\n                            <img decoding=\"async\" width=\"169\" height=\"300\" src=\"https:\/\/www2.unifap.br\/deavi\/files\/2024\/12\/Aviso-de-feriado-moderno-azul-cinza-instagram-story-169x300.png\" class=\"attachment-medium size-medium wp-image-4287\" alt=\"\" srcset=\"https:\/\/www2.unifap.br\/deavi\/files\/2024\/12\/Aviso-de-feriado-moderno-azul-cinza-instagram-story-169x300.png 169w, https:\/\/www2.unifap.br\/deavi\/files\/2024\/12\/Aviso-de-feriado-moderno-azul-cinza-instagram-story-576x1024.png 576w, https:\/\/www2.unifap.br\/deavi\/files\/2024\/12\/Aviso-de-feriado-moderno-azul-cinza-instagram-story-768x1365.png 768w, https:\/\/www2.unifap.br\/deavi\/files\/2024\/12\/Aviso-de-feriado-moderno-azul-cinza-instagram-story-864x1536.png 864w, https:\/\/www2.unifap.br\/deavi\/files\/2024\/12\/Aviso-de-feriado-moderno-azul-cinza-instagram-story-1000x1778.png 1000w, https:\/\/www2.unifap.br\/deavi\/files\/2024\/12\/Aviso-de-feriado-moderno-azul-cinza-instagram-story-230x409.png 230w, https:\/\/www2.unifap.br\/deavi\/files\/2024\/12\/Aviso-de-feriado-moderno-azul-cinza-instagram-story-350x622.png 350w, https:\/\/www2.unifap.br\/deavi\/files\/2024\/12\/Aviso-de-feriado-moderno-azul-cinza-instagram-story-480x853.png 480w, https:\/\/www2.unifap.br\/deavi\/files\/2024\/12\/Aviso-de-feriado-moderno-azul-cinza-instagram-story.png 1080w\" sizes=\"(max-width: 169px) 100vw, 169px\" \/>\n                            <\/div>\n                    <\/div><div class=\"eael-entry-wrapper\"><header class=\"eael-entry-header\"><h2 class=\"eael-entry-title\"><a class=\"eael-grid-post-link\" href=\"https:\/\/www2.unifap.br\/deavi\/2024\/12\/02\/novos-horarios-de-atendimento-do-deavi\/\" title=\"Novos Hor\u00e1rios de Atendimento do DEAVI\">Novos Hor\u00e1rios de Atendimento do DEAVI<\/a><\/h2><\/header><div class=\"eael-entry-content\">\n                                <div class=\"eael-grid-post-excerpt\"><p>A equipe do&nbsp;Departamento de Avalia\u00e7\u00e3o e Informa\u00e7\u00e3o (DEAVI)&nbsp;est\u00e1 dispon\u00edvel para atender a comunidade acad\u00eamica de forma presencial e remota....<\/p><a href=\"https:\/\/www2.unifap.br\/deavi\/2024\/12\/02\/novos-horarios-de-atendimento-do-deavi\/\" class=\"eael-post-elements-readmore-btn\">Ler mais<\/a><\/div>\n                            <\/div><div class=\"eael-entry-header-after style-two\"><div class=\"eael-entry-meta\"><span class=\"eael-meta-posted-on\"><i class=\"far fa-clock\"><\/i><time datetime=\"2 de dezembro de 2024\">2 de dezembro de 2024<\/time><\/span><\/div><\/div><\/div><\/div>\n    <\/div>\n<\/article><article class=\"eael-grid-post eael-post-grid-column\" data-id=\"4175\">\n    <div class=\"eael-grid-post-holder\">\n        <div class=\"eael-grid-post-holder-inner\"><div class=\"eael-entry-media\"><div class=\"eael-entry-overlay fade-in\"><i class=\"fas fa-long-arrow-alt-right\" aria-hidden=\"true\"><\/i><a href=\"https:\/\/www2.unifap.br\/deavi\/2024\/09\/20\/explore-os-dados-do-censo\/\"><\/a><\/div><div class=\"eael-entry-thumbnail eael-image-ratio\">\n                            <img loading=\"lazy\" decoding=\"async\" width=\"240\" height=\"300\" src=\"https:\/\/www2.unifap.br\/deavi\/files\/2024\/09\/66ed8082f2ea8d3153e2c5a9-0-240x300.png\" class=\"attachment-medium size-medium wp-image-4176\" alt=\"\" srcset=\"https:\/\/www2.unifap.br\/deavi\/files\/2024\/09\/66ed8082f2ea8d3153e2c5a9-0-240x300.png 240w, https:\/\/www2.unifap.br\/deavi\/files\/2024\/09\/66ed8082f2ea8d3153e2c5a9-0-818x1024.png 818w, https:\/\/www2.unifap.br\/deavi\/files\/2024\/09\/66ed8082f2ea8d3153e2c5a9-0-768x961.png 768w, https:\/\/www2.unifap.br\/deavi\/files\/2024\/09\/66ed8082f2ea8d3153e2c5a9-0-1227x1536.png 1227w, https:\/\/www2.unifap.br\/deavi\/files\/2024\/09\/66ed8082f2ea8d3153e2c5a9-0-1637x2048.png 1637w, https:\/\/www2.unifap.br\/deavi\/files\/2024\/09\/66ed8082f2ea8d3153e2c5a9-0-1000x1251.png 1000w, https:\/\/www2.unifap.br\/deavi\/files\/2024\/09\/66ed8082f2ea8d3153e2c5a9-0-230x288.png 230w, https:\/\/www2.unifap.br\/deavi\/files\/2024\/09\/66ed8082f2ea8d3153e2c5a9-0-350x438.png 350w, https:\/\/www2.unifap.br\/deavi\/files\/2024\/09\/66ed8082f2ea8d3153e2c5a9-0-480x601.png 480w, https:\/\/www2.unifap.br\/deavi\/files\/2024\/09\/66ed8082f2ea8d3153e2c5a9-0.png 1750w\" sizes=\"(max-width: 240px) 100vw, 240px\" \/>\n                            <\/div>\n                    <\/div><div class=\"eael-entry-wrapper\"><header class=\"eael-entry-header\"><h2 class=\"eael-entry-title\"><a class=\"eael-grid-post-link\" href=\"https:\/\/www2.unifap.br\/deavi\/2024\/09\/20\/explore-os-dados-do-censo\/\" title=\"Explore os Dados do Censo\">Explore os Dados do Censo<\/a><\/h2><\/header><div class=\"eael-entry-content\">\n                                <div class=\"eael-grid-post-excerpt\"><p>\ud83d\udd0d Quer saber mais sobre o desempenho acad\u00eamico da UNIFAP? Os dados completos do Censo j\u00e1 est\u00e3o dispon\u00edveis! \ud83d\udcc8...<\/p><a href=\"https:\/\/www2.unifap.br\/deavi\/2024\/09\/20\/explore-os-dados-do-censo\/\" class=\"eael-post-elements-readmore-btn\">Ler mais<\/a><\/div>\n                            <\/div><div class=\"eael-entry-header-after style-two\"><div class=\"eael-entry-meta\"><span class=\"eael-meta-posted-on\"><i class=\"far fa-clock\"><\/i><time datetime=\"20 de setembro de 2024\">20 de setembro de 2024<\/time><\/span><\/div><\/div><\/div><\/div>\n    <\/div>\n<\/article><article class=\"eael-grid-post eael-post-grid-column\" data-id=\"3929\">\n    <div class=\"eael-grid-post-holder\">\n        <div class=\"eael-grid-post-holder-inner\"><div class=\"eael-entry-media\"><div class=\"eael-entry-overlay fade-in\"><i class=\"fas fa-long-arrow-alt-right\" aria-hidden=\"true\"><\/i><a href=\"https:\/\/www2.unifap.br\/deavi\/2024\/08\/30\/reuniao-de-planejamento-deavi-setembro-2024\/\"><\/a><\/div><div class=\"eael-entry-thumbnail eael-image-ratio\">\n                            <img loading=\"lazy\" decoding=\"async\" width=\"300\" height=\"300\" src=\"https:\/\/www2.unifap.br\/deavi\/files\/2024\/08\/Instagram-Post-Catalogo-Online-de-Moda-Feminino-Branco-300x300.png\" class=\"attachment-medium size-medium wp-image-3931\" alt=\"\" srcset=\"https:\/\/www2.unifap.br\/deavi\/files\/2024\/08\/Instagram-Post-Catalogo-Online-de-Moda-Feminino-Branco-300x300.png 300w, https:\/\/www2.unifap.br\/deavi\/files\/2024\/08\/Instagram-Post-Catalogo-Online-de-Moda-Feminino-Branco-1024x1024.png 1024w, https:\/\/www2.unifap.br\/deavi\/files\/2024\/08\/Instagram-Post-Catalogo-Online-de-Moda-Feminino-Branco-150x150.png 150w, https:\/\/www2.unifap.br\/deavi\/files\/2024\/08\/Instagram-Post-Catalogo-Online-de-Moda-Feminino-Branco-768x768.png 768w, https:\/\/www2.unifap.br\/deavi\/files\/2024\/08\/Instagram-Post-Catalogo-Online-de-Moda-Feminino-Branco-1000x1000.png 1000w, https:\/\/www2.unifap.br\/deavi\/files\/2024\/08\/Instagram-Post-Catalogo-Online-de-Moda-Feminino-Branco-230x230.png 230w, https:\/\/www2.unifap.br\/deavi\/files\/2024\/08\/Instagram-Post-Catalogo-Online-de-Moda-Feminino-Branco-350x350.png 350w, https:\/\/www2.unifap.br\/deavi\/files\/2024\/08\/Instagram-Post-Catalogo-Online-de-Moda-Feminino-Branco-480x480.png 480w, https:\/\/www2.unifap.br\/deavi\/files\/2024\/08\/Instagram-Post-Catalogo-Online-de-Moda-Feminino-Branco.png 1080w\" sizes=\"(max-width: 300px) 100vw, 300px\" \/>\n                            <\/div>\n                    <\/div><div class=\"eael-entry-wrapper\"><header class=\"eael-entry-header\"><h2 class=\"eael-entry-title\"><a class=\"eael-grid-post-link\" href=\"https:\/\/www2.unifap.br\/deavi\/2024\/08\/30\/reuniao-de-planejamento-deavi-setembro-2024\/\" title=\"Reuni\u00e3o de Planejamento DEAVI &#8211; Setembro 2024\">Reuni\u00e3o de Planejamento DEAVI &#8211; Setembro 2024<\/a><\/h2><\/header><div class=\"eael-entry-content\">\n                                <div class=\"eael-grid-post-excerpt\"><p>Hoje, a equipe DEAVI se reuniu para definir o planejamento das atividades de setembro. Durante a reuni\u00e3o, organizamos a...<\/p><a href=\"https:\/\/www2.unifap.br\/deavi\/2024\/08\/30\/reuniao-de-planejamento-deavi-setembro-2024\/\" class=\"eael-post-elements-readmore-btn\">Ler mais<\/a><\/div>\n                            <\/div><div class=\"eael-entry-header-after style-two\"><div class=\"eael-entry-meta\"><span class=\"eael-meta-posted-on\"><i class=\"far fa-clock\"><\/i><time datetime=\"30 de agosto de 2024\">30 de agosto de 2024<\/time><\/span><\/div><\/div><\/div><\/div>\n    <\/div>\n<\/article><article class=\"eael-grid-post eael-post-grid-column\" data-id=\"3918\">\n    <div class=\"eael-grid-post-holder\">\n        <div class=\"eael-grid-post-holder-inner\"><div class=\"eael-entry-media\"><div class=\"eael-entry-overlay fade-in\"><i class=\"fas fa-long-arrow-alt-right\" aria-hidden=\"true\"><\/i><a href=\"https:\/\/www2.unifap.br\/deavi\/2024\/08\/22\/%f0%9f%9a%a8-atencao-comunidade-academica-da-unifap-%f0%9f%9a%a8\/\"><\/a><\/div><div class=\"eael-entry-thumbnail eael-image-ratio\">\n                            <img loading=\"lazy\" decoding=\"async\" width=\"300\" height=\"300\" src=\"https:\/\/www2.unifap.br\/deavi\/files\/2024\/08\/Comunicado-Empresa-Moderno-Branco-e-Laranja-Post-para-Instagram-300x300.png\" class=\"attachment-medium size-medium wp-image-3919\" alt=\"\" srcset=\"https:\/\/www2.unifap.br\/deavi\/files\/2024\/08\/Comunicado-Empresa-Moderno-Branco-e-Laranja-Post-para-Instagram-300x300.png 300w, https:\/\/www2.unifap.br\/deavi\/files\/2024\/08\/Comunicado-Empresa-Moderno-Branco-e-Laranja-Post-para-Instagram-1024x1024.png 1024w, https:\/\/www2.unifap.br\/deavi\/files\/2024\/08\/Comunicado-Empresa-Moderno-Branco-e-Laranja-Post-para-Instagram-150x150.png 150w, https:\/\/www2.unifap.br\/deavi\/files\/2024\/08\/Comunicado-Empresa-Moderno-Branco-e-Laranja-Post-para-Instagram-768x768.png 768w, https:\/\/www2.unifap.br\/deavi\/files\/2024\/08\/Comunicado-Empresa-Moderno-Branco-e-Laranja-Post-para-Instagram-1000x1000.png 1000w, https:\/\/www2.unifap.br\/deavi\/files\/2024\/08\/Comunicado-Empresa-Moderno-Branco-e-Laranja-Post-para-Instagram-230x230.png 230w, https:\/\/www2.unifap.br\/deavi\/files\/2024\/08\/Comunicado-Empresa-Moderno-Branco-e-Laranja-Post-para-Instagram-350x350.png 350w, https:\/\/www2.unifap.br\/deavi\/files\/2024\/08\/Comunicado-Empresa-Moderno-Branco-e-Laranja-Post-para-Instagram-480x480.png 480w, https:\/\/www2.unifap.br\/deavi\/files\/2024\/08\/Comunicado-Empresa-Moderno-Branco-e-Laranja-Post-para-Instagram.png 1080w\" sizes=\"(max-width: 300px) 100vw, 300px\" \/>\n                            <\/div>\n                    <\/div><div class=\"eael-entry-wrapper\"><header class=\"eael-entry-header\"><h2 class=\"eael-entry-title\"><a class=\"eael-grid-post-link\" href=\"https:\/\/www2.unifap.br\/deavi\/2024\/08\/22\/%f0%9f%9a%a8-atencao-comunidade-academica-da-unifap-%f0%9f%9a%a8\/\" title=\"Aten\u00e7\u00e3o, Comunidade Acad\u00eamica da UNIFAP!\">Aten\u00e7\u00e3o, Comunidade Acad\u00eamica da UNIFAP!<\/a><\/h2><\/header><div class=\"eael-entry-content\">\n                                <div class=\"eael-grid-post-excerpt\"><p>Entre setembro e novembro, teremos importantes visitas de avalia\u00e7\u00e3o dos nossos cursos. Contamos com o engajamento de todos para...<\/p><a href=\"https:\/\/www2.unifap.br\/deavi\/2024\/08\/22\/%f0%9f%9a%a8-atencao-comunidade-academica-da-unifap-%f0%9f%9a%a8\/\" class=\"eael-post-elements-readmore-btn\">Ler mais<\/a><\/div>\n                            <\/div><div class=\"eael-entry-header-after style-two\"><div class=\"eael-entry-meta\"><span class=\"eael-meta-posted-on\"><i class=\"far fa-clock\"><\/i><time datetime=\"22 de agosto de 2024\">22 de agosto de 2024<\/time><\/span><\/div><\/div><\/div><\/div>\n    <\/div>\n<\/article><\/div>\n            <div class=\"clearfix\"><\/div>\n        <\/div>            <div class=\"eael-load-more-button-wrap\">\n                <button class=\"eael-load-more-button\" id=\"eael-load-more-btn-b3ab348\" data-widget-id=\"b3ab348\" data-widget=\"b3ab348\" data-page-id=\"3514\" data-template=\"{&quot;dir&quot;:&quot;lite&quot;,&quot;file_name&quot;:&quot;two.php&quot;,&quot;name&quot;:&quot;Post-Grid&quot;}\" data-class=\"Essential_Addons_Elementor\\Elements\\Post_Grid\" data-layout=\"grid\" data-page=\"1\" data-args=\"orderby=date&amp;order=desc&amp;ignore_sticky_posts=1&amp;post_status=publish&amp;posts_per_page=6&amp;offset=0&amp;post_type=post&amp;tax_query%5B0%5D%5Btaxonomy%5D=category&amp;tax_query%5B0%5D%5Bfield%5D=term_id&amp;tax_query%5B0%5D%5Bterms%5D%5B0%5D=67&amp;tax_query%5Brelation%5D=AND\" data-max-page=\"4\">\n                    <span class=\"eael-btn-loader button__loader\"><\/span>\n                    <span class=\"eael_load_more_text\">Carregar mais<\/span>\n                <\/button>\n            <\/div>\n            \t\t\t\t<\/div>\n\t\t\t\t<\/div>\n\t\t\t\t\t<\/div>\n\t\t<\/div>\n\t\t\t\t\t<\/div>\n\t\t<\/section>\n\t\t\t\t<\/div>\n\t\t","protected":false},"excerpt":{"rendered":"<p>Comunicados Planejamento das a\u00e7\u00f5es da CPA 2024 A equipe do Departamento de Avalia\u00e7\u00e3o Institucional (DEAVI) contou com a presen\u00e7a da presidenta da Comiss\u00e3o Pr\u00f3pria de Avalia\u00e7\u00e3o(CPA)&#8230; Ler mais 1 de dezembro de 2023 Capacita\u00e7\u00e3o DEAVI e CPA ministrado pela UFRA A equipe do Departamento de Avalia\u00e7\u00e3o Institucional &#8211; DEAVI\/UNIFAP participa da capacita\u00e7\u00e3o ministrada pelo Prof. Dr. Jo\u00e3o Loureiro, presidente&#8230; Ler mais 15 de setembro&#8230;<\/p>\n","protected":false},"author":4003,"featured_media":0,"parent":0,"menu_order":0,"comment_status":"closed","ping_status":"closed","template":"","meta":{"inline_featured_image":false,"ngg_post_thumbnail":0,"footnotes":""},"class_list":["post-3514","page","type-page","status-publish","hentry"],"_links":{"self":[{"href":"https:\/\/www2.unifap.br\/deavi\/wp-json\/wp\/v2\/pages\/3514","targetHints":{"allow":["GET"]}}],"collection":[{"href":"https:\/\/www2.unifap.br\/deavi\/wp-json\/wp\/v2\/pages"}],"about":[{"href":"https:\/\/www2.unifap.br\/deavi\/wp-json\/wp\/v2\/types\/page"}],"author":[{"embeddable":true,"href":"https:\/\/www2.unifap.br\/deavi\/wp-json\/wp\/v2\/users\/4003"}],"replies":[{"embeddable":true,"href":"https:\/\/www2.unifap.br\/deavi\/wp-json\/wp\/v2\/comments?post=3514"}],"version-history":[{"count":4,"href":"https:\/\/www2.unifap.br\/deavi\/wp-json\/wp\/v2\/pages\/3514\/revisions"}],"predecessor-version":[{"id":3530,"href":"https:\/\/www2.unifap.br\/deavi\/wp-json\/wp\/v2\/pages\/3514\/revisions\/3530"}],"wp:attachment":[{"href":"https:\/\/www2.unifap.br\/deavi\/wp-json\/wp\/v2\/media?parent=3514"}],"curies":[{"name":"wp","href":"https:\/\/api.w.org\/{rel}","templated":true}]}}