{"id":1855,"date":"2024-08-21T16:55:57","date_gmt":"2024-08-21T16:55:57","guid":{"rendered":"https:\/\/www2.unifap.br\/ded\/?page_id=1855"},"modified":"2024-08-21T18:04:27","modified_gmt":"2024-08-21T18:04:27","slug":"compartilhando-saberes","status":"publish","type":"page","link":"https:\/\/www2.unifap.br\/ded\/compartilhando-saberes\/","title":{"rendered":"Compartilhando Saberes"},"content":{"rendered":"\t\t<div data-elementor-type=\"wp-page\" data-elementor-id=\"1855\" class=\"elementor elementor-1855\">\n\t\t\t\t\t\t<section class=\"elementor-section elementor-top-section elementor-element elementor-element-1a6ec3a elementor-section-boxed elementor-section-height-default elementor-section-height-default\" data-id=\"1a6ec3a\" data-element_type=\"section\" data-e-type=\"section\">\n\t\t\t\t\t\t<div class=\"elementor-container elementor-column-gap-default\">\n\t\t\t\t\t<div class=\"elementor-column elementor-col-100 elementor-top-column elementor-element elementor-element-6d9eebd\" data-id=\"6d9eebd\" data-element_type=\"column\" data-e-type=\"column\">\n\t\t\t<div class=\"elementor-widget-wrap elementor-element-populated\">\n\t\t\t\t\t\t<div class=\"elementor-element elementor-element-39c73bb elementor-widget elementor-widget-text-editor\" data-id=\"39c73bb\" data-element_type=\"widget\" data-e-type=\"widget\" data-widget_type=\"text-editor.default\">\n\t\t\t\t<div class=\"elementor-widget-container\">\n\t\t\t\t\t\t\t\t\t<p style=\"text-align: left\">O Projeto <strong>Compartilhando Saberes<\/strong> tem por prop\u00f3sito contribuir com a forma\u00e7\u00e3o continuada de educadores atrav\u00e9s de diversas atividades que abordam temas ligados \u00e0 educa\u00e7\u00e3o e pr\u00e1tica docente. Trata-se de uma proposta de Projeto de Extens\u00e3o que visa contribu\u00ed com desenvolvimento e melhoria da educa\u00e7\u00e3o, destacadamente, aquelas que proporcionem aperfei\u00e7oamento profissional e forma\u00e7\u00e3o continuada do professor de educa\u00e7\u00e3o b\u00e1sica em escolas p\u00fablicas do estado do Amap\u00e1.<\/p>\t\t\t\t\t\t\t\t<\/div>\n\t\t\t\t<\/div>\n\t\t\t\t\t<\/div>\n\t\t<\/div>\n\t\t\t\t\t<\/div>\n\t\t<\/section>\n\t\t\t\t<section class=\"elementor-section elementor-top-section elementor-element elementor-element-1ca078f elementor-section-boxed elementor-section-height-default elementor-section-height-default\" data-id=\"1ca078f\" data-element_type=\"section\" data-e-type=\"section\">\n\t\t\t\t\t\t<div class=\"elementor-container elementor-column-gap-default\">\n\t\t\t\t\t<div class=\"elementor-column elementor-col-50 elementor-top-column elementor-element elementor-element-2328000\" data-id=\"2328000\" data-element_type=\"column\" data-e-type=\"column\">\n\t\t\t<div class=\"elementor-widget-wrap elementor-element-populated\">\n\t\t\t\t\t\t<div class=\"elementor-element elementor-element-90cb3df elementor-widget__width-initial elementor-widget elementor-widget-image\" data-id=\"90cb3df\" data-element_type=\"widget\" data-e-type=\"widget\" data-widget_type=\"image.default\">\n\t\t\t\t<div class=\"elementor-widget-container\">\n\t\t\t\t\t\t\t\t\t\t\t\t\t\t\t<img fetchpriority=\"high\" decoding=\"async\" width=\"500\" height=\"500\" src=\"https:\/\/www2.unifap.br\/ded\/files\/2024\/08\/WhatsApp-Image-2024-08-21-at-07.54.24.jpeg\" class=\"attachment-large size-large wp-image-1844\" alt=\"\" srcset=\"https:\/\/www2.unifap.br\/ded\/files\/2024\/08\/WhatsApp-Image-2024-08-21-at-07.54.24.jpeg 500w, https:\/\/www2.unifap.br\/ded\/files\/2024\/08\/WhatsApp-Image-2024-08-21-at-07.54.24-300x300.jpeg 300w, https:\/\/www2.unifap.br\/ded\/files\/2024\/08\/WhatsApp-Image-2024-08-21-at-07.54.24-150x150.jpeg 150w, https:\/\/www2.unifap.br\/ded\/files\/2024\/08\/WhatsApp-Image-2024-08-21-at-07.54.24-230x230.jpeg 230w, https:\/\/www2.unifap.br\/ded\/files\/2024\/08\/WhatsApp-Image-2024-08-21-at-07.54.24-350x350.jpeg 350w, https:\/\/www2.unifap.br\/ded\/files\/2024\/08\/WhatsApp-Image-2024-08-21-at-07.54.24-480x480.jpeg 480w\" sizes=\"(max-width: 500px) 100vw, 500px\" \/>\t\t\t\t\t\t\t\t\t\t\t\t\t\t\t<\/div>\n\t\t\t\t<\/div>\n\t\t\t\t\t<\/div>\n\t\t<\/div>\n\t\t\t\t<div class=\"elementor-column elementor-col-50 elementor-top-column elementor-element elementor-element-7b88c21\" data-id=\"7b88c21\" data-element_type=\"column\" data-e-type=\"column\">\n\t\t\t<div class=\"elementor-widget-wrap elementor-element-populated\">\n\t\t\t\t\t\t<div class=\"elementor-element elementor-element-6324169 elementor-widget elementor-widget-text-editor\" data-id=\"6324169\" data-element_type=\"widget\" data-e-type=\"widget\" data-widget_type=\"text-editor.default\">\n\t\t\t\t<div class=\"elementor-widget-container\">\n\t\t\t\t\t\t\t\t\t<p><span style=\"font-size: 11.0pt;line-height: 107%;font-family: 'Calibri',sans-serif\">Trata-se de uma proposta de Projeto de Extens\u00e3o que visa contribu\u00ed com desenvolvimento e melhoria da educa\u00e7\u00e3o, destacadamente, aquelas que proporcionem aperfei\u00e7oamento profissional e forma\u00e7\u00e3o continuada do professor de educa\u00e7\u00e3o b\u00e1sica em escolas p\u00fablicas do estado do Amap\u00e1. O objetivo \u00e9 promover o debate, constru\u00e7\u00e3o, divulga\u00e7\u00e3o de experi\u00eancias e conhecimentos atrav\u00e9s de programa\u00e7\u00f5es que busquem estimular a troca de ideias, articular informa\u00e7\u00f5es e viv\u00eancias entre os professores, pesquisadores, acad\u00eamicos e profissionais da \u00e1rea. Participam do projeto: professores, t\u00e9cnicos e acad\u00eamicos da Universidade Federal do Amap\u00e1 (UNIFAP), al\u00e9m de colaboradores externos e escolas da rede p\u00fablica de ensino dos 16 (dezesseis) munic\u00edpios que comp\u00f5em o estado do Amap\u00e1, sendo uma escola n\u00facleo por munic\u00edpio. Entretanto, educadores de outras escolas poder\u00e3o participar dos eventos que ser\u00e3o realizados durante a execu\u00e7\u00e3o do projeto.\u00a0<\/span><\/p>\t\t\t\t\t\t\t\t<\/div>\n\t\t\t\t<\/div>\n\t\t\t\t\t<\/div>\n\t\t<\/div>\n\t\t\t\t\t<\/div>\n\t\t<\/section>\n\t\t\t\t<section class=\"elementor-section elementor-top-section elementor-element elementor-element-30ffba1 elementor-section-boxed elementor-section-height-default elementor-section-height-default\" data-id=\"30ffba1\" data-element_type=\"section\" data-e-type=\"section\">\n\t\t\t\t\t\t<div class=\"elementor-container elementor-column-gap-default\">\n\t\t\t\t\t<div class=\"elementor-column elementor-col-100 elementor-top-column elementor-element elementor-element-834d9be\" data-id=\"834d9be\" data-element_type=\"column\" data-e-type=\"column\">\n\t\t\t<div class=\"elementor-widget-wrap elementor-element-populated\">\n\t\t\t\t\t\t<div class=\"elementor-element elementor-element-18b7782 elementor-widget elementor-widget-text-editor\" data-id=\"18b7782\" data-element_type=\"widget\" data-e-type=\"widget\" data-widget_type=\"text-editor.default\">\n\t\t\t\t<div class=\"elementor-widget-container\">\n\t\t\t\t\t\t\t\t\t<p style=\"text-align:justify\">A metodologia est\u00e1 dividida em\ncinco etapas: I) Levantamento das escolas participantes; II) Mapeamento das\ntem\u00e1ticas indicadas pelas escolas participantes; III) Prepara\u00e7\u00e3o e sele\u00e7\u00e3o das\natividades de forma\u00e7\u00e3o; IV) Execu\u00e7\u00e3o das atividades nas escolas; V) Divulga\u00e7\u00e3o\ndos resultados. Considerando a amplitude geogr\u00e1fica, p\u00fablico atendido,\npalestrantes e programa\u00e7\u00f5es, o evento configura-se como uma iniciativa de\nforma\u00e7\u00e3o continuada de educadores no Estado do Amap\u00e1, por proporcionar a\nmelhoria de acesso ao conhecimento e atualiza\u00e7\u00e3o de professores, em especial,\nos residentes em localidade de dif\u00edcil acesso. A participa\u00e7\u00e3o de estudante em\nprojeto dessa natureza que promove a vincula\u00e7\u00e3o direta com a escola e seus\natores, assegura um alto grau de envolvimento no interc\u00e2mbio com a comunidade e\nconsolidada a partir de um conjunto de a\u00e7\u00f5es planejadas e inter-relacionadas\nque p\u00f5em em movimento para abordar e resolver problemas sociais\/educacionais\ndeterminados, contribuindo para o aperfei\u00e7oamento do conhecimento profissional\ndo estudante.<\/p><p style=\"text-align:justify\"><br><\/p>\t\t\t\t\t\t\t\t<\/div>\n\t\t\t\t<\/div>\n\t\t\t\t\t<\/div>\n\t\t<\/div>\n\t\t\t\t\t<\/div>\n\t\t<\/section>\n\t\t\t\t<\/div>\n\t\t","protected":false},"excerpt":{"rendered":"<p>O Projeto Compartilhando Saberes tem por prop\u00f3sito contribuir com a forma\u00e7\u00e3o continuada de educadores atrav\u00e9s de diversas atividades que abordam temas ligados \u00e0 educa\u00e7\u00e3o e pr\u00e1tica docente. Trata-se de uma proposta de Projeto de Extens\u00e3o que visa contribu\u00ed com desenvolvimento e melhoria da educa\u00e7\u00e3o, destacadamente, aquelas que proporcionem aperfei\u00e7oamento profissional e forma\u00e7\u00e3o continuada do professor&#8230;<\/p>\n","protected":false},"author":359,"featured_media":0,"parent":0,"menu_order":0,"comment_status":"closed","ping_status":"closed","template":"","meta":{"inline_featured_image":false,"ngg_post_thumbnail":0,"footnotes":""},"class_list":["post-1855","page","type-page","status-publish","hentry"],"_links":{"self":[{"href":"https:\/\/www2.unifap.br\/ded\/wp-json\/wp\/v2\/pages\/1855","targetHints":{"allow":["GET"]}}],"collection":[{"href":"https:\/\/www2.unifap.br\/ded\/wp-json\/wp\/v2\/pages"}],"about":[{"href":"https:\/\/www2.unifap.br\/ded\/wp-json\/wp\/v2\/types\/page"}],"author":[{"embeddable":true,"href":"https:\/\/www2.unifap.br\/ded\/wp-json\/wp\/v2\/users\/359"}],"replies":[{"embeddable":true,"href":"https:\/\/www2.unifap.br\/ded\/wp-json\/wp\/v2\/comments?post=1855"}],"version-history":[{"count":9,"href":"https:\/\/www2.unifap.br\/ded\/wp-json\/wp\/v2\/pages\/1855\/revisions"}],"predecessor-version":[{"id":1866,"href":"https:\/\/www2.unifap.br\/ded\/wp-json\/wp\/v2\/pages\/1855\/revisions\/1866"}],"wp:attachment":[{"href":"https:\/\/www2.unifap.br\/ded\/wp-json\/wp\/v2\/media?parent=1855"}],"curies":[{"name":"wp","href":"https:\/\/api.w.org\/{rel}","templated":true}]}}