{"id":1819,"date":"2024-07-01T12:14:11","date_gmt":"2024-07-01T15:14:11","guid":{"rendered":"https:\/\/www2.unifap.br\/depag\/?page_id=1819"},"modified":"2024-07-01T12:14:11","modified_gmt":"2024-07-01T15:14:11","slug":"dados-abertos-setrans","status":"publish","type":"page","link":"https:\/\/www2.unifap.br\/depag\/unidades\/servico-de-transportes-setrans\/dados-abertos-setrans\/","title":{"rendered":"Dados Abertos &#8211; SETRANS"},"content":{"rendered":"<h4><strong>DADOS ABERTOS \u2013 SETRANS<\/strong><\/h4>\n<p>&nbsp;<\/p>\n<p><strong>JULHO\/2024&nbsp;<\/strong><\/p>\n<ul>\n<li>Relat\u00f3rios de Ve\u00edculos Oficiais (<a href=\"http:\/\/www2.unifap.br\/depag\/files\/2024\/07\/Relatorio_Veiculos-SETRANS-UNIFAP.pdf\" target=\"_blank\" rel=\"noopener\">Clique Aqui<\/a>)<\/li>\n<li>Relat\u00f3rio Consumo x Unidade x Veiculo (<a href=\"http:\/\/www2.unifap.br\/depag\/files\/2024\/07\/RelatorioConsumoUnidadeVeiculo-20240701105643.pdf\" target=\"_blank\" rel=\"noopener\">Clique Aqui)<\/a><\/li>\n<\/ul>\n","protected":false},"excerpt":{"rendered":"<p>DADOS ABERTOS \u2013 SETRANS &nbsp; JULHO\/2024&nbsp; Relat\u00f3rios de Ve\u00edculos Oficiais (Clique Aqui) Relat\u00f3rio Consumo x Unidade x Veiculo (Clique Aqui)<\/p>\n","protected":false},"author":831,"featured_media":0,"parent":1812,"menu_order":0,"comment_status":"closed","ping_status":"closed","template":"","meta":{"inline_featured_image":false,"site-sidebar-layout":"default","site-content-layout":"","ast-site-content-layout":"default","site-content-style":"default","site-sidebar-style":"default","ast-global-header-display":"","ast-banner-title-visibility":"","ast-main-header-display":"","ast-hfb-above-header-display":"","ast-hfb-below-header-display":"","ast-hfb-mobile-header-display":"","site-post-title":"","ast-breadcrumbs-content":"","ast-featured-img":"","footer-sml-layout":"","theme-transparent-header-meta":"default","adv-header-id-meta":"","stick-header-meta":"","header-above-stick-meta":"","header-main-stick-meta":"","header-below-stick-meta":"","astra-migrate-meta-layouts":"set","ast-page-background-enabled":"default","ast-page-background-meta":{"desktop":{"background-color":"var(--ast-global-color-4)","background-image":"","background-repeat":"repeat","background-position":"center center","background-size":"auto","background-attachment":"scroll","background-type":"","background-media":"","overlay-type":"","overlay-color":"","overlay-opacity":"","overlay-gradient":""},"tablet":{"background-color":"","background-image":"","background-repeat":"repeat","background-position":"center center","background-size":"auto","background-attachment":"scroll","background-type":"","background-media":"","overlay-type":"","overlay-color":"","overlay-opacity":"","overlay-gradient":""},"mobile":{"background-color":"","background-image":"","background-repeat":"repeat","background-position":"center center","background-size":"auto","background-attachment":"scroll","background-type":"","background-media":"","overlay-type":"","overlay-color":"","overlay-opacity":"","overlay-gradient":""}},"ast-content-background-meta":{"desktop":{"background-color":"var(--ast-global-color-5)","background-image":"","background-repeat":"repeat","background-position":"center center","background-size":"auto","background-attachment":"scroll","background-type":"","background-media":"","overlay-type":"","overlay-color":"","overlay-opacity":"","overlay-gradient":""},"tablet":{"background-color":"var(--ast-global-color-5)","background-image":"","background-repeat":"repeat","background-position":"center center","background-size":"auto","background-attachment":"scroll","background-type":"","background-media":"","overlay-type":"","overlay-color":"","overlay-opacity":"","overlay-gradient":""},"mobile":{"background-color":"var(--ast-global-color-5)","background-image":"","background-repeat":"repeat","background-position":"center center","background-size":"auto","background-attachment":"scroll","background-type":"","background-media":"","overlay-type":"","overlay-color":"","overlay-opacity":"","overlay-gradient":""}},"ngg_post_thumbnail":0,"footnotes":""},"class_list":["post-1819","page","type-page","status-publish","hentry"],"_links":{"self":[{"href":"https:\/\/www2.unifap.br\/depag\/wp-json\/wp\/v2\/pages\/1819","targetHints":{"allow":["GET"]}}],"collection":[{"href":"https:\/\/www2.unifap.br\/depag\/wp-json\/wp\/v2\/pages"}],"about":[{"href":"https:\/\/www2.unifap.br\/depag\/wp-json\/wp\/v2\/types\/page"}],"author":[{"embeddable":true,"href":"https:\/\/www2.unifap.br\/depag\/wp-json\/wp\/v2\/users\/831"}],"replies":[{"embeddable":true,"href":"https:\/\/www2.unifap.br\/depag\/wp-json\/wp\/v2\/comments?post=1819"}],"version-history":[{"count":1,"href":"https:\/\/www2.unifap.br\/depag\/wp-json\/wp\/v2\/pages\/1819\/revisions"}],"predecessor-version":[{"id":1820,"href":"https:\/\/www2.unifap.br\/depag\/wp-json\/wp\/v2\/pages\/1819\/revisions\/1820"}],"up":[{"embeddable":true,"href":"https:\/\/www2.unifap.br\/depag\/wp-json\/wp\/v2\/pages\/1812"}],"wp:attachment":[{"href":"https:\/\/www2.unifap.br\/depag\/wp-json\/wp\/v2\/media?parent=1819"}],"curies":[{"name":"wp","href":"https:\/\/api.w.org\/{rel}","templated":true}]}}