{"id":144,"date":"2020-01-22T14:58:33","date_gmt":"2020-01-22T14:58:33","guid":{"rendered":"http:\/\/www2.unifap.br\/depla\/?page_id=144"},"modified":"2020-05-08T00:49:04","modified_gmt":"2020-05-08T00:49:04","slug":"extensao","status":"publish","type":"page","link":"https:\/\/www2.unifap.br\/depla\/extensao\/","title":{"rendered":"EXTENS\u00c3O"},"content":{"rendered":"<p>As atividades de Extens\u00e3o no DEPLA s\u00e3o realizadas pelos cursos. Atualmente, todos os cursos do DEPLA t\u00eam registrados no Departamento de Extens\u00e3o atividades de extens\u00e3o que atendem seja a comunidade interna, seja a comunidade externa. Em todas elas, um prop\u00f3sito: ofertar servi\u00e7o de qualidade \u00e0 comunidade, bem como associar teorias discutidas nos cursos a atividades pr\u00e1ticas.<\/p>\n<p>Para informa\u00e7\u00f5es sobre os projetos de extens\u00e3o desenvolvidos pelos cursos do DEPLA, consultar as p\u00e1ginas dos cursos ou o site do Departamento de Extens\u00e3o.<\/p>\n<p><a href=\"https:\/\/www2.unifap.br\/dex\/dex\/\">https:\/\/www2.unifap.br\/dex\/dex\/<\/a><\/p>\n","protected":false},"excerpt":{"rendered":"<p>As atividades de Extens\u00e3o no DEPLA s\u00e3o realizadas pelos cursos. Atualmente, todos os cursos do DEPLA t\u00eam registrados no Departamento de Extens\u00e3o atividades de extens\u00e3o que atendem seja a comunidade interna, seja a comunidade externa. Em todas elas, um prop\u00f3sito:&hellip; <\/p>\n<p><a href=\"https:\/\/www2.unifap.br\/depla\/extensao\/\" class=\"readmore-button\">Continue Reading<\/a><\/p>\n","protected":false},"author":2878,"featured_media":0,"parent":0,"menu_order":0,"comment_status":"closed","ping_status":"closed","template":"","meta":{"inline_featured_image":false,"ngg_post_thumbnail":0,"footnotes":""},"class_list":["post-144","page","type-page","status-publish","hentry"],"_links":{"self":[{"href":"https:\/\/www2.unifap.br\/depla\/wp-json\/wp\/v2\/pages\/144","targetHints":{"allow":["GET"]}}],"collection":[{"href":"https:\/\/www2.unifap.br\/depla\/wp-json\/wp\/v2\/pages"}],"about":[{"href":"https:\/\/www2.unifap.br\/depla\/wp-json\/wp\/v2\/types\/page"}],"author":[{"embeddable":true,"href":"https:\/\/www2.unifap.br\/depla\/wp-json\/wp\/v2\/users\/2878"}],"replies":[{"embeddable":true,"href":"https:\/\/www2.unifap.br\/depla\/wp-json\/wp\/v2\/comments?post=144"}],"version-history":[{"count":2,"href":"https:\/\/www2.unifap.br\/depla\/wp-json\/wp\/v2\/pages\/144\/revisions"}],"predecessor-version":[{"id":166,"href":"https:\/\/www2.unifap.br\/depla\/wp-json\/wp\/v2\/pages\/144\/revisions\/166"}],"wp:attachment":[{"href":"https:\/\/www2.unifap.br\/depla\/wp-json\/wp\/v2\/media?parent=144"}],"curies":[{"name":"wp","href":"https:\/\/api.w.org\/{rel}","templated":true}]}}