{"id":146,"date":"2020-01-22T14:58:42","date_gmt":"2020-01-22T14:58:42","guid":{"rendered":"http:\/\/www2.unifap.br\/depla\/?page_id=146"},"modified":"2020-05-08T00:47:07","modified_gmt":"2020-05-08T00:47:07","slug":"conselho-departamental","status":"publish","type":"page","link":"https:\/\/www2.unifap.br\/depla\/conselho-departamental\/","title":{"rendered":"CONSELHO DEPARTAMENTAL"},"content":{"rendered":"<p>O Conselho Departamental do DEPLA \u00e9 constitu\u00eddo por representantes t\u00e9cnicos, docentes e discentes dos cursos que comp\u00f5em o Departamento. As reuni\u00f5es do Conselho ocorrem ordinariamente uma vez por m\u00eas ou extraordinariamente conforme convoca\u00e7\u00e3o de seu presidente, o diretor do DEPLA.<\/p>\n","protected":false},"excerpt":{"rendered":"<p>O Conselho Departamental do DEPLA \u00e9 constitu\u00eddo por representantes t\u00e9cnicos, docentes e discentes dos cursos que comp\u00f5em o Departamento. As reuni\u00f5es do Conselho ocorrem ordinariamente uma vez por m\u00eas ou extraordinariamente conforme convoca\u00e7\u00e3o de seu presidente, o diretor do DEPLA.<\/p>\n","protected":false},"author":2878,"featured_media":0,"parent":0,"menu_order":0,"comment_status":"closed","ping_status":"closed","template":"","meta":{"inline_featured_image":false,"ngg_post_thumbnail":0,"footnotes":""},"class_list":["post-146","page","type-page","status-publish","hentry"],"_links":{"self":[{"href":"https:\/\/www2.unifap.br\/depla\/wp-json\/wp\/v2\/pages\/146","targetHints":{"allow":["GET"]}}],"collection":[{"href":"https:\/\/www2.unifap.br\/depla\/wp-json\/wp\/v2\/pages"}],"about":[{"href":"https:\/\/www2.unifap.br\/depla\/wp-json\/wp\/v2\/types\/page"}],"author":[{"embeddable":true,"href":"https:\/\/www2.unifap.br\/depla\/wp-json\/wp\/v2\/users\/2878"}],"replies":[{"embeddable":true,"href":"https:\/\/www2.unifap.br\/depla\/wp-json\/wp\/v2\/comments?post=146"}],"version-history":[{"count":4,"href":"https:\/\/www2.unifap.br\/depla\/wp-json\/wp\/v2\/pages\/146\/revisions"}],"predecessor-version":[{"id":164,"href":"https:\/\/www2.unifap.br\/depla\/wp-json\/wp\/v2\/pages\/146\/revisions\/164"}],"wp:attachment":[{"href":"https:\/\/www2.unifap.br\/depla\/wp-json\/wp\/v2\/media?parent=146"}],"curies":[{"name":"wp","href":"https:\/\/api.w.org\/{rel}","templated":true}]}}