{"id":1829,"date":"2018-04-18T19:12:33","date_gmt":"2018-04-18T19:12:33","guid":{"rendered":"http:\/\/www2.unifap.br\/deplan\/?page_id=1829"},"modified":"2018-04-18T19:22:28","modified_gmt":"2018-04-18T19:22:28","slug":"documentos","status":"publish","type":"page","link":"https:\/\/www2.unifap.br\/deplan\/servicos\/gestao-de-processo-de-negocio-bpm-unifap\/documentos\/","title":{"rendered":"Documentos"},"content":{"rendered":"<p><strong>Arquivos do Projeto POP:<\/strong><\/p>\n<p><strong>1<\/strong>\u00a0&#8211;\u00a0<a href=\"http:\/\/www2.unifap.br\/deplan\/files\/2014\/12\/Projeto-POP-UNIFAP.pdf\">Projeto POP UNIFAP;<\/a><\/p>\n<p><strong>2<\/strong>\u00a0<a href=\"http:\/\/www2.unifap.br\/deplan\/files\/2014\/12\/Anexo-I-Cronograma-e-Descri\u00e7\u00e3o-das-Atividades.pdf\">&#8211;\u00a0Anexo I &#8211; Cronograma e Descri\u00e7\u00e3o das Atividades;<\/a><\/p>\n<p><b>3<\/b>\u00a0<a href=\"http:\/\/www2.unifap.br\/deplan\/files\/2014\/12\/Anexo-II-Manual-de-Reda\u00e7\u00e3o-POP.pdf\">&#8211;\u00a0Anexo II &#8211; Manual de Reda\u00e7\u00e3o POP;<\/a><\/p>\n<p><b>4<\/b>\u00a0&#8211;\u00a0<a href=\"http:\/\/www2.unifap.br\/deplan\/files\/2014\/12\/Modelo_de_POP11.docx\">Anexo III &#8211; Modelo de POP;<\/a><\/p>\n<p><b>5<\/b>\u00a0&#8211;\u00a0<a href=\"http:\/\/www2.unifap.br\/deplan\/files\/2014\/12\/Estrutura-Organizacional-da-UNIFAP-Relat\u00f3rio-de-Gest\u00e3o-2013.pdf\">Anexo IV &#8211; Estrutura Organizacional da UNIFAP;<\/a><\/p>\n<p><b>6<\/b>\u00a0&#8211;\u00a0<a href=\"http:\/\/www2.unifap.br\/deplan\/files\/2014\/12\/Anexo-V-Modelo-de-Tabela-para-Identifica\u00e7\u00e3o-dos-Macros-Processos-e-Processos-8.xlsx\">Anexo V &#8211; Modelo de Tabela para Identifica\u00e7\u00e3o dos Macroprocessos e Processos.<\/a><\/p>\n<p><b>7<\/b>\u00a0&#8211;\u00a0<a href=\"http:\/\/www2.unifap.br\/deplan\/files\/2014\/12\/Apresenta\u00e7\u00e3o-Chefes-de-Se\u00e7\u00e3o.pdf\">Apresenta\u00e7\u00e3o Chefes de Se\u00e7\u00e3o &#8211; Dia 18\/12\/2014;<\/a><\/p>\n","protected":false},"excerpt":{"rendered":"<p>Arquivos do Projeto POP: 1\u00a0&#8211;\u00a0Projeto POP UNIFAP; 2\u00a0&#8211;\u00a0Anexo I &#8211; Cronograma e Descri\u00e7\u00e3o das Atividades; 3\u00a0&#8211;\u00a0Anexo II &#8211; Manual de&#8230;<\/p>\n","protected":false},"author":167,"featured_media":0,"parent":1255,"menu_order":0,"comment_status":"open","ping_status":"open","template":"","meta":{"inline_featured_image":false,"site-sidebar-layout":"default","site-content-layout":"","ast-site-content-layout":"default","site-content-style":"default","site-sidebar-style":"default","ast-global-header-display":"","ast-banner-title-visibility":"","ast-main-header-display":"","ast-hfb-above-header-display":"","ast-hfb-below-header-display":"","ast-hfb-mobile-header-display":"","site-post-title":"","ast-breadcrumbs-content":"","ast-featured-img":"","footer-sml-layout":"","theme-transparent-header-meta":"","adv-header-id-meta":"","stick-header-meta":"","header-above-stick-meta":"","header-main-stick-meta":"","header-below-stick-meta":"","astra-migrate-meta-layouts":"default","ast-page-background-enabled":"default","ast-page-background-meta":{"desktop":{"background-color":"var(--ast-global-color-4)","background-image":"","background-repeat":"repeat","background-position":"center center","background-size":"auto","background-attachment":"scroll","background-type":"","background-media":"","overlay-type":"","overlay-color":"","overlay-opacity":"","overlay-gradient":""},"tablet":{"background-color":"","background-image":"","background-repeat":"repeat","background-position":"center center","background-size":"auto","background-attachment":"scroll","background-type":"","background-media":"","overlay-type":"","overlay-color":"","overlay-opacity":"","overlay-gradient":""},"mobile":{"background-color":"","background-image":"","background-repeat":"repeat","background-position":"center center","background-size":"auto","background-attachment":"scroll","background-type":"","background-media":"","overlay-type":"","overlay-color":"","overlay-opacity":"","overlay-gradient":""}},"ast-content-background-meta":{"desktop":{"background-color":"var(--ast-global-color-5)","background-image":"","background-repeat":"repeat","background-position":"center center","background-size":"auto","background-attachment":"scroll","background-type":"","background-media":"","overlay-type":"","overlay-color":"","overlay-opacity":"","overlay-gradient":""},"tablet":{"background-color":"var(--ast-global-color-5)","background-image":"","background-repeat":"repeat","background-position":"center center","background-size":"auto","background-attachment":"scroll","background-type":"","background-media":"","overlay-type":"","overlay-color":"","overlay-opacity":"","overlay-gradient":""},"mobile":{"background-color":"var(--ast-global-color-5)","background-image":"","background-repeat":"repeat","background-position":"center center","background-size":"auto","background-attachment":"scroll","background-type":"","background-media":"","overlay-type":"","overlay-color":"","overlay-opacity":"","overlay-gradient":""}},"ngg_post_thumbnail":0,"footnotes":""},"class_list":["post-1829","page","type-page","status-publish","hentry"],"_links":{"self":[{"href":"https:\/\/www2.unifap.br\/deplan\/wp-json\/wp\/v2\/pages\/1829","targetHints":{"allow":["GET"]}}],"collection":[{"href":"https:\/\/www2.unifap.br\/deplan\/wp-json\/wp\/v2\/pages"}],"about":[{"href":"https:\/\/www2.unifap.br\/deplan\/wp-json\/wp\/v2\/types\/page"}],"author":[{"embeddable":true,"href":"https:\/\/www2.unifap.br\/deplan\/wp-json\/wp\/v2\/users\/167"}],"replies":[{"embeddable":true,"href":"https:\/\/www2.unifap.br\/deplan\/wp-json\/wp\/v2\/comments?post=1829"}],"version-history":[{"count":2,"href":"https:\/\/www2.unifap.br\/deplan\/wp-json\/wp\/v2\/pages\/1829\/revisions"}],"predecessor-version":[{"id":1840,"href":"https:\/\/www2.unifap.br\/deplan\/wp-json\/wp\/v2\/pages\/1829\/revisions\/1840"}],"up":[{"embeddable":true,"href":"https:\/\/www2.unifap.br\/deplan\/wp-json\/wp\/v2\/pages\/1255"}],"wp:attachment":[{"href":"https:\/\/www2.unifap.br\/deplan\/wp-json\/wp\/v2\/media?parent=1829"}],"curies":[{"name":"wp","href":"https:\/\/api.w.org\/{rel}","templated":true}]}}