{"id":2510,"date":"2024-09-09T18:50:45","date_gmt":"2024-09-09T21:50:45","guid":{"rendered":"https:\/\/www2.unifap.br\/deplan\/?page_id=2510"},"modified":"2025-01-08T09:35:28","modified_gmt":"2025-01-08T12:35:28","slug":"plano-de-desenvolvimento-institucional","status":"publish","type":"page","link":"https:\/\/www2.unifap.br\/deplan\/plano-de-desenvolvimento-institucional\/","title":{"rendered":"Plano de Desenvolvimento Institucional"},"content":{"rendered":"<p><img fetchpriority=\"high\" decoding=\"async\" class=\"aligncenter\" src=\"http:\/\/www2.unifap.br\/deplan\/files\/2024\/09\/LOGOTIPO-PDI-3-copiar-1.png\" alt=\"\" width=\"334\" height=\"150\"><\/p>\n<p style=\"text-align: center\">O Plano de Desenvolvimento Institucional \u2013 PDI define a miss\u00e3o, vis\u00e3o e os valores da UNIFAP, al\u00e9m de sua pol\u00edtica pedag\u00f3gica e as estrat\u00e9gias para atingir suas metas e objetivos nos pr\u00f3ximos 6 anos.<\/p>\n<p class=\"p1\" style=\"text-align: center\"><strong>Atualmente, a institui\u00e7\u00e3o est\u00e1 junto com as unidades respons\u00e1veis, fazendo a atualiza\u00e7\u00e3o, manuten\u00e7\u00e3o, monitoramento e controle do PDI 2020\u20102026, e os seus indicadores, tendo como objetivo verificar se os objetivos estrat\u00e9gicos est\u00e3o sendo atingidos. Esse processo \u00e9 realizado conforme a periodicidade de medi\u00e7\u00e3o de cada indicador. J\u00e1 a revis\u00e3o do documento (PDI), permitir\u00e1 realizar mudan\u00e7as nos objetivos e metas inicialmente tra\u00e7ados e corrigir problemas que poder\u00e3o surgir em decorr\u00eancia de mudan\u00e7a de cen\u00e1rio.<\/strong><\/p>\n<p style=\"text-align: center\"><strong>PDI 2020-2026<\/strong><\/p>\n<p style=\"text-align: center\">Para conhecer mais sobre a elabora\u00e7\u00e3o do PDI 2020 &#8211; 2026 acesse:<\/p>\n<p style=\"text-align: center\"><a href=\"http:\/\/www2.unifap.br\/deplan\/files\/2024\/09\/PDI-2020-2026-1.pdf\" data-text=\"Go!\"><br \/>\nPlano de Desenvolvimento Institucional<br \/>\n<\/a><\/p>\n","protected":false},"excerpt":{"rendered":"<p>O Plano de Desenvolvimento Institucional \u2013 PDI define a miss\u00e3o, vis\u00e3o e os valores da UNIFAP, al\u00e9m de sua pol\u00edtica&#8230;<\/p>\n","protected":false},"author":4021,"featured_media":0,"parent":0,"menu_order":0,"comment_status":"closed","ping_status":"closed","template":"","meta":{"inline_featured_image":false,"site-sidebar-layout":"no-sidebar","site-content-layout":"","ast-site-content-layout":"full-width-container","site-content-style":"default","site-sidebar-style":"default","ast-global-header-display":"","ast-banner-title-visibility":"","ast-main-header-display":"","ast-hfb-above-header-display":"","ast-hfb-below-header-display":"","ast-hfb-mobile-header-display":"","site-post-title":"disabled","ast-breadcrumbs-content":"","ast-featured-img":"disabled","footer-sml-layout":"","theme-transparent-header-meta":"default","adv-header-id-meta":"","stick-header-meta":"","header-above-stick-meta":"","header-main-stick-meta":"","header-below-stick-meta":"","astra-migrate-meta-layouts":"set","ast-page-background-enabled":"default","ast-page-background-meta":{"desktop":{"background-color":"var(--ast-global-color-4)","background-image":"","background-repeat":"repeat","background-position":"center center","background-size":"auto","background-attachment":"scroll","background-type":"","background-media":"","overlay-type":"","overlay-color":"","overlay-opacity":"","overlay-gradient":""},"tablet":{"background-color":"","background-image":"","background-repeat":"repeat","background-position":"center center","background-size":"auto","background-attachment":"scroll","background-type":"","background-media":"","overlay-type":"","overlay-color":"","overlay-opacity":"","overlay-gradient":""},"mobile":{"background-color":"","background-image":"","background-repeat":"repeat","background-position":"center center","background-size":"auto","background-attachment":"scroll","background-type":"","background-media":"","overlay-type":"","overlay-color":"","overlay-opacity":"","overlay-gradient":""}},"ast-content-background-meta":{"desktop":{"background-color":"var(--ast-global-color-5)","background-image":"","background-repeat":"repeat","background-position":"center center","background-size":"auto","background-attachment":"scroll","background-type":"","background-media":"","overlay-type":"","overlay-color":"","overlay-opacity":"","overlay-gradient":""},"tablet":{"background-color":"var(--ast-global-color-5)","background-image":"","background-repeat":"repeat","background-position":"center center","background-size":"auto","background-attachment":"scroll","background-type":"","background-media":"","overlay-type":"","overlay-color":"","overlay-opacity":"","overlay-gradient":""},"mobile":{"background-color":"var(--ast-global-color-5)","background-image":"","background-repeat":"repeat","background-position":"center center","background-size":"auto","background-attachment":"scroll","background-type":"","background-media":"","overlay-type":"","overlay-color":"","overlay-opacity":"","overlay-gradient":""}},"ngg_post_thumbnail":0,"footnotes":""},"class_list":["post-2510","page","type-page","status-publish","hentry"],"_links":{"self":[{"href":"https:\/\/www2.unifap.br\/deplan\/wp-json\/wp\/v2\/pages\/2510","targetHints":{"allow":["GET"]}}],"collection":[{"href":"https:\/\/www2.unifap.br\/deplan\/wp-json\/wp\/v2\/pages"}],"about":[{"href":"https:\/\/www2.unifap.br\/deplan\/wp-json\/wp\/v2\/types\/page"}],"author":[{"embeddable":true,"href":"https:\/\/www2.unifap.br\/deplan\/wp-json\/wp\/v2\/users\/4021"}],"replies":[{"embeddable":true,"href":"https:\/\/www2.unifap.br\/deplan\/wp-json\/wp\/v2\/comments?post=2510"}],"version-history":[{"count":10,"href":"https:\/\/www2.unifap.br\/deplan\/wp-json\/wp\/v2\/pages\/2510\/revisions"}],"predecessor-version":[{"id":2909,"href":"https:\/\/www2.unifap.br\/deplan\/wp-json\/wp\/v2\/pages\/2510\/revisions\/2909"}],"wp:attachment":[{"href":"https:\/\/www2.unifap.br\/deplan\/wp-json\/wp\/v2\/media?parent=2510"}],"curies":[{"name":"wp","href":"https:\/\/api.w.org\/{rel}","templated":true}]}}