{"id":2787,"date":"2024-12-26T20:43:19","date_gmt":"2024-12-26T23:43:19","guid":{"rendered":"https:\/\/www2.unifap.br\/deplan\/?page_id=2787"},"modified":"2025-01-07T23:31:11","modified_gmt":"2025-01-08T02:31:11","slug":"governanca-institucional","status":"publish","type":"page","link":"https:\/\/www2.unifap.br\/deplan\/inicio\/governanca-institucional\/","title":{"rendered":"Governan\u00e7a Institucional"},"content":{"rendered":"<p>A <strong>governan\u00e7a<\/strong> nas <strong>universidades federais<\/strong> refere-se ao conjunto de pr\u00e1ticas, estruturas e processo que visam garantir a efici\u00eancia, a transpar\u00eancia e a responsabilidade da gest\u00e3o universit\u00e1ria. Como entidades p\u00fablicas, as universidades federais possuem caracter\u00edsticas espec\u00edficas que demandam uma governan\u00e7a alinhada a princ\u00edpios de legalidade e ao atendimento ao interesse p\u00fablico. Al\u00e9m disso, fortalece a credibilidade da institui\u00e7\u00e3o junto \u00e0 sociedade, e contribui para a constru\u00e7\u00e3o de uma gest\u00e3o p\u00fablica mais transparente e eficiente.<\/p>\n<p>A governan\u00e7a nas universidades federais envolve o conjunto de pol\u00edticas, pr\u00e1ticas e mecanismos que orientam a gest\u00e3o institucional em conformidade com os princ\u00edpios como efici\u00eancia, equidade, \u00e9tica e accountability. Seu foco \u00e9 garantir que os objetivos acad\u00eamico, administrativos e sociais sejam alcan\u00e7ados de forma sustent\u00e1vel e alinhados ao interesse p\u00fablico.<\/p>\n<p>Entre as boas pr\u00e1ticas de governan\u00e7a destacam-se, o planejamento estrat\u00e9gico, onde acontece a defini\u00e7\u00e3o de metas e monitoramento dos indicadores de desempenho; a transpar\u00eancia, com a publica\u00e7\u00e3o de dados e a\u00e7\u00f5es nos principais ve\u00edculos de comunica\u00e7\u00e3o da institui\u00e7\u00e3o; e gest\u00e3o por resultados, tendo o foco em resultados acad\u00eamicos, cient\u00edficos e de impacto social. Al\u00e9m disso, a estrutura de governan\u00e7a pode incluir a gest\u00e3o de riscos e controles internos, onde s\u00e3o implementados sistemas de gest\u00e3o de riscos e controle internos, os quais ajudam a identificar e mitigar poss\u00edveis problemas que possam afetar a institui\u00e7\u00e3o. Isso inclui a cria\u00e7\u00e3o de comit\u00eas espec\u00edficos para monitorar e revisar a gest\u00e3o de riscos da institui\u00e7\u00e3o.<\/p>\n<p>Os indicadores de governan\u00e7a nas universidades federais s\u00e3o ferramentas essenciais para avaliar a efici\u00eancia, transpar\u00eancia, responsabilidade e participa\u00e7\u00e3o nos processos de gest\u00e3o da universidade. Entre os principais indicadores de governan\u00e7a nas universidades federais, destacam-se a taxa de publica\u00e7\u00e3o de relat\u00f3rios de gest\u00e3o, tempo m\u00e9dio de atendimento a pedido de informa\u00e7\u00e3o, indicadores de planejamento e gest\u00e3o; indicadores de sustentabilidade e inova\u00e7\u00e3o, podendo ser identificados em projetos sustent\u00e1veis, e \u00edndice de inova\u00e7\u00e3o tecnol\u00f3gica; e por fim, os indicadores de efici\u00eancia, o quais podem ser percebidos no \u00edndice de ocupa\u00e7\u00e3o de vagas e taxa de conclus\u00e3o dos cursos.<\/p>\n<p>Entre os benef\u00edcios dos indicadores de governan\u00e7a, destacam-se:<\/p>\n<ul>\n<li>Transpar\u00eancia: refor\u00e7am a confian\u00e7a da sociedade ao disponibilizar dados claros e acess\u00edveis.<\/li>\n<li>Efici\u00eancia: identificam gargalos e promovem a melhoria cont\u00ednua na gest\u00e3o.<\/li>\n<li>Responsabiliza\u00e7\u00e3o: facilitam o controle e a presta\u00e7\u00e3o de contas aos \u00f3rg\u00e3os de fiscaliza\u00e7\u00e3o.<\/li>\n<li>Gest\u00e3o Estrat\u00e9gica: ajudam no planejamento e no alcance das metas institucionais.<\/li>\n<\/ul>\n<p>Algumas inciativas s\u00e3o fundamentais para o fortalecimento da governan\u00e7a nas universidades federais, tais como:<\/p>\n<ol>\n<li>Planejamento Estrat\u00e9gico: trata-se da elabora\u00e7\u00e3o do Plano de Desenvolvimento Institucional (PDI), o qual escabele metas e prioridade para um per\u00edodo que varia entre 4 e 5 anos.<\/li>\n<li>Indicadores de desempenho: \u00e9 realizado o monitoramento de resultados acad\u00eamicos, administrativos e financeiros para garantir a melhoria cont\u00ednua.<\/li>\n<li>Capacita\u00e7\u00e3o de gestores: \u00e9 feito o treinamento para os gestores em \u00e1reas como gest\u00e3o p\u00fablica, legisla\u00e7\u00e3o e inova\u00e7\u00e3o.<\/li>\n<li>Uso de tecnologia: s\u00e3o utilizados sistemas integrados de gest\u00e3o para melhorar a transpar\u00eancia e efici\u00eancia (Sistemas SIG em uso pela UNIFAP).<\/li>\n<\/ol>\n<p>A import\u00e2ncia da governan\u00e7a nas universidades federais pode refletir na efici\u00eancia quanto ao:<\/p>\n<ul>\n<li>Impacto Acad\u00eamico e Social: forma\u00e7\u00e3o de profissionais qualificados e produ\u00e7\u00e3o de pesquisa de alta relev\u00e2ncia.<\/li>\n<li>Sustentabilidade Institucional: gest\u00e3o eficiente dos recursos p\u00fablicos.<\/li>\n<li>Credibilidade e Confian\u00e7a P\u00fablica: transpar\u00eancia e accountability que refor\u00e7am a legitimidade institucional.<\/li>\n<\/ul>\n<p>A governan\u00e7a, contudo, \u00e9 essencial para assegurar que as universidades federais cumpram o seu papel como agentes de transforma\u00e7\u00e3o social e desenvolvimento nacional. A Universidade Federal do Amap\u00e1 (UNIFAP) possui um conjunto de indicadores, o quais fazem parte do Plano de Desenvolvimento Institucional (2020 \u2013 2026), e que auxiliam no planejamento estrat\u00e9gico e no direcionamento para uma governan\u00e7a institucional eficiente.<\/p>\n<p>Atualmente, a institui\u00e7\u00e3o est\u00e1 junto com as unidades respons\u00e1veis, fazendo a atualiza\u00e7\u00e3o, manuten\u00e7\u00e3o, monitoramento e controle do PDI 2020\u20102026, e os seus indicadores, tendo como objetivo verificar se os objetivos estrat\u00e9gicos est\u00e3o sendo atingidos. Esse processo \u00e9 realizado conforme a periodicidade de medi\u00e7\u00e3o de cada indicador. J\u00e1 a revis\u00e3o do documento permitir\u00e1 realizar mudan\u00e7as nos objetivos e metas inicialmente tra\u00e7ados e corrigir problemas que poder\u00e3o surgir em decorr\u00eancia de mudan\u00e7a de cen\u00e1rio.<\/p>\n","protected":false},"excerpt":{"rendered":"<p>A governan\u00e7a nas universidades federais refere-se ao conjunto de pr\u00e1ticas, estruturas e processo que visam garantir a efici\u00eancia, a transpar\u00eancia&#8230;<\/p>\n","protected":false},"author":366,"featured_media":0,"parent":2338,"menu_order":5,"comment_status":"closed","ping_status":"closed","template":"","meta":{"inline_featured_image":false,"site-sidebar-layout":"default","site-content-layout":"","ast-site-content-layout":"default","site-content-style":"default","site-sidebar-style":"default","ast-global-header-display":"","ast-banner-title-visibility":"","ast-main-header-display":"","ast-hfb-above-header-display":"","ast-hfb-below-header-display":"","ast-hfb-mobile-header-display":"","site-post-title":"","ast-breadcrumbs-content":"","ast-featured-img":"","footer-sml-layout":"","theme-transparent-header-meta":"default","adv-header-id-meta":"","stick-header-meta":"","header-above-stick-meta":"","header-main-stick-meta":"","header-below-stick-meta":"","astra-migrate-meta-layouts":"set","ast-page-background-enabled":"default","ast-page-background-meta":{"desktop":{"background-color":"var(--ast-global-color-4)","background-image":"","background-repeat":"repeat","background-position":"center center","background-size":"auto","background-attachment":"scroll","background-type":"","background-media":"","overlay-type":"","overlay-color":"","overlay-opacity":"","overlay-gradient":""},"tablet":{"background-color":"","background-image":"","background-repeat":"repeat","background-position":"center center","background-size":"auto","background-attachment":"scroll","background-type":"","background-media":"","overlay-type":"","overlay-color":"","overlay-opacity":"","overlay-gradient":""},"mobile":{"background-color":"","background-image":"","background-repeat":"repeat","background-position":"center center","background-size":"auto","background-attachment":"scroll","background-type":"","background-media":"","overlay-type":"","overlay-color":"","overlay-opacity":"","overlay-gradient":""}},"ast-content-background-meta":{"desktop":{"background-color":"var(--ast-global-color-5)","background-image":"","background-repeat":"repeat","background-position":"center center","background-size":"auto","background-attachment":"scroll","background-type":"","background-media":"","overlay-type":"","overlay-color":"","overlay-opacity":"","overlay-gradient":""},"tablet":{"background-color":"var(--ast-global-color-5)","background-image":"","background-repeat":"repeat","background-position":"center center","background-size":"auto","background-attachment":"scroll","background-type":"","background-media":"","overlay-type":"","overlay-color":"","overlay-opacity":"","overlay-gradient":""},"mobile":{"background-color":"var(--ast-global-color-5)","background-image":"","background-repeat":"repeat","background-position":"center center","background-size":"auto","background-attachment":"scroll","background-type":"","background-media":"","overlay-type":"","overlay-color":"","overlay-opacity":"","overlay-gradient":""}},"ngg_post_thumbnail":0,"footnotes":""},"class_list":["post-2787","page","type-page","status-publish","hentry"],"_links":{"self":[{"href":"https:\/\/www2.unifap.br\/deplan\/wp-json\/wp\/v2\/pages\/2787","targetHints":{"allow":["GET"]}}],"collection":[{"href":"https:\/\/www2.unifap.br\/deplan\/wp-json\/wp\/v2\/pages"}],"about":[{"href":"https:\/\/www2.unifap.br\/deplan\/wp-json\/wp\/v2\/types\/page"}],"author":[{"embeddable":true,"href":"https:\/\/www2.unifap.br\/deplan\/wp-json\/wp\/v2\/users\/366"}],"replies":[{"embeddable":true,"href":"https:\/\/www2.unifap.br\/deplan\/wp-json\/wp\/v2\/comments?post=2787"}],"version-history":[{"count":8,"href":"https:\/\/www2.unifap.br\/deplan\/wp-json\/wp\/v2\/pages\/2787\/revisions"}],"predecessor-version":[{"id":2906,"href":"https:\/\/www2.unifap.br\/deplan\/wp-json\/wp\/v2\/pages\/2787\/revisions\/2906"}],"up":[{"embeddable":true,"href":"https:\/\/www2.unifap.br\/deplan\/wp-json\/wp\/v2\/pages\/2338"}],"wp:attachment":[{"href":"https:\/\/www2.unifap.br\/deplan\/wp-json\/wp\/v2\/media?parent=2787"}],"curies":[{"name":"wp","href":"https:\/\/api.w.org\/{rel}","templated":true}]}}