{"id":397,"date":"2017-06-19T12:31:21","date_gmt":"2017-06-19T12:31:21","guid":{"rendered":"http:\/\/www2.unifap.br\/derca\/?page_id=397"},"modified":"2020-08-10T12:15:32","modified_gmt":"2020-08-10T12:15:32","slug":"documentos","status":"publish","type":"page","link":"https:\/\/www2.unifap.br\/derca\/documentos\/","title":{"rendered":"Documentos"},"content":{"rendered":"<p><a href=\"http:\/\/www2.unifap.br\/derca\/files\/2015\/01\/arq4065.pdf\">REGIMENTO GERAL DA UNIFAP<\/a><\/p>\n<p><a href=\"http:\/\/www2.unifap.br\/derca\/files\/2017\/06\/Resolu\u00e7\u00e3o-n\u00ba-26-11-Sistematica-de-avalia\u00e7\u00e3o-UNIFAP.pdf\">Resolu\u00e7\u00e3o n\u00ba 026\/2011 Sistematica de Avalia\u00e7\u00e3o UNIFAP<\/a><\/p>\n<p><a href=\"http:\/\/www2.unifap.br\/derca\/files\/2017\/06\/Resolu\u00e7\u00e3o-n\u00ba-25-2017-Regulamenta-a-perda-de-vagas-nos-cursos-de-gradua\u00e7\u00e3o-e-torna-sem-efeito-a-resolu\u00e7\u00e3o-n\u00ba-002-2004-CONSU.pdf\">Resolu\u00e7\u00e3o n\u00ba 25-2017- Regulamenta a perda de vagas nos cursos de gradua\u00e7\u00e3o e torna sem efeito a resolu\u00e7\u00e3o n\u00ba 002-2004-CONSU<\/a><\/p>\n<p><a href=\"http:\/\/www2.unifap.br\/derca\/files\/2017\/06\/DOCUMENTOS-PARA-TRANSFER\u00caNCIA-EX-OFF\u00cdCIO.pdf\">DOCUMENTOS PARA TRANSFER\u00caNCIA EX-OFF\u00cdCIO<\/a><\/p>\n<p><a href=\"http:\/\/www2.unifap.br\/derca\/files\/2017\/06\/Cancelamento-de-Curso.pdf\">Formul\u00e1rio de Cancelamento de Curso<\/a><\/p>\n<p><a href=\"http:\/\/www2.unifap.br\/derca\/files\/2017\/06\/Resolu\u00e7\u00e3o-013-09-Travestis-e-Transexuais.pdf\">Resolu\u00e7\u00e3o 013\/2009 &#8211; Nome Social<\/a><\/p>\n<p><a href=\"http:\/\/www2.unifap.br\/derca\/files\/2017\/06\/Res.02-2004-Consu-unifap_perda_Vinculo.pdf\">Resolu\u00e7\u00e3o 02\/2004 &#8211; Perda de V\u00ednculo<\/a><\/p>\n<p><a href=\"http:\/\/www2.unifap.br\/derca\/files\/2017\/06\/REQUERIMENTOS.pdf\">REQUERIMENTO &#8211; DERCA<\/a><\/p>\n<p><a href=\"http:\/\/www2.unifap.br\/derca\/files\/2017\/06\/Nome-Social.docx\">Requerimento para utiliza\u00e7\u00e3o do Nome Social<\/a><\/p>\n<p><a href=\"http:\/\/www2.unifap.br\/derca\/files\/2020\/08\/PDF_TERMO-DE-COMPROMISSO_OUTORGA_VIRTUAL.pdf\">Termo de Compromisso de Outorga Virtual<\/a><\/p>\n","protected":false},"excerpt":{"rendered":"<p>REGIMENTO GERAL DA UNIFAP Resolu\u00e7\u00e3o n\u00ba 026\/2011 Sistematica de Avalia\u00e7\u00e3o UNIFAP Resolu\u00e7\u00e3o n\u00ba 25-2017- Regulamenta a perda de vagas nos cursos de gradua\u00e7\u00e3o e torna sem efeito a resolu\u00e7\u00e3o n\u00ba 002-2004-CONSU DOCUMENTOS PARA TRANSFER\u00caNCIA EX-OFF\u00cdCIO Formul\u00e1rio de Cancelamento de Curso Resolu\u00e7\u00e3o 013\/2009 &#8211; Nome Social Resolu\u00e7\u00e3o 02\/2004 &#8211; Perda de V\u00ednculo REQUERIMENTO &#8211; DERCA Requerimento&#8230;<\/p>\n","protected":false},"author":751,"featured_media":0,"parent":0,"menu_order":0,"comment_status":"closed","ping_status":"closed","template":"","meta":{"inline_featured_image":false,"site-sidebar-layout":"default","site-content-layout":"","ast-site-content-layout":"default","site-content-style":"default","site-sidebar-style":"default","ast-global-header-display":"","ast-banner-title-visibility":"","ast-main-header-display":"","ast-hfb-above-header-display":"","ast-hfb-below-header-display":"","ast-hfb-mobile-header-display":"","site-post-title":"","ast-breadcrumbs-content":"","ast-featured-img":"","footer-sml-layout":"","theme-transparent-header-meta":"","adv-header-id-meta":"","stick-header-meta":"","header-above-stick-meta":"","header-main-stick-meta":"","header-below-stick-meta":"","astra-migrate-meta-layouts":"default","ast-page-background-enabled":"default","ast-page-background-meta":{"desktop":{"background-color":"var(--ast-global-color-4)","background-image":"","background-repeat":"repeat","background-position":"center center","background-size":"auto","background-attachment":"scroll","background-type":"","background-media":"","overlay-type":"","overlay-color":"","overlay-opacity":"","overlay-gradient":""},"tablet":{"background-color":"","background-image":"","background-repeat":"repeat","background-position":"center center","background-size":"auto","background-attachment":"scroll","background-type":"","background-media":"","overlay-type":"","overlay-color":"","overlay-opacity":"","overlay-gradient":""},"mobile":{"background-color":"","background-image":"","background-repeat":"repeat","background-position":"center center","background-size":"auto","background-attachment":"scroll","background-type":"","background-media":"","overlay-type":"","overlay-color":"","overlay-opacity":"","overlay-gradient":""}},"ast-content-background-meta":{"desktop":{"background-color":"var(--ast-global-color-5)","background-image":"","background-repeat":"repeat","background-position":"center center","background-size":"auto","background-attachment":"scroll","background-type":"","background-media":"","overlay-type":"","overlay-color":"","overlay-opacity":"","overlay-gradient":""},"tablet":{"background-color":"var(--ast-global-color-5)","background-image":"","background-repeat":"repeat","background-position":"center center","background-size":"auto","background-attachment":"scroll","background-type":"","background-media":"","overlay-type":"","overlay-color":"","overlay-opacity":"","overlay-gradient":""},"mobile":{"background-color":"var(--ast-global-color-5)","background-image":"","background-repeat":"repeat","background-position":"center center","background-size":"auto","background-attachment":"scroll","background-type":"","background-media":"","overlay-type":"","overlay-color":"","overlay-opacity":"","overlay-gradient":""}},"ngg_post_thumbnail":0,"footnotes":""},"class_list":["post-397","page","type-page","status-publish","hentry"],"_links":{"self":[{"href":"https:\/\/www2.unifap.br\/derca\/wp-json\/wp\/v2\/pages\/397","targetHints":{"allow":["GET"]}}],"collection":[{"href":"https:\/\/www2.unifap.br\/derca\/wp-json\/wp\/v2\/pages"}],"about":[{"href":"https:\/\/www2.unifap.br\/derca\/wp-json\/wp\/v2\/types\/page"}],"author":[{"embeddable":true,"href":"https:\/\/www2.unifap.br\/derca\/wp-json\/wp\/v2\/users\/751"}],"replies":[{"embeddable":true,"href":"https:\/\/www2.unifap.br\/derca\/wp-json\/wp\/v2\/comments?post=397"}],"version-history":[{"count":16,"href":"https:\/\/www2.unifap.br\/derca\/wp-json\/wp\/v2\/pages\/397\/revisions"}],"predecessor-version":[{"id":582,"href":"https:\/\/www2.unifap.br\/derca\/wp-json\/wp\/v2\/pages\/397\/revisions\/582"}],"wp:attachment":[{"href":"https:\/\/www2.unifap.br\/derca\/wp-json\/wp\/v2\/media?parent=397"}],"curies":[{"name":"wp","href":"https:\/\/api.w.org\/{rel}","templated":true}]}}