{"id":720,"date":"2021-11-26T18:28:47","date_gmt":"2021-11-26T18:28:47","guid":{"rendered":"http:\/\/www2.unifap.br\/derca\/?page_id=720"},"modified":"2025-01-08T11:01:48","modified_gmt":"2025-01-08T14:01:48","slug":"pos-graduacao","status":"publish","type":"page","link":"https:\/\/www2.unifap.br\/derca\/dird\/agendamento-para-retirada-de-diplomas-e-certificados\/pos-graduacao\/","title":{"rendered":"P\u00d3S-GRADUA\u00c7\u00c3O"},"content":{"rendered":"<p><strong>RELA\u00c7\u00c3O NOMINAL DOS DIPLOMAS\/CERTIFICADOS PRONTOS PARA RETIRADA<\/strong><br \/>\n<strong>Favor agendar somente se o nome constar nas listagens abaixo<\/strong><\/p>\n<p><strong>LINK PARA AGENDAMENTO:\u00a0 <a href=\"https:\/\/calendly.com\/agenda-pos-unifap\/agendamento-retirada-diplomas-certif-pos-graduacao\">https:\/\/calendly.com\/agenda-pos-unifap\/agendamento-retirada-diplomas-certif-pos-graduacao<\/a><\/strong><\/p>\n<p>&nbsp;<\/p>\n<p><strong>DOUTORADO<\/strong><\/p>\n<p><strong>DOUTORADO EM BIODIVERSIDADE E BIOTECNOLOGIA \u2013 REDE BIONORTE<\/strong><br \/>\n&#8211; ROBSON CARMO LIMA<\/p>\n<p><strong>DOUTORADO EM BIODIVERSIDADE TROPICAL<br \/>\n<\/strong>&#8211; CARLIANE MARIA GUIMAR\u00c3ES ALVES<img decoding=\"async\" class=\"\" src=\"https:\/\/sintufrj.org.br\/wp-content\/uploads\/2019\/08\/selo-novo.png\" alt=\"Conv\u00eanios - Sintufrj\" width=\"48\" height=\"29\" \/><br \/>\n&#8211; HERBERT DE OLIVEIRA BARBOSA DUARTE<\/p>\n<p><strong>DOUTORADO EM INOVA\u00c7\u00c3O FARMAC\u00caUTICA<\/strong><br \/>\n&#8211; ANA PAULA SANTOS RODRIGUES<img decoding=\"async\" class=\"\" src=\"https:\/\/sintufrj.org.br\/wp-content\/uploads\/2019\/08\/selo-novo.png\" alt=\"Conv\u00eanios - Sintufrj\" width=\"48\" height=\"29\" \/><br \/>\n&#8211; PRISCILA FAIMANN SALES<\/p>\n<p>&nbsp;<\/p>\n<p><strong>MESTRADO<br \/>\n<\/strong><\/p>\n<p><strong>MESTRADO EM DESENVOLVIMENTO REGIONAL<\/strong><br \/>\n&#8211; ANDR\u00c9A FIGUEIREDO GOMES<strong><img decoding=\"async\" class=\"\" src=\"https:\/\/sintufrj.org.br\/wp-content\/uploads\/2019\/08\/selo-novo.png\" alt=\"Conv\u00eanios - Sintufrj\" width=\"48\" height=\"29\" \/><\/strong><br \/>\n&#8211; DANIELSON DA SILVA IAPARR\u00c1<br \/>\n&#8211; MAURICIO SOUZA DOS SANTOS<br \/>\n&#8211; PABLO DE CASTRO CANTU\u00c1RIA<strong><img decoding=\"async\" class=\"\" src=\"https:\/\/sintufrj.org.br\/wp-content\/uploads\/2019\/08\/selo-novo.png\" alt=\"Conv\u00eanios - Sintufrj\" width=\"48\" height=\"29\" \/><\/strong><br \/>\n&#8211; PAULO ROBERTO MIRANDA DA SILVA<br \/>\n&#8211; PATR\u00cdCIA DE JESUS SALES<br \/>\n&#8211; ROSANGELA PESS\u00d4A DA SILVA<\/p>\n<p><strong>MESTRADO PROFISSIONAL EM MATEM\u00c1TICA<\/strong><br \/>\n&#8211; ARTHUR PEIXOTO MARQUES<\/p>\n<p><strong>MESTRADO EM ESTUDOS DE FRONTEIRA<\/strong><br \/>\n&#8211; ALESSANDRA GOMES VALES<strong><img decoding=\"async\" class=\"\" src=\"https:\/\/sintufrj.org.br\/wp-content\/uploads\/2019\/08\/selo-novo.png\" alt=\"Conv\u00eanios - Sintufrj\" width=\"48\" height=\"29\" \/><\/strong><br \/>\n&#8211; ARIANE BORGES DE OLIVEIRA<\/p>\n<p><strong>MESTRADO EM EDUCA\u00c7\u00c3O<br \/>\n<\/strong>&#8211; BIANCA NASCIMENTO DOS SANTOS<br \/>\n&#8211; DANIELE PELAES DAMASCENO<strong><img decoding=\"async\" class=\"\" src=\"https:\/\/sintufrj.org.br\/wp-content\/uploads\/2019\/08\/selo-novo.png\" alt=\"Conv\u00eanios - Sintufrj\" width=\"48\" height=\"29\" \/><\/strong><br \/>\n&#8211; ELISA PATRICIA PAIVA DE ALCANTARA<br \/>\n&#8211; LEONOR BARBOSA ROCHA<br \/>\n&#8211; MARIA SONALE DE QUEIROZ<br \/>\n&#8211; PAULO RODRIGUES PANTOJA J\u00daNIOR<br \/>\n&#8211; WOLLACY ESQUERDO LIMA<\/p>\n<p><strong>MESTRADO EM CI\u00caNCIAS AMBIENTAIS<\/strong><br \/>\n&#8211; CASSIO RENATO DA GL\u00d3RIA PEREIRA DOS SANTOS<br \/>\n&#8211; JOS\u00c9 OT\u00c1VIO MOREIRA VASCONCELOS<br \/>\n&#8211; KELLY DA SILVA GON\u00c7ALVES<br \/>\n&#8211; TAIS SILVA SOUSA<\/p>\n<p><strong>MESTRADO EM CI\u00caNCIAS FARMAC\u00caUTICAS<\/strong><br \/>\n&#8211; JONATAS LOBATO DUARTE<br \/>\n&#8211; LETICIA DE OLIVEIRA MACHADO<br \/>\n&#8211; MIKAELA AMARAL FERREIRA<br \/>\n&#8211; PRISCILLA FARIAS OZELA<br \/>\n&#8211; SWANNY FERREIRA BORGES<br \/>\n&#8211; YASMIN MARIA NUNES CARDOSO<\/p>\n<p><strong>MESTRADO EM CI\u00caNCIAS DA SA\u00daDE<br \/>\n<\/strong>&#8211; CAIO C\u00c9SAR DOS REIS FA\u00c7ANHA<br \/>\n&#8211; JANAINA CORR\u00ca A DOS SANTOS<br \/>\n&#8211; LEIDILENE PINHEIRO PANTOJA ALVES<br \/>\n&#8211; TAYNARA CAMILLE GUILHERME LIMA<strong><img decoding=\"async\" class=\"\" src=\"https:\/\/sintufrj.org.br\/wp-content\/uploads\/2019\/08\/selo-novo.png\" alt=\"Conv\u00eanios - Sintufrj\" width=\"48\" height=\"29\" \/><\/strong><\/p>\n<p><strong>MESTRADO EM BIODIVERSIDADE TROPICAL<br \/>\n<\/strong>&#8211; D\u00c9BORA CRISTINA DAMASCENO DE SOUZA<strong><img decoding=\"async\" class=\"\" src=\"https:\/\/sintufrj.org.br\/wp-content\/uploads\/2019\/08\/selo-novo.png\" alt=\"Conv\u00eanios - Sintufrj\" width=\"48\" height=\"29\" \/><\/strong><\/p>\n<p><strong>MESTRADO EM PROPRIEDADE INTELECTUAL E TRANSFER\u00caNCIA DE TECNOLOGIA PARA INOVA\u00c7\u00c3O<\/strong><br \/>\n&#8211; ALINE FURTADO SIM\u00d5ES BARBOSA<strong><img decoding=\"async\" class=\"\" src=\"https:\/\/sintufrj.org.br\/wp-content\/uploads\/2019\/08\/selo-novo.png\" alt=\"Conv\u00eanios - Sintufrj\" width=\"48\" height=\"29\" \/><\/strong><br \/>\n&#8211; ALINE AGUIAR LACHAT<\/p>\n<p><strong>MESTRADO ACAD\u00caMICO EM HIST\u00d3RIA<br \/>\n<\/strong>&#8211; MARCIONE MORAES DOS SANTOS PANTOJA<\/p>\n<p><strong>MESTRADO PROFISSIONAL EM ENSINO DE HIST\u00d3RIA<br \/>\n<\/strong>&#8211; FERNANDO SILVA SOUSA<br \/>\n&#8211; GABRIEL RAIOL PINTO<strong><img decoding=\"async\" class=\"\" src=\"https:\/\/sintufrj.org.br\/wp-content\/uploads\/2019\/08\/selo-novo.png\" alt=\"Conv\u00eanios - Sintufrj\" width=\"48\" height=\"29\" \/><\/strong><br \/>\n&#8211; JOELMA DA COSTA BARBOSA SIQUEIRA<br \/>\n&#8211; MARQUES FERREIRA BARBOSA<br \/>\n&#8211; PRISCILA DA COSTA NASCIMENTO<br \/>\n&#8211; SOCORRO MADZY MARTE<strong><img decoding=\"async\" class=\"\" src=\"https:\/\/sintufrj.org.br\/wp-content\/uploads\/2019\/08\/selo-novo.png\" alt=\"Conv\u00eanios - Sintufrj\" width=\"48\" height=\"29\" \/><\/strong><\/p>\n<p><strong>MESTRADO ACAD\u00caMICO EM GEOGRAFIA<br \/>\n<\/strong>&#8211; CARLA FERNANDA ANDRADE COSTA<br \/>\n&#8211; DANUSA DA SILVEIRA MACHADO<\/p>\n<p><strong>METRADO EM DIREITO AMBIENTAL E POL\u00cdTICAS P\u00daBLICAS<\/strong><\/p>\n<p><strong>MESTRADO EM LETRAS<br \/>\n<\/strong>&#8211; ALCIR DOS SANTOS BRAGA<br \/>\n&#8211; ELANE DA SILVA VIANA<br \/>\n&#8211; ELIENAI MORAES BARBOSA<br \/>\n&#8211; ELINE SAMARA DE SOUZA SANTOS<br \/>\n&#8211; ELIZABETE DOS SANTOS POISA WAIANA<strong><img decoding=\"async\" class=\"\" src=\"https:\/\/sintufrj.org.br\/wp-content\/uploads\/2019\/08\/selo-novo.png\" alt=\"Conv\u00eanios - Sintufrj\" width=\"48\" height=\"29\" \/><\/strong><br \/>\n&#8211; ISA DOS SANTOS<br \/>\n&#8211; JO\u00c3O VITOR DE OLIVEIRA BARBOSA<br \/>\n&#8211; JOS\u00c9 HELDER DE SOUSA BRAND\u00c3O<br \/>\n&#8211; MARVEN JUNIUS DA COSTA FRANKLIN<strong><img decoding=\"async\" class=\"\" src=\"https:\/\/sintufrj.org.br\/wp-content\/uploads\/2019\/08\/selo-novo.png\" alt=\"Conv\u00eanios - Sintufrj\" width=\"48\" height=\"29\" \/><\/strong><br \/>\n&#8211; SILVIA VIDAL ALMEIDA<br \/>\n&#8211; SUELLEN BARBOSA DE ALMEIDA<br \/>\n&#8211; VALCIR DOS SANTOS BRAGA<\/p>\n<p>&nbsp;<\/p>\n<p><strong>ESPECIALIZA\u00c7\u00c3O<\/strong><\/p>\n<p><strong>ESPECIALIZA\u00c7\u00c3O EM GEST\u00c3O EM SA\u00daDE<\/strong><br \/>\n&#8211; ADELMA SANCHES PINHEIRO DAS CHAGAS<br \/>\n&#8211; DAIANNE FREIRES FERNANDES<br \/>\n&#8211; DANIELLE CARDOSO PORTILHO<br \/>\n&#8211; MARIA DE JESUS MORAIS DA SILVA<br \/>\n&#8211; VIVIANE NUNES FREIRES FERNANDES<\/p>\n<p><strong>ESPECIALIZA\u00c7\u00c3O EM SA\u00daDE DA FAM\u00cdLIA<\/strong><\/p>\n<p><strong>ESPECIALIZA\u00c7\u00c3O EM SA\u00daDE MENTAL<br \/>\n<\/strong>&#8211; ANDRESSA DA SILVA DE JESUS<\/p>\n<p><strong>ESPECIALIZA\u00c7\u00c3O EM ESTUDOS CULTURAIS E POL\u00cdTICAS P\u00daBLICAS<\/strong><br \/>\n&#8211; C\u00c1SSIO JOS\u00c9 DE FIGUEIREDO AZZE<br \/>\n&#8211; GABRIEL PINHEIRO MENEZES<br \/>\n&#8211; J\u00c9SSICA BAIA ARA\u00daJO<br \/>\n&#8211; S\u00c1VIO WENDELL BARBOSA DE ALMEIDA<\/p>\n<p><strong>ESPECIALIZA\u00c7\u00c3O EM ENFERMAGEM OBST\u00c9TRICIA<\/strong><\/p>\n<p><strong>ESPECIALIZA\u00c7\u00c3O EM LINGU\u00cdSTICA APLICADA E ENSINO DE L\u00cdNGUAS<br \/>\n<\/strong>&#8211; MARILENE PEREIRA SALAZAR DE SOUZA<\/p>\n<p><strong>ESPECIALIZA\u00c7\u00c3O EM RESID\u00caNCIA MULTIPROFISSIONAL EM SA\u00daDE COLETIVA<\/strong><br \/>\n&#8211; ANA KAROLINA LIMA DE SOUZA<br \/>\n&#8211; BLENDA MATOS DA SILVA<br \/>\n&#8211; CARLA IZABEL MORAIS MADEIRA<br \/>\n&#8211; ELAINNE ESTUMANO CASTRO DA COSTA<br \/>\n&#8211; ELOISA MELO DA SILVA<br \/>\n&#8211; FRANCISCA EVANA SANTOS ARA\u00daJO<br \/>\n&#8211; JAQUELINE BARBOSA CAMPOS<br \/>\n&#8211; JOYCE PETRINA MOURA SANTOS<br \/>\n&#8211; KAILA CORREA SANTOS<br \/>\n&#8211; PABLO ALEXSANDER TAVARES AMORAS<br \/>\n&#8211; SAMILY BATISTA DA SILVA<br \/>\n&#8211; SAMILY BATISTA DA SILVA<br \/>\n&#8211; SARAH OHRANA FREITAS DA SILVA<br \/>\n&#8211; THA\u00cdS LIMA SILVA<\/p>\n<p><strong>ESPECIALIZA\u00c7\u00c3O EM MEIO AMBIENTE, PETR\u00d3LEO E G\u00c1S<br \/>\n<\/strong>&#8211; HARLEM RAMON GOMES DE S\u00c1<\/p>\n<p><strong>ESPECIALIZA\u00c7\u00c3O EM ENSINO DE MATEM\u00c1TICA NO ENSINO M\u00c9DIO<\/strong><\/p>\n<p><strong>ESPECIALIZA\u00c7\u00c3O EM GEOGRAFIA DAS RELA\u00c7\u00d5ES SOCIOESPACIAIS NA FRONTEIRA FRANCO-BRASILEIRA<\/strong><\/p>\n<p><strong>ESPECIALIZA\u00c7\u00c3O EM RESID\u00caNCIA M\u00c9DICA &#8211; PEDIATRIA<\/strong><br \/>\n&#8211; CLOTILDE DA ROCHA FLEXA DE ANDRADE<br \/>\n&#8211; REGIANE DO SOCORRO SIQUEIRA BARRETO<\/p>\n<p><strong>ESPECIALIZA\u00c7\u00c3O EM RESID\u00caNCIA M\u00c9DICA \u2013 CL\u00cdNICA M\u00c9DICA<br \/>\n<\/strong>&#8211; GABRIELLA SOUSA DE OLIVEIRA<br \/>\n&#8211; RAFAEL RUBENS NERY BARA\u00daNA<\/p>\n<p><strong>ESPECIALIZA\u00c7\u00c3O EM RESID\u00caNCIA M\u00c9DICA &#8211; GINECOLOGIA E OBSTETR\u00cdCIA<br \/>\n<\/strong>&#8211; ALDIN\u00caS DE SOUSA ALMEIDA<br \/>\n&#8211; IANNA KARLA PEREIRA DOS SANTOS<\/p>\n<p><strong>ESPECIALIZA\u00c7\u00c3O EM RESID\u00caNCIA M\u00c9DICA &#8211; CIRURGIA GERAL<\/strong><\/p>\n<p><strong>ESPECIALIZA\u00c7\u00c3O EM RESID\u00caNCIA M\u00c9DICA &#8211; ORTOPEDIA E TRAUMATOLOGIA<\/strong><\/p>\n<p><strong>ESPECIALIZA\u00c7\u00c3O EM IGUALDADE RACIAL NA ESCOLA<br \/>\n<\/strong>&#8211; GRACIRENE JARDIM DOS SANTOS<br \/>\n&#8211; MARIA ELIZABETE RAMOS DA CONCEI\u00c7\u00c3O<strong><img decoding=\"async\" class=\"\" src=\"https:\/\/sintufrj.org.br\/wp-content\/uploads\/2019\/08\/selo-novo.png\" alt=\"Conv\u00eanios - Sintufrj\" width=\"48\" height=\"29\" \/><\/strong><br \/>\n&#8211; S\u00d4NIA MARIA BARBOSA FERNANDES<\/p>\n<p><strong>ESPECIALIZA\u00c7\u00c3O EM POL\u00cdTICA EDUCACIONAL<\/strong><br \/>\n&#8211; NOEMI CALDAS BARBOSA SANTANA<\/p>\n<p><strong>ESPECIALIZA\u00c7\u00c3O EM HIST\u00d3RIA E HISTORIOGRAFIA DA AMAZ\u00d4NIA<br \/>\n<\/strong>&#8211; DILENE CO\u00caLHO DA SILVA<\/p>\n<p><strong>ESPECIALIZA\u00c7\u00c3O EM ENSINO DE F\u00cdSICA<br \/>\n<\/strong>&#8211; IAGO FELIPE DE SOUZA SILVA<\/p>\n<p><strong>ESPECIALIZA\u00c7\u00c3O EM DOC\u00caNCIA PENITENCI\u00c1RIA<\/strong><\/p>\n<p><strong>ESPECIALIZA\u00c7\u00c3O EM ESTUDOS TEATRAIS CONTEMPOR\u00c2NEOS<br \/>\n<\/strong>&#8211; JOS\u00c9 IN\u00c1CIO PEREIRA SENA<br \/>\n&#8211; LUAN PEDRO DA SILVA DIAS<\/p>\n<p><strong>ESPECIALIZA\u00c7\u00c3O EM M\u00cdDIAS NA EDUCA\u00c7\u00c3O<br \/>\n<\/strong>&#8211; JEONDSON COSTA GOMES<br \/>\n&#8211; JOSILANIA FEITOSA DA SILVA<br \/>\n&#8211; M\u00c1RCIA CRISTINA DE ASSUN\u00c7\u00c3O MACHADO<\/p>\n<p><strong>ESPECIALIZA\u00c7\u00c3O EM ENSINO DE SOCIOLOGIA NO ENSINO M\u00c9DIO<\/strong><\/p>\n<p><strong>ESPECIALIZA\u00c7\u00c3O EM GEST\u00c3O ESCOLAR<br \/>\n<\/strong>&#8211; MOIS\u00c9S MARQUES COSTA DA SILVA<\/p>\n<p><strong style=\"font-size: 16px\">ESPECIALIZA\u00c7\u00c3O EM LINGU\u00cdSTICA PORTUGUESA<br \/>\n<\/strong>&#8211; MARIA ELZA RAIOL PICAN\u00c7O<\/p>\n<p><strong>ESPECIALIZA\u00c7\u00c3O EM ENSINO\u00a0 DE GEOGRAFIA<\/strong><\/p>\n<p><strong>ESPECIALIZA\u00c7\u00c3O EM CI\u00caNCIAS DA RELIGI\u00c3O<\/strong><br \/>\n&#8211; ADRIANO JOACY REIS DE SOUZA<br \/>\n&#8211; ANA SILVESTRE DA SILVA SANTOS<br \/>\n&#8211; CLACILDA CORDEIRO PIRES<strong><img decoding=\"async\" class=\"\" src=\"https:\/\/sintufrj.org.br\/wp-content\/uploads\/2019\/08\/selo-novo.png\" alt=\"Conv\u00eanios - Sintufrj\" width=\"48\" height=\"29\" \/><\/strong><br \/>\n&#8211; CLARA CAROLINE MAIA SIMI\u00c3O<br \/>\n&#8211; CL\u00c9A OLIVEIRA FERNANDES<strong><img decoding=\"async\" class=\"\" src=\"https:\/\/sintufrj.org.br\/wp-content\/uploads\/2019\/08\/selo-novo.png\" alt=\"Conv\u00eanios - Sintufrj\" width=\"48\" height=\"29\" \/><\/strong><br \/>\n&#8211; DULCINEIA BARBOSA DA LUZ<br \/>\n&#8211; EDILENE ARA\u00daJO DIAS<br \/>\n&#8211; ELIANE DA ROCHA BARROS<br \/>\n&#8211; ELZILENE ARA\u00daJO DIAS<br \/>\n&#8211; F\u00c1BIO BERNARDO FURTADO<br \/>\n&#8211; FABR\u00cdCIA SAITO DE OLIVEIRA<br \/>\n&#8211; GABRIELA MORAIS DA LUZ<strong><img decoding=\"async\" class=\"\" src=\"https:\/\/sintufrj.org.br\/wp-content\/uploads\/2019\/08\/selo-novo.png\" alt=\"Conv\u00eanios - Sintufrj\" width=\"48\" height=\"29\" \/><\/strong><br \/>\n&#8211; GELSON FERNANDES BONT\u00c1<strong><img decoding=\"async\" class=\"\" src=\"https:\/\/sintufrj.org.br\/wp-content\/uploads\/2019\/08\/selo-novo.png\" alt=\"Conv\u00eanios - Sintufrj\" width=\"48\" height=\"29\" \/><\/strong><br \/>\n&#8211; JEORDENIZA PEREIRA COELHO<br \/>\n&#8211; LORENA ESPIRITO SANTO DE SOUZA<br \/>\n&#8211; LUCIANE SOUZA PEREIRA<strong><img decoding=\"async\" class=\"\" src=\"https:\/\/sintufrj.org.br\/wp-content\/uploads\/2019\/08\/selo-novo.png\" alt=\"Conv\u00eanios - Sintufrj\" width=\"48\" height=\"29\" \/><\/strong><br \/>\n&#8211; MARGARIDA DO COUTO DIAS<br \/>\n&#8211; MARIA DE NAZAR\u00c9 FARIAS DE LIMA<br \/>\n&#8211; REGINA CELIA NASCIMENTO DOS SANTOS<br \/>\n&#8211; ROGER SILVA E SILVA<br \/>\n&#8211; ROSIELSON LOBATO VILHENA<strong><img decoding=\"async\" class=\"\" src=\"https:\/\/sintufrj.org.br\/wp-content\/uploads\/2019\/08\/selo-novo.png\" alt=\"Conv\u00eanios - Sintufrj\" width=\"48\" height=\"29\" \/><\/strong><br \/>\n&#8211; ROSINELMA DE OLIVEIRA MONTEIRO<\/p>\n<p><strong>ESPECIALIZA\u00c7\u00c3O EM ENSINO DE FILOSOFIA NO ENSINO M\u00c9DIO<br \/>\n<\/strong>&#8211; ALDINEIA AGUIAR SANCHES<br \/>\n&#8211; ALESSANDRO CARDOSO DA SILVA<br \/>\n&#8211; ANA MARIA FERREIRA<br \/>\n&#8211; ANDERSON PEDRO SANTOS DA SILVA<br \/>\n&#8211; ARMANDO SERGIO NUNES PEREIRA<br \/>\n&#8211; CINDI L\u00daCIA BRITO DA SILVA<br \/>\n&#8211; CRISTIANE RODRIGUE DE BRITO SANTOS<br \/>\n&#8211; DARLAN SILVA DE SENA<br \/>\n&#8211; FERNANDA FACUNDES DOS SANTOS<br \/>\n&#8211; IVETE FREITAS VALES<br \/>\n&#8211; MELIZA ONILDA DIAS LEMOS<br \/>\n&#8211; MUSIVALDO PEREIRA DOS SANTOS<br \/>\n&#8211; PATR\u00cdCIA DE SOUZA SANTOS DAMASCENO DIAS<br \/>\n&#8211; SUELI SENA DA SILVA<br \/>\n&#8211; TIM\u00d3TEO JOS\u00c9 SILVA DA TRINDADE<br \/>\n&#8211; VIN\u00cdCIUS BRITO BARROS<br \/>\n&#8211; VIT\u00d3RIA FONSECA FLORES<\/p>\n","protected":false},"excerpt":{"rendered":"<p>RELA\u00c7\u00c3O NOMINAL DOS DIPLOMAS\/CERTIFICADOS PRONTOS PARA RETIRADA Favor agendar somente se o nome constar nas listagens abaixo LINK PARA AGENDAMENTO:\u00a0 https:\/\/calendly.com\/agenda-pos-unifap\/agendamento-retirada-diplomas-certif-pos-graduacao &nbsp; DOUTORADO DOUTORADO EM BIODIVERSIDADE E BIOTECNOLOGIA \u2013 REDE BIONORTE &#8211; ROBSON CARMO LIMA DOUTORADO EM BIODIVERSIDADE TROPICAL &#8211; CARLIANE MARIA GUIMAR\u00c3ES ALVES &#8211; HERBERT DE OLIVEIRA BARBOSA DUARTE DOUTORADO EM INOVA\u00c7\u00c3O FARMAC\u00caUTICA &#8211;&#8230;<\/p>\n","protected":false},"author":425,"featured_media":0,"parent":718,"menu_order":0,"comment_status":"closed","ping_status":"closed","template":"","meta":{"inline_featured_image":false,"site-sidebar-layout":"default","site-content-layout":"default","ast-site-content-layout":"default","site-content-style":"default","site-sidebar-style":"default","ast-global-header-display":"","ast-banner-title-visibility":"","ast-main-header-display":"","ast-hfb-above-header-display":"","ast-hfb-below-header-display":"","ast-hfb-mobile-header-display":"","site-post-title":"","ast-breadcrumbs-content":"","ast-featured-img":"","footer-sml-layout":"","theme-transparent-header-meta":"default","adv-header-id-meta":"","stick-header-meta":"","header-above-stick-meta":"","header-main-stick-meta":"","header-below-stick-meta":"","astra-migrate-meta-layouts":"set","ast-page-background-enabled":"default","ast-page-background-meta":{"desktop":{"background-color":"var(--ast-global-color-4)","background-image":"","background-repeat":"repeat","background-position":"center center","background-size":"auto","background-attachment":"scroll","background-type":"","background-media":"","overlay-type":"","overlay-color":"","overlay-opacity":"","overlay-gradient":""},"tablet":{"background-color":"","background-image":"","background-repeat":"repeat","background-position":"center center","background-size":"auto","background-attachment":"scroll","background-type":"","background-media":"","overlay-type":"","overlay-color":"","overlay-opacity":"","overlay-gradient":""},"mobile":{"background-color":"","background-image":"","background-repeat":"repeat","background-position":"center center","background-size":"auto","background-attachment":"scroll","background-type":"","background-media":"","overlay-type":"","overlay-color":"","overlay-opacity":"","overlay-gradient":""}},"ast-content-background-meta":{"desktop":{"background-color":"var(--ast-global-color-5)","background-image":"","background-repeat":"repeat","background-position":"center center","background-size":"auto","background-attachment":"scroll","background-type":"","background-media":"","overlay-type":"","overlay-color":"","overlay-opacity":"","overlay-gradient":""},"tablet":{"background-color":"var(--ast-global-color-5)","background-image":"","background-repeat":"repeat","background-position":"center center","background-size":"auto","background-attachment":"scroll","background-type":"","background-media":"","overlay-type":"","overlay-color":"","overlay-opacity":"","overlay-gradient":""},"mobile":{"background-color":"var(--ast-global-color-5)","background-image":"","background-repeat":"repeat","background-position":"center center","background-size":"auto","background-attachment":"scroll","background-type":"","background-media":"","overlay-type":"","overlay-color":"","overlay-opacity":"","overlay-gradient":""}},"ngg_post_thumbnail":0,"footnotes":""},"class_list":["post-720","page","type-page","status-publish","hentry"],"_links":{"self":[{"href":"https:\/\/www2.unifap.br\/derca\/wp-json\/wp\/v2\/pages\/720","targetHints":{"allow":["GET"]}}],"collection":[{"href":"https:\/\/www2.unifap.br\/derca\/wp-json\/wp\/v2\/pages"}],"about":[{"href":"https:\/\/www2.unifap.br\/derca\/wp-json\/wp\/v2\/types\/page"}],"author":[{"embeddable":true,"href":"https:\/\/www2.unifap.br\/derca\/wp-json\/wp\/v2\/users\/425"}],"replies":[{"embeddable":true,"href":"https:\/\/www2.unifap.br\/derca\/wp-json\/wp\/v2\/comments?post=720"}],"version-history":[{"count":90,"href":"https:\/\/www2.unifap.br\/derca\/wp-json\/wp\/v2\/pages\/720\/revisions"}],"predecessor-version":[{"id":1345,"href":"https:\/\/www2.unifap.br\/derca\/wp-json\/wp\/v2\/pages\/720\/revisions\/1345"}],"up":[{"embeddable":true,"href":"https:\/\/www2.unifap.br\/derca\/wp-json\/wp\/v2\/pages\/718"}],"wp:attachment":[{"href":"https:\/\/www2.unifap.br\/derca\/wp-json\/wp\/v2\/media?parent=720"}],"curies":[{"name":"wp","href":"https:\/\/api.w.org\/{rel}","templated":true}]}}