{"id":104,"date":"2023-12-01T16:19:34","date_gmt":"2023-12-01T19:19:34","guid":{"rendered":"https:\/\/www2.unifap.br\/despl\/?page_id=104"},"modified":"2025-05-22T14:40:01","modified_gmt":"2025-05-22T17:40:01","slug":"formularios-outros-documentos","status":"publish","type":"page","link":"https:\/\/www2.unifap.br\/despl\/?page_id=104","title":{"rendered":"Formul\u00e1rios Outros Documentos"},"content":{"rendered":"<p><b>FORMUL\u00c1RIO PARA SOLICITA\u00c7\u00c3O DE HOR\u00c1RIOS NA QUADRA POLIESPORTIVA DA PROEAC!<\/b><\/p>\n<p>Ressaltamos que cada interessado tem direito a\u00a0<b>duas horas semanais<\/b>\u00a0para utiliza\u00e7\u00e3o, visando garantir um uso organizado e equitativo do espa\u00e7o.<\/p>\n<div>Essas duas horas, podem ser distribu\u00eddas em 1h em dois dias diferentes ou 2 horas no mesmo dia.<\/div>\n<div><\/div>\n<div>\n<div>Ressaltamos que, em caso de solicita\u00e7\u00f5es duplicadas para os mesmos hor\u00e1rios, ser\u00e1 dada prioridade \u00e0 solicita\u00e7\u00e3o que tiver sido enviada primeiro.<\/div>\n<div>\nAgradecemos pela colabora\u00e7\u00e3o e estamos \u00e0 disposi\u00e7\u00e3o para quaisquer esclarecimentos.<\/div>\n<\/div>\n<p style=\"text-align: center\">Link: <a href=\"https:\/\/forms.gle\/2Fqnd5zm3Xk294WQ9\">https:\/\/forms.gle\/2Fqnd5zm3Xk294WQ9<\/a><\/p>\n<p style=\"text-align: center\">Para mais informa\u00e7\u00f5es: despl@unifap.br<\/p>\n","protected":false},"excerpt":{"rendered":"<p>FORMUL\u00c1RIO PARA SOLICITA\u00c7\u00c3O DE HOR\u00c1RIOS NA QUADRA POLIESPORTIVA DA PROEAC! Ressaltamos que cada interessado tem direito a\u00a0duas horas semanais\u00a0para utiliza\u00e7\u00e3o, visando garantir um uso organizado e equitativo do espa\u00e7o. Essas duas horas, podem ser distribu\u00eddas em 1h em dois dias&hellip; <\/p>\n<p><a href=\"https:\/\/www2.unifap.br\/despl\/?page_id=104\" class=\"readmore-button\">Continue Reading<\/a><\/p>\n","protected":false},"author":3972,"featured_media":0,"parent":0,"menu_order":0,"comment_status":"closed","ping_status":"closed","template":"","meta":{"inline_featured_image":false,"footnotes":""},"class_list":["post-104","page","type-page","status-publish","hentry"],"_links":{"self":[{"href":"https:\/\/www2.unifap.br\/despl\/index.php?rest_route=\/wp\/v2\/pages\/104","targetHints":{"allow":["GET"]}}],"collection":[{"href":"https:\/\/www2.unifap.br\/despl\/index.php?rest_route=\/wp\/v2\/pages"}],"about":[{"href":"https:\/\/www2.unifap.br\/despl\/index.php?rest_route=\/wp\/v2\/types\/page"}],"author":[{"embeddable":true,"href":"https:\/\/www2.unifap.br\/despl\/index.php?rest_route=\/wp\/v2\/users\/3972"}],"replies":[{"embeddable":true,"href":"https:\/\/www2.unifap.br\/despl\/index.php?rest_route=%2Fwp%2Fv2%2Fcomments&post=104"}],"version-history":[{"count":3,"href":"https:\/\/www2.unifap.br\/despl\/index.php?rest_route=\/wp\/v2\/pages\/104\/revisions"}],"predecessor-version":[{"id":353,"href":"https:\/\/www2.unifap.br\/despl\/index.php?rest_route=\/wp\/v2\/pages\/104\/revisions\/353"}],"wp:attachment":[{"href":"https:\/\/www2.unifap.br\/despl\/index.php?rest_route=%2Fwp%2Fv2%2Fmedia&parent=104"}],"curies":[{"name":"wp","href":"https:\/\/api.w.org\/{rel}","templated":true}]}}