{"id":12811,"date":"2018-01-22T13:17:48","date_gmt":"2018-01-22T13:17:48","guid":{"rendered":"http:\/\/www2.unifap.br\/dex\/?page_id=12811"},"modified":"2018-12-14T17:53:28","modified_gmt":"2018-12-14T17:53:28","slug":"2018-2","status":"publish","type":"page","link":"https:\/\/www2.unifap.br\/dex\/2018-2\/","title":{"rendered":"2018"},"content":{"rendered":"<table width=\"461\" border=\"0\" cellspacing=\"0\" cellpadding=\"0\">\n<tbody>\n<tr>\n<td valign=\"top\">Projeto de Extens\u00e3o 019\/2017 \u2013 I Semin\u00e1rio de Est\u00e1gio Supervisionado \u2013 Palestra: Interface entre Teoria e Pr\u00e1tica<\/td>\n<td valign=\"top\"><a href=\"https:\/\/drive.google.com\/drive\/folders\/1jWRd7Fqej7mSoUH8Od5WXBV27wSeC2yN?usp=sharing\">Clique aqui<\/a><\/td>\n<\/tr>\n<tr>\n<td valign=\"top\">Projeto de Extens\u00e3o 138\/2016 \u2013 Compartilhando Saberes \u2013 Especial da M.P.A<\/td>\n<td valign=\"top\"><a href=\"https:\/\/drive.google.com\/drive\/folders\/1ii4jvlHaGemybvI5nefvOYeiP34YQShR?usp=sharing\">Clique aqui<\/a><\/td>\n<\/tr>\n<tr>\n<td valign=\"top\">Projeto de Extens\u00e3o 153\/2016 \u2013 Projeto Sa\u00fade \u00e0 Beira Rio<\/td>\n<td valign=\"top\"><a href=\"https:\/\/drive.google.com\/drive\/folders\/1PwDzdivVg0xj3mQ-omxGlNdhhbWD2rhk?usp=sharing\">Clique aqui<\/a><\/td>\n<\/tr>\n<tr>\n<td valign=\"top\">Projeto de Extens\u00e3o 154\/2016 \u2013 Projeto Sa\u00fade em Campo<\/td>\n<td valign=\"top\"><a href=\"https:\/\/drive.google.com\/drive\/folders\/1yynPXYrTtWn9LmPhZSeo4MgfBZMwC_L4?usp=sharing\">Clique aqui<\/a><\/td>\n<\/tr>\n<tr>\n<td valign=\"top\">Projeto de Extens\u00e3o 76\/2015 \u2013 Promo\u00e7\u00e3o, Prote\u00e7\u00e3o e Recupera\u00e7\u00e3o da Sa\u00fade nas Comunidades<\/td>\n<td valign=\"top\"><a href=\"https:\/\/drive.google.com\/drive\/folders\/1iWUITKmCkBQvitnTAJ7VnNE7nhVv2mUv?usp=sharing\">Clique aqui<\/a><\/td>\n<\/tr>\n<tr>\n<td valign=\"top\">Projeto de Extens\u00e3o 47\/2017 \u2013 Arte na escola: Vivendo sem fronteiras<\/td>\n<td valign=\"top\"><a href=\"https:\/\/drive.google.com\/drive\/folders\/1mqwvLF5Ma9dHQwl2_Me5wNZd1hRTY-Jr?usp=sharing\">Clique aqui<\/a><\/td>\n<\/tr>\n<tr>\n<td valign=\"top\">Projeto de Extens\u00e3o 104\/2016 \u2013 Ingl\u00eas Instrumental: Preparat\u00f3rio para Exame de Profici\u00eancia em L\u00edngua Inglesa- Mestrado e Doutorado, Palestra Estrat\u00e9gias de Leitura para Exame de Profici\u00eancia em L\u00edngua Inglesa<\/td>\n<td valign=\"top\"><a href=\"https:\/\/drive.google.com\/drive\/folders\/1Oe4ByuHccVdkThPJNa2XSW4qsiUrzyNE?usp=sharing\">Clique aqui<\/a><\/td>\n<\/tr>\n<tr>\n<td valign=\"top\">CHILE \u2013 Culturas e Hist\u00f3rias Hispano-Americanas em L\u00edngua Espanhola \u2013 Fase 2<\/td>\n<td valign=\"top\"><a href=\"https:\/\/drive.google.com\/drive\/folders\/11bferHGGkaeUz6dwGFtDk-Jbiw62fW2B?usp=sharing\">Clique aqui<\/a><\/td>\n<\/tr>\n<tr>\n<td valign=\"top\">PJ130\/2015 \u2013 Cidadania Atrav\u00e9s Do Esporte: Inclus\u00e3o Social No Munic\u00edpio De Oiapoque<\/td>\n<td valign=\"top\"><a href=\"https:\/\/drive.google.com\/drive\/folders\/1YR8jUlnXJi018CD6rTejQKb7T7sMkbw5?usp=sharing\">Clique aqui<\/a><\/td>\n<\/tr>\n<tr>\n<td valign=\"top\">PJ147\/2016 \u2013 Curso de Forma\u00e7\u00e3o de Guarda Parques<\/td>\n<td valign=\"top\"><a href=\"https:\/\/drive.google.com\/drive\/folders\/1ES6f5O8uU-suRbe7COH-vyBVyZdZNuAn?usp=sharing\">Clique aqui<\/a><\/td>\n<\/tr>\n<tr>\n<td valign=\"top\">PJ71\/2016 \u2013 CURSO DE ESPANHOL INSTRUMENTAL<\/td>\n<td valign=\"top\"><a href=\"https:\/\/drive.google.com\/drive\/folders\/1BtzN95vDyKNfsnCvek7ZqGtJlUG0MkAx?usp=sharing\">Clique aqui<\/a><\/td>\n<\/tr>\n<tr>\n<td valign=\"top\">EV024\/2017 \u2013 I\u00a0Jornada\u00a0Internacional\u00a0de\u00a0Ci\u00eancias\u00a0Jur\u00eddicas\u00a0e\u00a0Sociais\/\u00a0Campus\u00a0Binacional<\/td>\n<td valign=\"top\"><a href=\"https:\/\/drive.google.com\/drive\/folders\/19Tphy3IM-WnLPugn-DGdfPNY9U16vgzp?usp=sharing\">Clique aqui<\/a><\/td>\n<\/tr>\n<tr>\n<td valign=\"top\">PJ048-2017 \u2013 LA LINGUA ITALIANA NELL\u2019AMAZZONIA<\/td>\n<td valign=\"top\"><a href=\"https:\/\/drive.google.com\/drive\/folders\/19wDUkUtx9iJDM4nVQvNj_c1Q1LUm3bEq?usp=sharing\">Clique aqui<\/a><\/td>\n<\/tr>\n<tr>\n<td valign=\"top\">PJ131\/2016 \u2013 LABORAT\u00d3RIO DE CRIA\u00c7\u00c3O DE FIGURINOS: EXPERI\u00caNCIA E FORMA\u00c7\u00c3O ART\u00cdSTICA NA EDUCA\u00c7\u00c3O B\u00c1SICA COMO PR\u00c1TICA EXTENSIONISTA<\/td>\n<td valign=\"top\"><a href=\"https:\/\/drive.google.com\/drive\/folders\/1FTb40L3BPAPG8fku-dePFMbOE3_dP3ic?usp=sharing\">Clique aqui<\/a><\/td>\n<\/tr>\n<tr>\n<td valign=\"top\">Inova\u00e7\u00e3o e Propriedade Intelectual na Universidade.<\/td>\n<td valign=\"top\"><a href=\"https:\/\/drive.google.com\/drive\/folders\/1UwdWNFMXS0y0RcQE41tWYF4fEOi_sYmS?usp=sharing\">Clique aqui<\/a><\/td>\n<\/tr>\n<tr>\n<td valign=\"top\">CR009-2018 Teste de Micron\u00facleos: Ferramenta para o monitoramento da genotoxicidade<br \/>\npor exposi\u00e7\u00e3o ambiental e risco ocupacional<\/td>\n<td valign=\"top\"><a href=\"https:\/\/drive.google.com\/drive\/folders\/1wvpGwT4S2arkARtP-lFkY4G9U_P27iKK?usp=sharing\">Clique aqui<\/a><\/td>\n<\/tr>\n<tr>\n<td valign=\"top\">Projeto de Extens\u00e3o Libras Para a Comunidade<\/td>\n<td valign=\"top\"><a href=\"https:\/\/drive.google.com\/drive\/folders\/1Ztr9-74iVQlCLad_mA_Iezktursp7uPT?usp=sharing\">Clique aqui<\/a><\/td>\n<\/tr>\n<tr>\n<td valign=\"top\">PJ065\/2016 \u2013 SEMANA DE LETRAS BINACIONAL<\/td>\n<td valign=\"top\"><a href=\"https:\/\/drive.google.com\/drive\/folders\/1HrZvg7TkV3l4mtAXEXwqPlGJiP4lv781?usp=sharing\">Clique aqui<\/a><\/td>\n<\/tr>\n<tr>\n<td valign=\"top\">PJ086\/2016 \u2013 Educa\u00e7\u00e3o Popular e Decolonialidade<\/td>\n<td valign=\"top\"><a href=\"https:\/\/drive.google.com\/drive\/folders\/1MlJeNQhvdIMNV1iBhus60mfrDcBqa98k?usp=sharing\">Clique aqui<\/a><\/td>\n<\/tr>\n<tr>\n<td valign=\"top\">PJ087\/2016 \u2013 Epistemologias Comparadas<\/td>\n<td valign=\"top\"><a href=\"https:\/\/drive.google.com\/drive\/folders\/1MioHsGuIJCAAy4VbrUnIQdi0N3kQwzEO?usp=sharing\">Clique aqui<\/a><\/td>\n<\/tr>\n<tr>\n<td valign=\"top\">PJ089\/2016 \u2013 Epistemologia, Decolonialidade e Educa\u00e7\u00e3o Popular<\/td>\n<td valign=\"top\"><a href=\"https:\/\/drive.google.com\/drive\/folders\/1xaTEHJdApAIPPMyALXhI_KR3B5eUBj8d?usp=sharing\">Clique aqui<\/a><\/td>\n<\/tr>\n<tr>\n<td valign=\"top\">PJ06\/2018 \u2013 Projeto Compartilhando Saberes<\/td>\n<td valign=\"top\"><a href=\"https:\/\/drive.google.com\/drive\/folders\/1SaU3R8QXm1F41mwupiU6u9KbBVeqEu5e?usp=sharing\">Clique aqui<\/a><\/td>\n<\/tr>\n<tr>\n<td valign=\"top\">Comit\u00ea Ci\u00eant\u00edfico do livro Digital do Departamento de Extens\u00e3o<\/td>\n<td valign=\"top\"><a href=\"https:\/\/drive.google.com\/drive\/folders\/1SCRl-mf4XdaHOExBZsXDjivYu7bnIpC3?usp=sharing\">Clique aqui<\/a><\/td>\n<\/tr>\n<tr>\n<td valign=\"top\">Curso de Forma\u00e7\u00e3o de Tradutores e Int\u00e9rpretes de Libras-Portugu\u00eas<\/td>\n<td valign=\"top\"><a href=\"https:\/\/drive.google.com\/drive\/folders\/1H1hooDHPjxoJrmBWe6iw_OYyFM4LgQdJ?usp=sharing\">Clique aqui<\/a><\/td>\n<\/tr>\n<tr>\n<td valign=\"top\">PJ024\/2014 \u2013 Momento Biol\u00f3gico<\/td>\n<td valign=\"top\"><a href=\"https:\/\/drive.google.com\/drive\/folders\/18lA6lwIf7kHLbTgYx2q-O8SXwOaAi7VW?usp=sharing\">Clique aqui<\/a><\/td>\n<\/tr>\n<tr>\n<td valign=\"top\">Fatores de Risco para a Incontin\u00eancia Urin\u00e1ria (N\u00b0 registro 093-2016)<\/td>\n<td valign=\"top\"><a href=\"https:\/\/drive.google.com\/open?id=1WiJZVEmnI_xyKhgVbW7ahixTC4p1R1AC\">clique aqui<\/a><\/td>\n<\/tr>\n<\/tbody>\n<\/table>\n","protected":false},"excerpt":{"rendered":"<p>Projeto de Extens\u00e3o 019\/2017 \u2013 I Semin\u00e1rio de Est\u00e1gio Supervisionado \u2013 Palestra: Interface entre Teoria e Pr\u00e1tica Clique aqui Projeto de Extens\u00e3o 138\/2016 \u2013 Compartilhando Saberes \u2013 Especial da M.P.A Clique aqui Projeto de Extens\u00e3o 153\/2016 \u2013 Projeto Sa\u00fade \u00e0 Beira Rio Clique aqui Projeto de Extens\u00e3o 154\/2016 \u2013 Projeto Sa\u00fade em Campo Clique aqui&#8230;<\/p>\n","protected":false},"author":1913,"featured_media":0,"parent":0,"menu_order":0,"comment_status":"closed","ping_status":"closed","template":"","meta":{"inline_featured_image":false,"ngg_post_thumbnail":0,"footnotes":""},"class_list":["post-12811","page","type-page","status-publish","hentry","entry"],"_links":{"self":[{"href":"https:\/\/www2.unifap.br\/dex\/wp-json\/wp\/v2\/pages\/12811","targetHints":{"allow":["GET"]}}],"collection":[{"href":"https:\/\/www2.unifap.br\/dex\/wp-json\/wp\/v2\/pages"}],"about":[{"href":"https:\/\/www2.unifap.br\/dex\/wp-json\/wp\/v2\/types\/page"}],"author":[{"embeddable":true,"href":"https:\/\/www2.unifap.br\/dex\/wp-json\/wp\/v2\/users\/1913"}],"replies":[{"embeddable":true,"href":"https:\/\/www2.unifap.br\/dex\/wp-json\/wp\/v2\/comments?post=12811"}],"version-history":[{"count":49,"href":"https:\/\/www2.unifap.br\/dex\/wp-json\/wp\/v2\/pages\/12811\/revisions"}],"predecessor-version":[{"id":13231,"href":"https:\/\/www2.unifap.br\/dex\/wp-json\/wp\/v2\/pages\/12811\/revisions\/13231"}],"wp:attachment":[{"href":"https:\/\/www2.unifap.br\/dex\/wp-json\/wp\/v2\/media?parent=12811"}],"curies":[{"name":"wp","href":"https:\/\/api.w.org\/{rel}","templated":true}]}}

<table width="461" border="0" cellspacing="0" cellpadding="0">
<tbody>
<tr>
<td valign="top">Projeto de Extensão 019/2017 – I Seminário de Estágio Supervisionado – Palestra: Interface entre Teoria e Prática</td>
<td valign="top"><a href="https://drive.google.com/drive/folders/1jWRd7Fqej7mSoUH8Od5WXBV27wSeC2yN?usp=sharing">Clique aqui</a></td>
</tr>
<tr>
<td valign="top">Projeto de Extensão 138/2016 – Compartilhando Saberes – Especial da M.P.A</td>
<td valign="top"><a href="https://drive.google.com/drive/folders/1ii4jvlHaGemybvI5nefvOYeiP34YQShR?usp=sharing">Clique aqui</a></td>
</tr>
<tr>
<td valign="top">Projeto de Extensão 153/2016 – Projeto Saúde à Beira Rio</td>
<td valign="top"><a href="https://drive.google.com/drive/folders/1PwDzdivVg0xj3mQ-omxGlNdhhbWD2rhk?usp=sharing">Clique aqui</a></td>
</tr>
<tr>
<td valign="top">Projeto de Extensão 154/2016 – Projeto Saúde em Campo</td>
<td valign="top"><a href="https://drive.google.com/drive/folders/1yynPXYrTtWn9LmPhZSeo4MgfBZMwC_L4?usp=sharing">Clique aqui</a></td>
</tr>
<tr>
<td valign="top">Projeto de Extensão 76/2015 – Promoção, Proteção e Recuperação da Saúde nas Comunidades</td>
<td valign="top"><a href="https://drive.google.com/drive/folders/1iWUITKmCkBQvitnTAJ7VnNE7nhVv2mUv?usp=sharing">Clique aqui</a></td>
</tr>
<tr>
<td valign="top">Projeto de Extensão 47/2017 – Arte na escola: Vivendo sem fronteiras</td>
<td valign="top"><a href="https://drive.google.com/drive/folders/1mqwvLF5Ma9dHQwl2_Me5wNZd1hRTY-Jr?usp=sharing">Clique aqui</a></td>
</tr>
<tr>
<td valign="top">Projeto de Extensão 104/2016 – Inglês Instrumental: Preparatório para Exame de Proficiência em Língua Inglesa- Mestrado e Doutorado, Palestra Estratégias de Leitura para Exame de Proficiência em Língua Inglesa</td>
<td valign="top"><a href="https://drive.google.com/drive/folders/1Oe4ByuHccVdkThPJNa2XSW4qsiUrzyNE?usp=sharing">Clique aqui</a></td>
</tr>
<tr>
<td valign="top">CHILE – Culturas e Histórias Hispano-Americanas em Língua Espanhola – Fase 2</td>
<td valign="top"><a href="https://drive.google.com/drive/folders/11bferHGGkaeUz6dwGFtDk-Jbiw62fW2B?usp=sharing">Clique aqui</a></td>
</tr>
<tr>
<td valign="top">PJ130/2015 – Cidadania Através Do Esporte: Inclusão Social No Município De Oiapoque</td>
<td valign="top"><a href="https://drive.google.com/drive/folders/1YR8jUlnXJi018CD6rTejQKb7T7sMkbw5?usp=sharing">Clique aqui</a></td>
</tr>
<tr>
<td valign="top">PJ147/2016 – Curso de Formação de Guarda Parques</td>
<td valign="top"><a href="https://drive.google.com/drive/folders/1ES6f5O8uU-suRbe7COH-vyBVyZdZNuAn?usp=sharing">Clique aqui</a></td>
</tr>
<tr>
<td valign="top">PJ71/2016 – CURSO DE ESPANHOL INSTRUMENTAL</td>
<td valign="top"><a href="https://drive.google.com/drive/folders/1BtzN95vDyKNfsnCvek7ZqGtJlUG0MkAx?usp=sharing">Clique aqui</a></td>
</tr>
<tr>
<td valign="top">EV024/2017 – I Jornada Internacional de Ciências Jurídicas e Sociais/ Campus Binacional</td>
<td valign="top"><a href="https://drive.google.com/drive/folders/19Tphy3IM-WnLPugn-DGdfPNY9U16vgzp?usp=sharing">Clique aqui</a></td>
</tr>
<tr>
<td valign="top">PJ048-2017 – LA LINGUA ITALIANA NELL’AMAZZONIA</td>
<td valign="top"><a href="https://drive.google.com/drive/folders/19wDUkUtx9iJDM4nVQvNj_c1Q1LUm3bEq?usp=sharing">Clique aqui</a></td>
</tr>
<tr>
<td valign="top">PJ131/2016 – LABORATÓRIO DE CRIAÇÃO DE FIGURINOS: EXPERIÊNCIA E FORMAÇÃO ARTÍSTICA NA EDUCAÇÃO BÁSICA COMO PRÁTICA EXTENSIONISTA</td>
<td valign="top"><a href="https://drive.google.com/drive/folders/1FTb40L3BPAPG8fku-dePFMbOE3_dP3ic?usp=sharing">Clique aqui</a></td>
</tr>
<tr>
<td valign="top">Inovação e Propriedade Intelectual na Universidade.</td>
<td valign="top"><a href="https://drive.google.com/drive/folders/1UwdWNFMXS0y0RcQE41tWYF4fEOi_sYmS?usp=sharing">Clique aqui</a></td>
</tr>
<tr>
<td valign="top">CR009-2018 Teste de Micronúcleos: Ferramenta para o monitoramento da genotoxicidade<br />
por exposição ambiental e risco ocupacional</td>
<td valign="top"><a href="https://drive.google.com/drive/folders/1wvpGwT4S2arkARtP-lFkY4G9U_P27iKK?usp=sharing">Clique aqui</a></td>
</tr>
<tr>
<td valign="top">Projeto de Extensão Libras Para a Comunidade</td>
<td valign="top"><a href="https://drive.google.com/drive/folders/1Ztr9-74iVQlCLad_mA_Iezktursp7uPT?usp=sharing">Clique aqui</a></td>
</tr>
<tr>
<td valign="top">PJ065/2016 – SEMANA DE LETRAS BINACIONAL</td>
<td valign="top"><a href="https://drive.google.com/drive/folders/1HrZvg7TkV3l4mtAXEXwqPlGJiP4lv781?usp=sharing">Clique aqui</a></td>
</tr>
<tr>
<td valign="top">PJ086/2016 – Educação Popular e Decolonialidade</td>
<td valign="top"><a href="https://drive.google.com/drive/folders/1MlJeNQhvdIMNV1iBhus60mfrDcBqa98k?usp=sharing">Clique aqui</a></td>
</tr>
<tr>
<td valign="top">PJ087/2016 – Epistemologias Comparadas</td>
<td valign="top"><a href="https://drive.google.com/drive/folders/1MioHsGuIJCAAy4VbrUnIQdi0N3kQwzEO?usp=sharing">Clique aqui</a></td>
</tr>
<tr>
<td valign="top">PJ089/2016 – Epistemologia, Decolonialidade e Educação Popular</td>
<td valign="top"><a href="https://drive.google.com/drive/folders/1xaTEHJdApAIPPMyALXhI_KR3B5eUBj8d?usp=sharing">Clique aqui</a></td>
</tr>
<tr>
<td valign="top">PJ06/2018 – Projeto Compartilhando Saberes</td>
<td valign="top"><a href="https://drive.google.com/drive/folders/1SaU3R8QXm1F41mwupiU6u9KbBVeqEu5e?usp=sharing">Clique aqui</a></td>
</tr>
<tr>
<td valign="top">Comitê Ciêntífico do livro Digital do Departamento de Extensão</td>
<td valign="top"><a href="https://drive.google.com/drive/folders/1SCRl-mf4XdaHOExBZsXDjivYu7bnIpC3?usp=sharing">Clique aqui</a></td>
</tr>
<tr>
<td valign="top">Curso de Formação de Tradutores e Intérpretes de Libras-Português</td>
<td valign="top"><a href="https://drive.google.com/drive/folders/1H1hooDHPjxoJrmBWe6iw_OYyFM4LgQdJ?usp=sharing">Clique aqui</a></td>
</tr>
<tr>
<td valign="top">PJ024/2014 – Momento Biológico</td>
<td valign="top"><a href="https://drive.google.com/drive/folders/18lA6lwIf7kHLbTgYx2q-O8SXwOaAi7VW?usp=sharing">Clique aqui</a></td>
</tr>
<tr>
<td valign="top">Fatores de Risco para a Incontinência Urinária (N° registro 093-2016)</td>
<td valign="top"><a href="https://drive.google.com/open?id=1WiJZVEmnI_xyKhgVbW7ahixTC4p1R1AC">clique aqui</a></td>
</tr>
</tbody>
</table>

<p>Projeto de Extensão 019/2017 – I Seminário de Estágio Supervisionado – Palestra: Interface entre Teoria e Prática Clique aqui Projeto de Extensão 138/2016 – Compartilhando Saberes – Especial da M.P.A Clique aqui Projeto de Extensão 153/2016 – Projeto Saúde à Beira Rio Clique aqui Projeto de Extensão 154/2016 – Projeto Saúde em Campo Clique aqui&#8230;</p>
