{"id":1028,"date":"2020-04-15T22:50:53","date_gmt":"2020-04-15T22:50:53","guid":{"rendered":"http:\/\/www2.unifap.br\/dfch\/?page_id=1028"},"modified":"2024-07-18T22:05:36","modified_gmt":"2024-07-18T22:05:36","slug":"publicacoes","status":"publish","type":"page","link":"https:\/\/www2.unifap.br\/dfch\/publicacoes\/","title":{"rendered":"Documentos e Publica\u00e7\u00f5es"},"content":{"rendered":"\t\t<div data-elementor-type=\"wp-page\" data-elementor-id=\"1028\" class=\"elementor elementor-1028\">\n\t\t\t\t\t\t<section class=\"elementor-section elementor-top-section elementor-element elementor-element-2b0c8d83 elementor-section-boxed elementor-section-height-default elementor-section-height-default\" data-id=\"2b0c8d83\" data-element_type=\"section\" data-e-type=\"section\">\n\t\t\t\t\t\t<div class=\"elementor-container elementor-column-gap-default\">\n\t\t\t\t\t<div class=\"elementor-column elementor-col-100 elementor-top-column elementor-element elementor-element-4539463a\" data-id=\"4539463a\" data-element_type=\"column\" data-e-type=\"column\">\n\t\t\t<div class=\"elementor-widget-wrap elementor-element-populated\">\n\t\t\t\t\t\t<div class=\"elementor-element elementor-element-df79522 elementor-widget elementor-widget-text-editor\" data-id=\"df79522\" data-element_type=\"widget\" data-e-type=\"widget\" data-widget_type=\"text-editor.default\">\n\t\t\t\t<div class=\"elementor-widget-container\">\n\t\t\t\t\t\t\t\t\t<p><b>Relat\u00f3rio Final de Gest\u00e3o &#8211; bi\u00eanio 2019\/2021<\/b><\/p><p>Download: <a href=\"http:\/\/www2.unifap.br\/dfch\/files\/2022\/05\/DFCH-relatorio-de-gestao-2019-2021.pdf\" target=\"_blank\" rel=\"noopener\">AQUI<\/a><\/p><p>&#8211; &#8211; &#8211; &#8211; &#8211; &#8211; &#8211; &#8211; &#8211; &#8211; &#8211; &#8211; &#8211; &#8211; &#8211; &#8211; &#8211; &#8211; &#8211; &#8211; &#8211; &#8211; &#8211; &#8211; &#8211; &#8211; &#8211; &#8211; &#8211; &#8211; &#8211; &#8211; &#8211; &#8211; &#8211; &#8211; &#8211; &#8211; &#8211; &#8211; &#8211; &#8211; &#8211; &#8211; &#8211; &#8211; &#8211; &#8211; &#8211; &#8211; &#8211; &#8211; &#8211; &#8211; &#8211; &#8211; &#8211; &#8211; &#8211; &#8211; &#8211; &#8211; &#8211; &#8211; &#8211; &#8211; &#8211; &#8211; &#8211;<\/p><p><a href=\"http:\/\/www2.unifap.br\/dfch\/files\/2023\/08\/Formulario-Diarias-e-Passagens-PROGRAD.doc\" target=\"_blank\" rel=\"noopener\">Formul\u00e1rio Di\u00e1rias e Passagens &#8211; PROGRAD<\/a><\/p><p>&#8211; &#8211; &#8211; &#8211; &#8211; &#8211; &#8211; &#8211; &#8211; &#8211; &#8211; &#8211; &#8211; &#8211; &#8211; &#8211; &#8211; &#8211; &#8211; &#8211; &#8211; &#8211; &#8211; &#8211; &#8211; &#8211; &#8211; &#8211; &#8211; &#8211; &#8211; &#8211; &#8211; &#8211; &#8211; &#8211; &#8211; &#8211; &#8211; &#8211; &#8211; &#8211; &#8211; &#8211; &#8211; &#8211; &#8211; &#8211; &#8211; &#8211; &#8211; &#8211; &#8211; &#8211; &#8211; &#8211; &#8211; &#8211; &#8211; &#8211; &#8211; &#8211; &#8211; &#8211; &#8211; &#8211; &#8211; &#8211; &#8211;<\/p><p><em><strong>Ebooks <\/strong><\/em><\/p><p>\u00c9 com grande satisfa\u00e7\u00e3o que apresentamos as cole\u00e7\u00f5es de artigos de docentes, t\u00e9cnicos administrativos e discentes vinculados ao DFCH, sendo apresentados em formatos de <em>ebook<\/em> em parceria com a Editora Nepan (Rio Branco-AC) (www.nepaneditora.com.br).<\/p><p>Fa\u00e7a o download dos arquivos em PDF e aproveite essa excelente fonte de conhecimento e produ\u00e7\u00e3o 100% amapaense.<\/p><p><a href=\"http:\/\/www2.unifap.br\/dfch\/files\/2022\/01\/Pesquisa-em-Ci\u00eancias-Humanas-na-Amaz\u00f4nia-Amapaense-v1.pdf\" target=\"_blank\" rel=\"noopener noreferrer\">Pesquisa em Ci\u00eancias Humanas na Amaz\u00f4nia Amapaense &#8211; v1<\/a><\/p><p><a href=\"http:\/\/www2.unifap.br\/dfch\/files\/2022\/01\/Pesquisa-em-Ci\u00eancias-Humanas-na-Amaz\u00f4nia-Amapaense-v2-1.pdf\" target=\"_blank\" rel=\"noopener noreferrer\">Pesquisa em Ci\u00eancias Humanas na Amaz\u00f4nia Amapaense &#8211; v2<\/a><\/p>\t\t\t\t\t\t\t\t<\/div>\n\t\t\t\t<\/div>\n\t\t\t\t\t<\/div>\n\t\t<\/div>\n\t\t\t\t\t<\/div>\n\t\t<\/section>\n\t\t\t\t<\/div>\n\t\t","protected":false},"excerpt":{"rendered":"<p>Relat\u00f3rio Final de Gest\u00e3o &#8211; bi\u00eanio 2019\/2021 Download: AQUI &#8211; &#8211; &#8211; &#8211; &#8211; &#8211; &#8211; &#8211; &#8211; &#8211; &#8211; &#8211; &#8211; &#8211; &#8211; &#8211; &#8211; &#8211; &#8211; &#8211; &#8211; &#8211; &#8211; &#8211; &#8211; &#8211; &#8211; &#8211; &#8211; &#8211; &#8211; &#8211; &#8211; &#8211; &#8211; &#8211; &#8211; &#8211; &#8211; &#8211; &#8211; &#8211; &#8211; &#8211; &#8211; &#8211;&#8230;<\/p>\n","protected":false},"author":1815,"featured_media":0,"parent":0,"menu_order":0,"comment_status":"closed","ping_status":"closed","template":"","meta":{"inline_featured_image":false,"ngg_post_thumbnail":0,"footnotes":""},"class_list":["post-1028","page","type-page","status-publish","hentry","entry"],"_links":{"self":[{"href":"https:\/\/www2.unifap.br\/dfch\/wp-json\/wp\/v2\/pages\/1028","targetHints":{"allow":["GET"]}}],"collection":[{"href":"https:\/\/www2.unifap.br\/dfch\/wp-json\/wp\/v2\/pages"}],"about":[{"href":"https:\/\/www2.unifap.br\/dfch\/wp-json\/wp\/v2\/types\/page"}],"author":[{"embeddable":true,"href":"https:\/\/www2.unifap.br\/dfch\/wp-json\/wp\/v2\/users\/1815"}],"replies":[{"embeddable":true,"href":"https:\/\/www2.unifap.br\/dfch\/wp-json\/wp\/v2\/comments?post=1028"}],"version-history":[{"count":16,"href":"https:\/\/www2.unifap.br\/dfch\/wp-json\/wp\/v2\/pages\/1028\/revisions"}],"predecessor-version":[{"id":2762,"href":"https:\/\/www2.unifap.br\/dfch\/wp-json\/wp\/v2\/pages\/1028\/revisions\/2762"}],"wp:attachment":[{"href":"https:\/\/www2.unifap.br\/dfch\/wp-json\/wp\/v2\/media?parent=1028"}],"curies":[{"name":"wp","href":"https:\/\/api.w.org\/{rel}","templated":true}]}}