{"id":621,"date":"2025-02-10T13:56:03","date_gmt":"2025-02-10T13:56:03","guid":{"rendered":"https:\/\/www2.unifap.br\/dgo\/?page_id=621"},"modified":"2025-02-10T13:56:03","modified_gmt":"2025-02-10T13:56:03","slug":"legislacao-sobre-orcamento","status":"publish","type":"page","link":"https:\/\/www2.unifap.br\/dgo\/legislacao-sobre-orcamento\/","title":{"rendered":"Legisla\u00e7\u00e3o sobre Or\u00e7amento"},"content":{"rendered":"<p><a href=\"https:\/\/www2.camara.leg.br\/orcamento-da-uniao\/legislacao_correlata\">Legisla\u00e7\u00e3o sobre Or\u00e7amento P\u00fablico<\/a><\/p>\n","protected":false},"excerpt":{"rendered":"<p>Legisla\u00e7\u00e3o sobre Or\u00e7amento P\u00fablico<\/p>\n","protected":false},"author":538,"featured_media":0,"parent":0,"menu_order":0,"comment_status":"closed","ping_status":"closed","template":"","meta":{"inline_featured_image":false,"ngg_post_thumbnail":0,"footnotes":""},"class_list":["post-621","page","type-page","status-publish","hentry"],"_links":{"self":[{"href":"https:\/\/www2.unifap.br\/dgo\/wp-json\/wp\/v2\/pages\/621","targetHints":{"allow":["GET"]}}],"collection":[{"href":"https:\/\/www2.unifap.br\/dgo\/wp-json\/wp\/v2\/pages"}],"about":[{"href":"https:\/\/www2.unifap.br\/dgo\/wp-json\/wp\/v2\/types\/page"}],"author":[{"embeddable":true,"href":"https:\/\/www2.unifap.br\/dgo\/wp-json\/wp\/v2\/users\/538"}],"replies":[{"embeddable":true,"href":"https:\/\/www2.unifap.br\/dgo\/wp-json\/wp\/v2\/comments?post=621"}],"version-history":[{"count":1,"href":"https:\/\/www2.unifap.br\/dgo\/wp-json\/wp\/v2\/pages\/621\/revisions"}],"predecessor-version":[{"id":622,"href":"https:\/\/www2.unifap.br\/dgo\/wp-json\/wp\/v2\/pages\/621\/revisions\/622"}],"wp:attachment":[{"href":"https:\/\/www2.unifap.br\/dgo\/wp-json\/wp\/v2\/media?parent=621"}],"curies":[{"name":"wp","href":"https:\/\/api.w.org\/{rel}","templated":true}]}}