{"id":225,"date":"2016-12-21T17:07:12","date_gmt":"2016-12-21T17:07:12","guid":{"rendered":"http:\/\/www2.unifap.br\/direito-oiapoque\/?page_id=225"},"modified":"2017-11-21T18:05:31","modified_gmt":"2017-11-21T18:05:31","slug":"nucleo-de-pratica-juridica-npj","status":"publish","type":"page","link":"https:\/\/www2.unifap.br\/direito-oiapoque\/nucleo-de-pratica-juridica-npj\/","title":{"rendered":"N\u00daCLEO DE PR\u00c1TICA JUR\u00cdDICA-NPJ"},"content":{"rendered":"<p>COORDENADOR: TANCREDO CASTELO BRANCO NETO (ESPECIALISTA\/MESTRANDO)<\/p>\n<p>SUBSTITUTO EVENTUAL: OT\u00c1VIO LUIS CIQUEIRA COUTO (MESTRE)<\/p>\n<p><a href=\"http:\/\/www2.unifap.br\/direito-oiapoque\/files\/2016\/12\/REGIMENTO-DO-N\u00daCLEO-DE-PR\u00c1TICA-JUR\u00cdDICA.pdf\">REGIMENTO DO N\u00daCLEO DE PR\u00c1TICA JUR\u00cdDICA<\/a><\/p>\n<p><a href=\"http:\/\/www2.unifap.br\/direito-oiapoque\/files\/2016\/12\/REGIMENTO-INTERNO-DAS-ATIVIDADES-COMPLEMENTARES-ACCs.pdf\">REGIMENTO INTERNO DAS ATIVIDADES COMPLEMENTARES &#8211; ACCs<\/a><\/p>\n<p><a href=\"http:\/\/www2.unifap.br\/direito-oiapoque\/files\/2016\/12\/REGIMENTO-DO-TRABALHO-DE-CONCLUS\u00c3O-TCC.pdf\">REGIMENTO DO TRABALHO DE CONCLUS\u00c3O &#8211; TCC<\/a><\/p>\n","protected":false},"excerpt":{"rendered":"<p>COORDENADOR: TANCREDO CASTELO BRANCO NETO (ESPECIALISTA\/MESTRANDO) SUBSTITUTO EVENTUAL: OT\u00c1VIO LUIS CIQUEIRA COUTO (MESTRE) REGIMENTO DO N\u00daCLEO DE PR\u00c1TICA JUR\u00cdDICA REGIMENTO INTERNO DAS ATIVIDADES COMPLEMENTARES &#8211; ACCs REGIMENTO DO TRABALHO DE CONCLUS\u00c3O &#8211; TCC<\/p>\n","protected":false},"author":837,"featured_media":0,"parent":0,"menu_order":0,"comment_status":"open","ping_status":"open","template":"","meta":{"inline_featured_image":false,"ngg_post_thumbnail":0,"footnotes":""},"class_list":["post-225","page","type-page","status-publish","hentry","entry"],"_links":{"self":[{"href":"https:\/\/www2.unifap.br\/direito-oiapoque\/wp-json\/wp\/v2\/pages\/225","targetHints":{"allow":["GET"]}}],"collection":[{"href":"https:\/\/www2.unifap.br\/direito-oiapoque\/wp-json\/wp\/v2\/pages"}],"about":[{"href":"https:\/\/www2.unifap.br\/direito-oiapoque\/wp-json\/wp\/v2\/types\/page"}],"author":[{"embeddable":true,"href":"https:\/\/www2.unifap.br\/direito-oiapoque\/wp-json\/wp\/v2\/users\/837"}],"replies":[{"embeddable":true,"href":"https:\/\/www2.unifap.br\/direito-oiapoque\/wp-json\/wp\/v2\/comments?post=225"}],"version-history":[{"count":5,"href":"https:\/\/www2.unifap.br\/direito-oiapoque\/wp-json\/wp\/v2\/pages\/225\/revisions"}],"predecessor-version":[{"id":378,"href":"https:\/\/www2.unifap.br\/direito-oiapoque\/wp-json\/wp\/v2\/pages\/225\/revisions\/378"}],"wp:attachment":[{"href":"https:\/\/www2.unifap.br\/direito-oiapoque\/wp-json\/wp\/v2\/media?parent=225"}],"curies":[{"name":"wp","href":"https:\/\/api.w.org\/{rel}","templated":true}]}}