{"id":307,"date":"2017-08-14T19:35:42","date_gmt":"2017-08-14T19:35:42","guid":{"rendered":"http:\/\/www2.unifap.br\/direito-oiapoque\/?page_id=307"},"modified":"2024-05-24T21:52:49","modified_gmt":"2024-05-24T21:52:49","slug":"regimentos-e-resolucoes","status":"publish","type":"page","link":"https:\/\/www2.unifap.br\/direito-oiapoque\/regimentos-e-resolucoes\/","title":{"rendered":"REGIMENTOS E RESOLU\u00c7\u00d5ES"},"content":{"rendered":"<p><strong>REGIMENTOS E RESOLU\u00c7\u00d5ES<\/strong><\/p>\n<p>Links<strong>:<\/strong><\/p>\n<p><a href=\"http:\/\/www2.unifap.br\/direito-oiapoque\/files\/2021\/02\/REGIMENTO-TCC-2021.pdf\">REGIMENTO TCC 2021<\/a><\/p>\n<p><a href=\"http:\/\/www2.unifap.br\/direito-oiapoque\/files\/2017\/08\/Regimento-eleitoral.pdf\">Regimento Eleitoral<\/a><\/p>\n","protected":false},"excerpt":{"rendered":"<p>REGIMENTOS E RESOLU\u00c7\u00d5ES Links: REGIMENTO TCC 2021 Regimento Eleitoral<\/p>\n","protected":false},"author":837,"featured_media":0,"parent":0,"menu_order":0,"comment_status":"open","ping_status":"open","template":"","meta":{"inline_featured_image":false,"ngg_post_thumbnail":0,"footnotes":""},"class_list":["post-307","page","type-page","status-publish","hentry","entry"],"_links":{"self":[{"href":"https:\/\/www2.unifap.br\/direito-oiapoque\/wp-json\/wp\/v2\/pages\/307","targetHints":{"allow":["GET"]}}],"collection":[{"href":"https:\/\/www2.unifap.br\/direito-oiapoque\/wp-json\/wp\/v2\/pages"}],"about":[{"href":"https:\/\/www2.unifap.br\/direito-oiapoque\/wp-json\/wp\/v2\/types\/page"}],"author":[{"embeddable":true,"href":"https:\/\/www2.unifap.br\/direito-oiapoque\/wp-json\/wp\/v2\/users\/837"}],"replies":[{"embeddable":true,"href":"https:\/\/www2.unifap.br\/direito-oiapoque\/wp-json\/wp\/v2\/comments?post=307"}],"version-history":[{"count":7,"href":"https:\/\/www2.unifap.br\/direito-oiapoque\/wp-json\/wp\/v2\/pages\/307\/revisions"}],"predecessor-version":[{"id":1231,"href":"https:\/\/www2.unifap.br\/direito-oiapoque\/wp-json\/wp\/v2\/pages\/307\/revisions\/1231"}],"wp:attachment":[{"href":"https:\/\/www2.unifap.br\/direito-oiapoque\/wp-json\/wp\/v2\/media?parent=307"}],"curies":[{"name":"wp","href":"https:\/\/api.w.org\/{rel}","templated":true}]}}