{"id":3027,"date":"2025-09-08T20:44:47","date_gmt":"2025-09-08T20:44:47","guid":{"rendered":"https:\/\/www2.unifap.br\/dpg\/?page_id=3027"},"modified":"2026-04-01T17:49:41","modified_gmt":"2026-04-01T17:49:41","slug":"legislacao","status":"publish","type":"page","link":"https:\/\/www2.unifap.br\/dpg\/legislacao\/","title":{"rendered":"Legisla\u00e7\u00e3o"},"content":{"rendered":"<h2>UNIFAP<\/h2>\n<p><strong><a href=\"http:\/\/www2.unifap.br\/dpg\/files\/2016\/03\/RegGeralP\u00f3s2016.pdf\">REGIMENTO GERAL DA P\u00d3S-GRADUA\u00c7\u00c3O &#8211; UNIFAP<\/a><\/strong><br \/>\n<strong><a href=\"http:\/\/www2.unifap.br\/dpg\/files\/2017\/09\/Guia-de-Editais-PS-pos-graduacao-V1_1.pdf\"><br \/>\nGUIA DE ELABORA\u00c7\u00c3O DE EDITAIS DE PROCESSOS SELETIVOS (PDF)<\/a><\/strong><br \/>\n<strong><a href=\"http:\/\/www2.unifap.br\/dpg\/files\/2017\/09\/Guia-de-Editais-PS-pos-graduacao-V1_1.pdf\"><br \/>\nMODELO DE EDITAL DE PROCESSO SELETIVO<\/a><\/strong><br \/>\n<strong><a href=\"http:\/\/www2.unifap.br\/dpg\/files\/2023\/01\/Resoluo_21.2022_-_de_13.12.2022_-_CONSU_-_Institui_a_Poltica_de_Aces_Afirmati.pdf\"><br \/>\nRESOLU\u00c7\u00c3O DE POLITICA DE A\u00c7\u00d5ES AFIRMATIVAS (PAAf) DA UNIVERSIDADE FEDERAL DO AMAP\u00c1(UNIFAP)&nbsp;<\/a><\/strong><br \/>\n<strong><a href=\"http:\/\/cad.capes.gov.br\/ato-administrativo-detalhar?idAtoAdmElastic=438#anchor\"><br \/>\nPORTARIA N\u00ba 156, DE 28 DE NOVEMBRO DE 2014 &#8211; REGULAMENTO PROAP<\/a><\/strong><\/p>\n<p><strong><a href=\"http:\/\/www2.unifap.br\/dpg\/files\/2025\/06\/ORDEM-DE-SERVICO-No-001-DE-2025-DPG.pdf\">ORDEM DE SERVI\u00c7O N\u00ba 001 DE 2025 &#8211; DPG<\/a><\/strong><\/p>\n<p>Estabelece diretrizes e define o fluxo procedimental para a tramita\u00e7\u00e3o e an\u00e1lise de editais de processos seletivos dos Programas de P\u00f3s-Gradua\u00e7\u00e3o Stricto Sensu da Universidade Federal do Amap\u00e1 \u2013 UNIFAP<\/p>\n<p><a href=\"http:\/\/www2.unifap.br\/dpg\/files\/2025\/06\/ORDEM-DE-SERVICO-No-002-DE-2025-DPG.pdf\"><strong>ORDEM DE SERVI\u00c7O N\u00ba 002 DE 2025 &#8211; DPG<\/strong><\/a><\/p>\n<p>Disp\u00f5e sobre os procedimentos e crit\u00e9rios para agendamento de salas de aula vinculadas ao Departamento de P\u00f3s-Gradua\u00e7\u00e3o \u2013 DPG no \u00e2mbito da UNIFAP<\/p>\n<p><a href=\"http:\/\/www2.unifap.br\/dpg\/files\/2026\/02\/ORDEM-DE-SERVICO-No-001-DE-2026-DPG.pdf\"><strong>ORDEM DE SERVI\u00c7O N\u00ba 001 DE 2026 &#8211; DPG<\/strong><\/a><\/p>\n<p>Estabelece os procedimentos para solicita\u00e7\u00e3o de moradia de residentes m\u00e9dicos e multiprofissionais na Casa do Estudante da Universidade Federal do Amap\u00e1 (UNIFAP)<\/p>\n<p><a href=\"https:\/\/www2.unifap.br\/dpg\/legislacao\/os-002-de-2026-dpg-unifap\/\"><strong>ORDEM DE SERVI\u00c7O N\u00ba 002\/2026 \u2013 DPG\/PROPESPG\/UNIFAP<\/strong><\/a><\/p>\n<p>Regulamenta os procedimentos, prazos e os documentos comprobat\u00f3rios exigidos para o encerramento do afastamento para qualifica\u00e7\u00e3o docente (Mestrado, Doutorado, Est\u00e1gio de P\u00f3s-doutorado e Est\u00e1gio (MINTER\/DINTER), no \u00e2mbito do Departamento de P\u00f3s-Gradua\u00e7\u00e3o da UNIFAP.<\/p>\n<p><a href=\"https:\/\/www2.unifap.br\/dpg\/legislacao\/acordo-de-cooperacao-tecnica-no-005-2025-sesa-unifap\/\"><strong>ACORDO DE COOPERA\u00c7\u00c3O T\u00c9CNICA N\u00ba 005\/2025 \u2013 SESA\/UNIFAP<\/strong><\/a><\/p>\n<p>&nbsp;<\/p>\n<p>&nbsp;<\/p>\n<h2>CAPES &#8211; Demanda Social<\/h2>\n<p><strong><a href=\"http:\/\/www2.unifap.br\/dpg\/files\/2019\/10\/Portaria_076_RegulamentoDS.pdf\">PORTARIA N. 76, de 14 de abril de 2010<\/a><\/strong><\/p>\n<p><a href=\"http:\/\/www2.unifap.br\/dpg\/files\/2023\/03\/PORTARIA-CAPES-No-40-DE-6-DE-MARCO-DE-2023-PORTARIA-CAPES-No-40-DE-6-DE-MARCO-DE-2023-DOU.pdf\"><strong>PORTARIA N. 40, de 06 de mar\u00e7o de 2023<\/strong><\/a><\/p>\n<p><a href=\"http:\/\/www2.unifap.br\/dpg\/files\/2024\/08\/Acumulo-de-bolsa-Portaria-no-133-de-10-de-Julho-de-2023.pdf\"><strong>PORTARIA CAPES N\u00ba 133, DE 10 DE JULHO DE 2023- Acumulo de bolsa<\/strong><\/a><\/p>\n<p><a href=\"http:\/\/www2.unifap.br\/dpg\/files\/2024\/08\/Criterio-de-distribuicao-de-bolsa-Portaria-no-80-de-11-de-Marco-de-2024-1.pdf\"><strong>PORTARIA CAPES N\u00ba 80, DE 11 DE MAR\u00c7O DE 2024-Distrbui\u00e7\u00e3o de bolsa<\/strong><\/a><\/p>\n<p><a href=\"http:\/\/www2.unifap.br\/dpg\/files\/2023\/05\/PORTARIA-CAPES-No-79-DE-28-DE-ABRIL-DE-2023-ALTERACAO-DO-ANEXO-DA-PORTARIA-CAPES-No-76-DE-14-DE-ABRIL-DE-2010-DOU-Imprensa-Nacional.pdf\"><strong>PORTARIA CAPES N\u00ba 79, DE 28 DE ABRIL DE 2023<\/strong><\/a><\/p>\n<p><strong><a href=\"http:\/\/www2.unifap.br\/dpg\/files\/2023\/08\/Portaria-248-CAPES-2011-licenca-maternidade-de-bolsista.pdf\">PORTARIA No &#8211; 248, DE 19 DE DEZEMBRO DE 2011 &#8211; Licen\u00e7a maternidade para bolsista<\/a><\/strong><\/p>\n<p><strong><a href=\"https:\/\/www.gov.br\/capes\/pt-br\/centrais-de-conteudo\/documentos\/30122024_SEI_2513263_Oficio_Circular_17.pdf\">Of\u00edcio Circular n\u00ba 17\/2024-CGFIP\/DPB\/CAPES<\/a> \u2013 <a href=\"https:\/\/www.gov.br\/capes\/pt-br\/centrais-de-conteudo\/documentos\/30122024_SEI_2513263_Oficio_Circular_17.pdf\">calend\u00e1rio 2025<\/a><\/strong><\/p>\n<h2>CAPES &#8211; PNPD<\/h2>\n<p><strong><a href=\"http:\/\/www2.unifap.br\/dpg\/files\/2019\/10\/PNPD_novo_portaria_86_2013_regulamento.pdf\">PNPD &#8211; PORTARIA N\u00ba 086, DE 03 DE JULHO DE 2013<\/a><\/strong><\/p>\n<p><strong>INSTRU\u00c7\u00d5ES PARA EFETIVA\u00c7\u00c3O DE BOLSA PNPD \/ CAPES<\/strong><\/p>\n<p><strong>Vig\u00eancia e dura\u00e7\u00e3o da Bolsa<\/strong>: de acordo com o edital&nbsp;<\/p>\n<p><strong>Data de entrega dos documentos<\/strong>: de acordo com o edital<\/p>\n<p><strong>Documentos a serem entregues na secretaria:<\/strong><\/p>\n<ul>\n<li><a href=\"http:\/\/www2.unifap.br\/dpg\/files\/2021\/04\/FORMULARIO_DE_DADOS_PESSOAIS_PNPD.pdf\">Formul\u00e1rio de Dados pessoais<\/a><\/li>\n<li><u>Comprovante da conta banc\u00e1ria do Banco do Brasil (<\/u>Nome, Ag\u00eancia e Conta-Corrente)<\/li>\n<\/ul>\n<p>Aten\u00e7\u00e3o: N\u00e3o pode ser conta conjunta, conta sal\u00e1rio e\/ou Conta Poupan\u00e7a<\/p>\n<table style=\"height: 718px\" width=\"741\">\n<tbody>\n<tr>\n<td width=\"142\"><strong>Modalidade de bolsa<\/strong><\/td>\n<td width=\"142\"><strong>P\u00fablico alvo<\/strong><\/td>\n<td width=\"142\"><strong>Aceita v\u00ednculo empregat\u00edcio?<\/strong><\/td>\n<td width=\"142\"><strong>Dura\u00e7\u00e3o m\u00e1xima<\/strong><\/td>\n<\/tr>\n<tr>\n<td width=\"142\">A<\/td>\n<td width=\"142\">Brasileiros ou estrangeiros residentes no Brasil e portadores de visto tempor\u00e1rio.<\/td>\n<td width=\"142\">N\u00e3o, o bolsista n\u00e3o pode manter v\u00ednculos empregat\u00edcios de nenhuma esp\u00e9cie enquanto bolsista.<\/td>\n<td width=\"142\">At\u00e9 60 meses.<\/td>\n<\/tr>\n<tr>\n<td width=\"142\">B<\/td>\n<td width=\"142\">Estrangeiros residentes no exterior.<\/td>\n<td width=\"142\">N\u00e3o, o bolsista n\u00e3o pode manter v\u00ednculos empregat\u00edcios de nenhuma esp\u00e9cie enquanto bolsista.<\/td>\n<td width=\"142\">At\u00e9 60 meses.<\/td>\n<\/tr>\n<tr>\n<td width=\"142\">C<\/td>\n<td width=\"142\">Brasileiros ou estrangeiros residentes no Brasil e empregados como docentes em IES ou pesquisadores em institui\u00e7\u00f5es p\u00fablicas de pesquisa.<\/td>\n<td width=\"142\">Sim, desde que o bolsista mantenha-se afastado das atividades e n\u00e3o mantenha o v\u00ednculo com a mesma IES de onde prov\u00e9m a bolsa PNPD.<\/td>\n<td width=\"142\">At\u00e9 12 meses<\/td>\n<\/tr>\n<\/tbody>\n<\/table>\n<ul>\n<li><u>Termo&nbsp;de Compromisso<\/u>(verifique qual modelo \u00e9 adequado a sua situa\u00e7\u00e3o)<\/li>\n<\/ul>\n<p>&nbsp;<\/p>\n<p><a href=\"http:\/\/www2.unifap.br\/dpg\/files\/2021\/04\/Termo-Compromisso-anexo-II.-a_PNPD-CAPES_Residente-no-Brasil.pdf\">Anexo II.a<\/a> \u2013 brasileiro residente no Brasil<\/p>\n<p>&nbsp;<\/p>\n<p><a href=\"http:\/\/www2.unifap.br\/dpg\/files\/2021\/04\/Termo-Compromisso-anexo-II.b_PNPD-CAPES_Brasileiro-residente-no-exterior-ou-estrangeiro.pdf\">Anexo II.b<\/a> \u2013 brasileiro residente no Exterior ou Estrangeiro<\/p>\n<p>&nbsp;<\/p>\n<p><a href=\"http:\/\/www2.unifap.br\/dpg\/files\/2021\/04\/Termo-Compromisso-anexo-II.c_PNPD-CAPES_Docente-ou-Pesquisador-com-vinculo-em-IES-ou-Instituicoes-publicas-de-pesquisa.pdf\">Anexo II.c<\/a> \u2013 Docente ou Pesquisador com v\u00ednculo em IES ou Institui\u00e7\u00f5es p\u00fablicas de pesquisa<\/p>\n<h2>CNPq<\/h2>\n<ul>\n<li>Documentos oficiais<\/li>\n<li>Portarias<\/li>\n<\/ul>\n<p>&nbsp;<\/p>\n","protected":false},"excerpt":{"rendered":"<p>UNIFAP REGIMENTO GERAL DA P\u00d3S-GRADUA\u00c7\u00c3O &#8211; UNIFAP GUIA DE ELABORA\u00c7\u00c3O DE EDITAIS DE PROCESSOS SELETIVOS (PDF) MODELO DE EDITAL DE&#8230;<\/p>\n","protected":false},"author":3840,"featured_media":0,"parent":0,"menu_order":0,"comment_status":"closed","ping_status":"closed","template":"","meta":{"inline_featured_image":false,"site-sidebar-layout":"default","site-content-layout":"","ast-site-content-layout":"default","site-content-style":"default","site-sidebar-style":"default","ast-global-header-display":"","ast-banner-title-visibility":"","ast-main-header-display":"","ast-hfb-above-header-display":"","ast-hfb-below-header-display":"","ast-hfb-mobile-header-display":"","site-post-title":"","ast-breadcrumbs-content":"","ast-featured-img":"","footer-sml-layout":"","theme-transparent-header-meta":"default","adv-header-id-meta":"","stick-header-meta":"","header-above-stick-meta":"","header-main-stick-meta":"","header-below-stick-meta":"","astra-migrate-meta-layouts":"set","ast-page-background-enabled":"default","ast-page-background-meta":{"desktop":{"background-color":"var(--ast-global-color-5)","background-image":"","background-repeat":"repeat","background-position":"center center","background-size":"auto","background-attachment":"scroll","background-type":"","background-media":"","overlay-type":"","overlay-color":"","overlay-opacity":"","overlay-gradient":""},"tablet":{"background-color":"","background-image":"","background-repeat":"repeat","background-position":"center center","background-size":"auto","background-attachment":"scroll","background-type":"","background-media":"","overlay-type":"","overlay-color":"","overlay-opacity":"","overlay-gradient":""},"mobile":{"background-color":"","background-image":"","background-repeat":"repeat","background-position":"center center","background-size":"auto","background-attachment":"scroll","background-type":"","background-media":"","overlay-type":"","overlay-color":"","overlay-opacity":"","overlay-gradient":""}},"ast-content-background-meta":{"desktop":{"background-color":"var(--ast-global-color-4)","background-image":"","background-repeat":"repeat","background-position":"center center","background-size":"auto","background-attachment":"scroll","background-type":"","background-media":"","overlay-type":"","overlay-color":"","overlay-opacity":"","overlay-gradient":""},"tablet":{"background-color":"var(--ast-global-color-4)","background-image":"","background-repeat":"repeat","background-position":"center center","background-size":"auto","background-attachment":"scroll","background-type":"","background-media":"","overlay-type":"","overlay-color":"","overlay-opacity":"","overlay-gradient":""},"mobile":{"background-color":"var(--ast-global-color-4)","background-image":"","background-repeat":"repeat","background-position":"center center","background-size":"auto","background-attachment":"scroll","background-type":"","background-media":"","overlay-type":"","overlay-color":"","overlay-opacity":"","overlay-gradient":""}},"ngg_post_thumbnail":0,"footnotes":""},"class_list":["post-3027","page","type-page","status-publish","hentry"],"_links":{"self":[{"href":"https:\/\/www2.unifap.br\/dpg\/wp-json\/wp\/v2\/pages\/3027","targetHints":{"allow":["GET"]}}],"collection":[{"href":"https:\/\/www2.unifap.br\/dpg\/wp-json\/wp\/v2\/pages"}],"about":[{"href":"https:\/\/www2.unifap.br\/dpg\/wp-json\/wp\/v2\/types\/page"}],"author":[{"embeddable":true,"href":"https:\/\/www2.unifap.br\/dpg\/wp-json\/wp\/v2\/users\/3840"}],"replies":[{"embeddable":true,"href":"https:\/\/www2.unifap.br\/dpg\/wp-json\/wp\/v2\/comments?post=3027"}],"version-history":[{"count":24,"href":"https:\/\/www2.unifap.br\/dpg\/wp-json\/wp\/v2\/pages\/3027\/revisions"}],"predecessor-version":[{"id":3357,"href":"https:\/\/www2.unifap.br\/dpg\/wp-json\/wp\/v2\/pages\/3027\/revisions\/3357"}],"wp:attachment":[{"href":"https:\/\/www2.unifap.br\/dpg\/wp-json\/wp\/v2\/media?parent=3027"}],"curies":[{"name":"wp","href":"https:\/\/api.w.org\/{rel}","templated":true}]}}