{"id":2090,"date":"2015-03-05T14:24:17","date_gmt":"2015-03-05T14:24:17","guid":{"rendered":"http:\/\/www2.unifap.br\/dpq\/?page_id=2090"},"modified":"2018-06-13T12:10:22","modified_gmt":"2018-06-13T12:10:22","slug":"projetos-cadastrados","status":"publish","type":"page","link":"https:\/\/www2.unifap.br\/dpq\/registro-de-pesquisas\/projetos-cadastrados\/","title":{"rendered":"Projetos Cadastrados"},"content":{"rendered":"<p style=\"text-align: justify\">A lista de projetos registrados no Departamento de Pesquisa da UNIFAP est\u00e1 dispon\u00edvel no link abaixo:<\/p>\n<p style=\"text-align: justify\"><strong><a href=\"https:\/\/sigaa.unifap.br\/sigaa\/public\/pesquisa\/consulta_projetos.jsf?aba=p-pesquisa\">Buscar Pesquisas no SIGAA<\/a><\/strong><\/p>\n<p>\u00a0Para realizar a busca, deve ser selecionado o ano de refer\u00eancia e clicar em\u00a0<a href=\"http:\/\/www2.unifap.br\/dpq\/files\/2015\/03\/Buscar.jpg\"><img decoding=\"async\" class=\"alignnone size-full wp-image-3668\" alt=\"\" src=\"http:\/\/www2.unifap.br\/dpq\/files\/2015\/03\/Buscar.jpg\" width=\"49\" height=\"15\" \/><\/a>, exemplo na imagem a seguir:<\/p>\n<p><a href=\"http:\/\/www2.unifap.br\/dpq\/files\/2015\/03\/Busca-SIGAA1.jpg\"><img decoding=\"async\" class=\"alignnone size-medium wp-image-3670\" alt=\"Busca SIGAA\" src=\"http:\/\/www2.unifap.br\/dpq\/files\/2015\/03\/Busca-SIGAA1-300x143.jpg\" width=\"300\" height=\"143\" srcset=\"https:\/\/www2.unifap.br\/dpq\/files\/2015\/03\/Busca-SIGAA1-300x143.jpg 300w, https:\/\/www2.unifap.br\/dpq\/files\/2015\/03\/Busca-SIGAA1.jpg 931w\" sizes=\"(max-width: 300px) 100vw, 300px\" \/><\/a><\/p>\n<p>Para informa\u00e7\u00f5es detalhadas, solicitar formalmente ao DPq atrav\u00e9s de memorando eletr\u00f4nico ou e-mail (dpq@unifap.br).<\/p>\n<p>&nbsp;<\/p>\n<p>&nbsp;<\/p>\n<p>&nbsp;<\/p>\n<p>&nbsp;<\/p>\n<p>&nbsp;<\/p>\n<p>&nbsp;<\/p>\n","protected":false},"excerpt":{"rendered":"<p>A lista de projetos registrados no Departamento de Pesquisa da UNIFAP est\u00e1 dispon\u00edvel no link abaixo: Buscar Pesquisas no SIGAA \u00a0Para realizar a busca, deve ser selecionado o ano de refer\u00eancia e clicar em\u00a0, exemplo na imagem a seguir: Para informa\u00e7\u00f5es detalhadas, solicitar formalmente ao DPq atrav\u00e9s de memorando eletr\u00f4nico ou e-mail (dpq@unifap.br). &nbsp; &nbsp;&#8230;<\/p>\n","protected":false},"author":176,"featured_media":0,"parent":2690,"menu_order":0,"comment_status":"open","ping_status":"open","template":"","meta":{"inline_featured_image":false,"ngg_post_thumbnail":0,"footnotes":""},"class_list":["post-2090","page","type-page","status-publish","hentry","entry"],"_links":{"self":[{"href":"https:\/\/www2.unifap.br\/dpq\/wp-json\/wp\/v2\/pages\/2090","targetHints":{"allow":["GET"]}}],"collection":[{"href":"https:\/\/www2.unifap.br\/dpq\/wp-json\/wp\/v2\/pages"}],"about":[{"href":"https:\/\/www2.unifap.br\/dpq\/wp-json\/wp\/v2\/types\/page"}],"author":[{"embeddable":true,"href":"https:\/\/www2.unifap.br\/dpq\/wp-json\/wp\/v2\/users\/176"}],"replies":[{"embeddable":true,"href":"https:\/\/www2.unifap.br\/dpq\/wp-json\/wp\/v2\/comments?post=2090"}],"version-history":[{"count":111,"href":"https:\/\/www2.unifap.br\/dpq\/wp-json\/wp\/v2\/pages\/2090\/revisions"}],"predecessor-version":[{"id":3672,"href":"https:\/\/www2.unifap.br\/dpq\/wp-json\/wp\/v2\/pages\/2090\/revisions\/3672"}],"up":[{"embeddable":true,"href":"https:\/\/www2.unifap.br\/dpq\/wp-json\/wp\/v2\/pages\/2690"}],"wp:attachment":[{"href":"https:\/\/www2.unifap.br\/dpq\/wp-json\/wp\/v2\/media?parent=2090"}],"curies":[{"name":"wp","href":"https:\/\/api.w.org\/{rel}","templated":true}]}}