{"id":2715,"date":"2016-06-15T18:47:12","date_gmt":"2016-06-15T18:47:12","guid":{"rendered":"http:\/\/www2.unifap.br\/dpq\/?page_id=2715"},"modified":"2025-07-01T11:00:02","modified_gmt":"2025-07-01T14:00:02","slug":"procedimentos-para-solicitar-prorrogacao-do-prazo-de-execucao-de-pesquisa","status":"publish","type":"page","link":"https:\/\/www2.unifap.br\/dpq\/registro-de-pesquisas\/procedimentos-para-solicitar-prorrogacao-do-prazo-de-execucao-de-pesquisa\/","title":{"rendered":"PROCEDIMENTOS PARA SOLICITAR PRORROGA\u00c7\u00c3O DO PRAZO DE EXECU\u00c7\u00c3O DE PESQUISA"},"content":{"rendered":"<p style=\"text-align: justify\">1)&nbsp;&nbsp;&nbsp;&nbsp;&nbsp; <strong>PARA PROJETOS SEM FINANCIAMENTO EXTERNO<\/strong>:<\/p>\n<p style=\"text-align: justify\">Para solicitar prorroga\u00e7\u00e3o do prazo de execu\u00e7\u00e3o de projeto de pesquisa sem financiamento externo, o(a) coordenador(a) do projeto deve encaminhar ao DPq a seguinte documenta\u00e7\u00e3o:<\/p>\n<p style=\"text-align: justify;padding-left: 40px\">a)&nbsp; &nbsp; Solicita\u00e7\u00e3o de Prorroga\u00e7\u00e3o, devidamente preenchida e assinada pelo(a) coordenador(a) do projeto.<\/p>\n<p style=\"text-align: justify;padding-left: 40px\">b)&nbsp; &nbsp;Relat\u00f3rio referente ao per\u00edodo de vig\u00eancia do projeto; anexar ao relat\u00f3rio comprovante das produ\u00e7\u00f5es cient\u00edficas citadas.<\/p>\n<p style=\"text-align: justify;padding-left: 40px\">c)&nbsp; &nbsp;Novo cronograma de atividades , contemplando o per\u00edodo de prorroga\u00e7\u00e3o solicitado (prazo m\u00e1ximo de 01 ano, conforme art. 14 da <span style=\"color: #0000ff\"><a href=\"http:\/\/www2.unifap.br\/dpq\/registro-de-pesquisas\/resolucao-0142010-normas-de-atividades-de-pesquisa\/\"><span style=\"color: #0000ff\">Resolu\u00e7\u00e3o n\u00ba 026\/2016 &#8211; CONSU<\/span><\/a><\/span>).<\/p>\n<p><a href=\"https:\/\/www2.unifap.br\/dpq\/registro-de-pesquisas\/procedimentos-para-solicitar-prorrogacao-do-prazo-de-execucao-de-pesquisa\/solicitacao-de-prorrogacao-de-prazo-de-execucao-5\/\" target=\"_blank\" rel=\"attachment noopener wp-att-7903\">SOLICITACAO-DE-PRORROGACAO-DE-PRAZO-DE-EXECUCAO (baixar)<\/a><\/p>\n<h5><span style=\"color: #ff0000\">Obs.: Usar, preferencialmente, o navegador Firefox para fazer o download do arquivo.<\/span><\/h5>\n<p style=\"text-align: justify\"><strong>Os documentos devem ser encaminhados exclusivamente de forma digital<\/strong>, atrav\u00e9s de memorando da coordena\u00e7\u00e3o do curso de vincula\u00e7\u00e3o do(a) coordenador(a) do projeto, devidamente cadastrado no SIPAC.&nbsp; A an\u00e1lise do pedido de prorroga\u00e7\u00e3o \u00e9 realizada pelo<span style=\"color: #0000ff\">&nbsp;<\/span><span style=\"color: #0000ff\"><span style=\"color: #0000ff\"><a href=\"http:\/\/www2.unifap.br\/dpq\/registro-de-pesquisas\/comite-assessor-de-pesquisa\/\"><span style=\"color: #0000ff\">Comit\u00ea Assessor de Pesquisa<\/span><\/a> <\/span><\/span>.<\/p>\n<p style=\"text-align: justify\">2)&nbsp;&nbsp;&nbsp;&nbsp;&nbsp; <strong>PARA PROJETOS COM FINANCIAMENTO EXTERNO<\/strong>:<\/p>\n<p style=\"text-align: justify\">Para solicitar prorroga\u00e7\u00e3o do prazo de execu\u00e7\u00e3o de projeto de pesquisa com financiamento externo, o(a) coordenador(a) do projeto deve encaminhar ao DPq documento oficial do \u00f3rg\u00e3o de fomento que comprove o novo prazo de execu\u00e7\u00e3o. Em caso de projetos que adquiriram financiamento ap\u00f3s o registro no DPq, deve ser enviado tamb\u00e9m documento comprobat\u00f3rio.<\/p>\n<p style=\"text-align: justify\">Os documentos devem ser encaminhados exclusivamente de forma digital, atrav\u00e9s de memorando da coordena\u00e7\u00e3o do curso de vincula\u00e7\u00e3o do(a) coordenador(a) do projeto, devidamente cadastrado no SIPAC. A an\u00e1lise do pedido de prorroga\u00e7\u00e3o \u00e9 realizada pelo Diretor do Departamento de Pesquisa.<\/p>\n","protected":false},"excerpt":{"rendered":"<p>1)&nbsp;&nbsp;&nbsp;&nbsp;&nbsp; PARA PROJETOS SEM FINANCIAMENTO EXTERNO: Para solicitar prorroga\u00e7\u00e3o do prazo de execu\u00e7\u00e3o de projeto de pesquisa sem financiamento externo, o(a) coordenador(a) do projeto deve encaminhar ao DPq a seguinte documenta\u00e7\u00e3o: a)&nbsp; &nbsp; Solicita\u00e7\u00e3o de Prorroga\u00e7\u00e3o, devidamente preenchida e assinada pelo(a) coordenador(a) do projeto. b)&nbsp; &nbsp;Relat\u00f3rio referente ao per\u00edodo de vig\u00eancia do projeto; anexar ao&#8230;<\/p>\n","protected":false},"author":176,"featured_media":0,"parent":2690,"menu_order":8,"comment_status":"open","ping_status":"open","template":"","meta":{"inline_featured_image":false,"ngg_post_thumbnail":0,"footnotes":""},"class_list":["post-2715","page","type-page","status-publish","hentry","entry"],"_links":{"self":[{"href":"https:\/\/www2.unifap.br\/dpq\/wp-json\/wp\/v2\/pages\/2715","targetHints":{"allow":["GET"]}}],"collection":[{"href":"https:\/\/www2.unifap.br\/dpq\/wp-json\/wp\/v2\/pages"}],"about":[{"href":"https:\/\/www2.unifap.br\/dpq\/wp-json\/wp\/v2\/types\/page"}],"author":[{"embeddable":true,"href":"https:\/\/www2.unifap.br\/dpq\/wp-json\/wp\/v2\/users\/176"}],"replies":[{"embeddable":true,"href":"https:\/\/www2.unifap.br\/dpq\/wp-json\/wp\/v2\/comments?post=2715"}],"version-history":[{"count":27,"href":"https:\/\/www2.unifap.br\/dpq\/wp-json\/wp\/v2\/pages\/2715\/revisions"}],"predecessor-version":[{"id":7904,"href":"https:\/\/www2.unifap.br\/dpq\/wp-json\/wp\/v2\/pages\/2715\/revisions\/7904"}],"up":[{"embeddable":true,"href":"https:\/\/www2.unifap.br\/dpq\/wp-json\/wp\/v2\/pages\/2690"}],"wp:attachment":[{"href":"https:\/\/www2.unifap.br\/dpq\/wp-json\/wp\/v2\/media?parent=2715"}],"curies":[{"name":"wp","href":"https:\/\/api.w.org\/{rel}","templated":true}]}}