{"id":2735,"date":"2016-07-05T20:36:00","date_gmt":"2016-07-05T20:36:00","guid":{"rendered":"http:\/\/www2.unifap.br\/dpq\/?page_id=2735"},"modified":"2017-06-09T14:17:15","modified_gmt":"2017-06-09T14:17:15","slug":"termos-de-alteracao-em-projetos-de-pesquisa","status":"publish","type":"page","link":"https:\/\/www2.unifap.br\/dpq\/registro-de-pesquisas\/termos-de-alteracao-em-projetos-de-pesquisa\/","title":{"rendered":"TERMOS DE ALTERA\u00c7\u00c3O EM PROJETOS DE PESQUISA"},"content":{"rendered":"<p style=\"text-align: justify\">Os termos abaixo devem ser preenchidos, assinados e encaminhados de forma digitalizada, via \u00a0memorando cadastrado no SIPAC \u00a0pela \u00a0coordena\u00e7\u00e3o do curso de vincula\u00e7\u00e3o do coordenador do projeto.<\/p>\n<p style=\"text-align: justify\">Para projetos do Campus Binacional\/Oiapoque, as solicita\u00e7\u00f5es devem ser encaminhadas de forma digitalizada, via \u00a0memorando cadastrado no SIPAC, atrav\u00e9s da COPEA\/DIPESPG.<\/p>\n<p><span style=\"color: #0000ff\"><a href=\"http:\/\/www2.unifap.br\/dpq\/files\/2016\/07\/TERMO-DE-ALTERA\u00c7\u00c3O-DE-COLABORADOR-DE-ATIVIDADE-DE-PESQUISA1.doc\"><span style=\"color: #0000ff\">TERMO-DE-ALTERA\u00c7\u00c3O-DE-COLABORADOR-DE-ATIVIDADE-DE-PESQUISA (clique aqui)<\/span><\/a><\/span><\/p>\n<p><span style=\"color: #0000ff\"><a href=\"http:\/\/www2.unifap.br\/dpq\/files\/2016\/07\/TERMO-DE-ALTERA\u00c7\u00c3O-DE-CARGA-HOR\u00c1RIA-DE-ATIVIDADE-DE-PESQUISA2.doc\"><span style=\"color: #0000ff\">TERMO-DE-ALTERA\u00c7\u00c3O-DE-CARGA-HOR\u00c1RIA-DE-ATIVIDADE-DE-PESQUISA (clique aqui)<\/span><\/a><\/span><\/p>\n","protected":false},"excerpt":{"rendered":"<p>Os termos abaixo devem ser preenchidos, assinados e encaminhados de forma digitalizada, via \u00a0memorando cadastrado no SIPAC \u00a0pela \u00a0coordena\u00e7\u00e3o do curso de vincula\u00e7\u00e3o do coordenador do projeto. Para projetos do Campus Binacional\/Oiapoque, as solicita\u00e7\u00f5es devem ser encaminhadas de forma digitalizada, via \u00a0memorando cadastrado no SIPAC, atrav\u00e9s da COPEA\/DIPESPG. TERMO-DE-ALTERA\u00c7\u00c3O-DE-COLABORADOR-DE-ATIVIDADE-DE-PESQUISA (clique aqui) TERMO-DE-ALTERA\u00c7\u00c3O-DE-CARGA-HOR\u00c1RIA-DE-ATIVIDADE-DE-PESQUISA (clique aqui)<\/p>\n","protected":false},"author":176,"featured_media":0,"parent":2690,"menu_order":0,"comment_status":"open","ping_status":"open","template":"","meta":{"inline_featured_image":false,"ngg_post_thumbnail":0,"footnotes":""},"class_list":["post-2735","page","type-page","status-publish","hentry","entry"],"_links":{"self":[{"href":"https:\/\/www2.unifap.br\/dpq\/wp-json\/wp\/v2\/pages\/2735","targetHints":{"allow":["GET"]}}],"collection":[{"href":"https:\/\/www2.unifap.br\/dpq\/wp-json\/wp\/v2\/pages"}],"about":[{"href":"https:\/\/www2.unifap.br\/dpq\/wp-json\/wp\/v2\/types\/page"}],"author":[{"embeddable":true,"href":"https:\/\/www2.unifap.br\/dpq\/wp-json\/wp\/v2\/users\/176"}],"replies":[{"embeddable":true,"href":"https:\/\/www2.unifap.br\/dpq\/wp-json\/wp\/v2\/comments?post=2735"}],"version-history":[{"count":11,"href":"https:\/\/www2.unifap.br\/dpq\/wp-json\/wp\/v2\/pages\/2735\/revisions"}],"predecessor-version":[{"id":3209,"href":"https:\/\/www2.unifap.br\/dpq\/wp-json\/wp\/v2\/pages\/2735\/revisions\/3209"}],"up":[{"embeddable":true,"href":"https:\/\/www2.unifap.br\/dpq\/wp-json\/wp\/v2\/pages\/2690"}],"wp:attachment":[{"href":"https:\/\/www2.unifap.br\/dpq\/wp-json\/wp\/v2\/media?parent=2735"}],"curies":[{"name":"wp","href":"https:\/\/api.w.org\/{rel}","templated":true}]}}