{"id":2805,"date":"2016-07-07T18:24:05","date_gmt":"2016-07-07T18:24:05","guid":{"rendered":"http:\/\/www2.unifap.br\/dpq\/?page_id=2805"},"modified":"2021-05-20T20:37:26","modified_gmt":"2021-05-20T20:37:26","slug":"modelos-de-projetos-e-de-relatorios-de-pesquisa","status":"publish","type":"page","link":"https:\/\/www2.unifap.br\/dpq\/registro-de-pesquisas\/modelos-de-projetos-e-de-relatorios-de-pesquisa\/","title":{"rendered":"PROCEDIMENTOS PARA ENVIO DO RELAT\u00d3RIO FINAL DE PROJETO DE PESQUISA"},"content":{"rendered":"<p style=\"text-align: justify\">Os relat\u00f3rios devem ser encaminhados atrav\u00e9s da coordena\u00e7\u00e3o do curso a qual esteja vinculado o coordenador do projeto, de forma exclusivamente digital, via memorando cadastrado no SIPAC, conforme <strong><a href=\"http:\/\/www2.unifap.br\/dpq\/files\/2021\/05\/Modelo-de-Relat\u00f3rio-Final-Projetos.doc\">este modelo (clique para baixar)<\/a><\/strong>. &nbsp;Os relat\u00f3rios ser\u00e3o analisados pelo <span style=\"color: #0000ff\"><a href=\"http:\/\/www2.unifap.br\/dpq\/registro-de-pesquisas\/comite-assessor-de-pesquisa\/\"><span style=\"color: #0000ff\">Comit\u00ea Assessor de Pesquisa<\/span><\/a><\/span>, que emitir\u00e1 parecer favor\u00e1vel ou desfavor\u00e1vel, conforme<span style=\"color: #0000ff\"> <a href=\"http:\/\/www2.unifap.br\/dpq\/registro-de-pesquisas\/resolucao-0142010-normas-de-atividades-de-pesquisa\/\"><span style=\"color: #0000ff\">Resolu\u00e7\u00e3o 026\/2016-CONSU<\/span><\/a><\/span>. <strong>Devem ser anexados documentos comprobat\u00f3rios das produ\u00e7\u00f5es cient\u00edficas citadas no projeto, conforme artigo 19 da referida resolu\u00e7\u00e3o.<\/strong><\/p>\n<p>Para projetos cadastrados no SIGAA, preencher tamb\u00e9m o relat\u00f3rio final no sistema (resumo expandido),&nbsp; conforme este<strong>&nbsp;<a href=\"https:\/\/docs.info.ufrn.br\/doku.php?id=suporte:manuais:sigaa:portal_do_docente:pesquisa:relatorios_anuais_de_projeto:submeter\">tutorial<\/a><\/strong><\/p>\n<p><strong>Observa\u00e7\u00e3o: Este procedimento n\u00e3o \u00e9 v\u00e1lido para relat\u00f3rios finais de inicia\u00e7\u00e3o cient\u00edfica, que s\u00e3o relativos a planos de trabalho e preenchidos exclusivamente no SIGAA.&nbsp;<\/strong><\/p>\n","protected":false},"excerpt":{"rendered":"<p>Os relat\u00f3rios devem ser encaminhados atrav\u00e9s da coordena\u00e7\u00e3o do curso a qual esteja vinculado o coordenador do projeto, de forma exclusivamente digital, via memorando cadastrado no SIPAC, conforme este modelo (clique para baixar). &nbsp;Os relat\u00f3rios ser\u00e3o analisados pelo Comit\u00ea Assessor de Pesquisa, que emitir\u00e1 parecer favor\u00e1vel ou desfavor\u00e1vel, conforme Resolu\u00e7\u00e3o 026\/2016-CONSU. Devem ser anexados documentos&#8230;<\/p>\n","protected":false},"author":176,"featured_media":0,"parent":2690,"menu_order":0,"comment_status":"open","ping_status":"open","template":"","meta":{"inline_featured_image":false,"ngg_post_thumbnail":0,"footnotes":""},"class_list":["post-2805","page","type-page","status-publish","hentry","entry"],"_links":{"self":[{"href":"https:\/\/www2.unifap.br\/dpq\/wp-json\/wp\/v2\/pages\/2805","targetHints":{"allow":["GET"]}}],"collection":[{"href":"https:\/\/www2.unifap.br\/dpq\/wp-json\/wp\/v2\/pages"}],"about":[{"href":"https:\/\/www2.unifap.br\/dpq\/wp-json\/wp\/v2\/types\/page"}],"author":[{"embeddable":true,"href":"https:\/\/www2.unifap.br\/dpq\/wp-json\/wp\/v2\/users\/176"}],"replies":[{"embeddable":true,"href":"https:\/\/www2.unifap.br\/dpq\/wp-json\/wp\/v2\/comments?post=2805"}],"version-history":[{"count":15,"href":"https:\/\/www2.unifap.br\/dpq\/wp-json\/wp\/v2\/pages\/2805\/revisions"}],"predecessor-version":[{"id":4341,"href":"https:\/\/www2.unifap.br\/dpq\/wp-json\/wp\/v2\/pages\/2805\/revisions\/4341"}],"up":[{"embeddable":true,"href":"https:\/\/www2.unifap.br\/dpq\/wp-json\/wp\/v2\/pages\/2690"}],"wp:attachment":[{"href":"https:\/\/www2.unifap.br\/dpq\/wp-json\/wp\/v2\/media?parent=2805"}],"curies":[{"name":"wp","href":"https:\/\/api.w.org\/{rel}","templated":true}]}}