{"id":13043,"date":"2020-04-30T14:47:48","date_gmt":"2020-04-30T14:47:48","guid":{"rendered":"http:\/\/www2.unifap.br\/drh\/?page_id=13043"},"modified":"2022-09-15T06:12:47","modified_gmt":"2022-09-15T06:12:47","slug":"manual-de-procedimentos","status":"publish","type":"page","link":"https:\/\/www2.unifap.br\/drh\/manual-de-procedimentos\/","title":{"rendered":"MANUAL PROGEP"},"content":{"rendered":"<p><a href=\"https:\/\/www2.unifap.br\/drh\/files\/2020\/09\/MANUAL-PROGEP-4.pdf\"><img fetchpriority=\"high\" decoding=\"async\" class=\"aligncenter size-large wp-image-12993\" src=\"http:\/\/www2.unifap.br\/drh\/files\/2020\/04\/capa-1024x704.png\" alt=\"\" width=\"550\" height=\"378\" srcset=\"https:\/\/www2.unifap.br\/drh\/files\/2020\/04\/capa-1024x704.png 1024w, https:\/\/www2.unifap.br\/drh\/files\/2020\/04\/capa-300x206.png 300w, https:\/\/www2.unifap.br\/drh\/files\/2020\/04\/capa-768x528.png 768w, https:\/\/www2.unifap.br\/drh\/files\/2020\/04\/capa.png 1261w\" sizes=\"(max-width: 550px) 100vw, 550px\" \/><\/a>A Pr\u00f3-Reitoria de Gest\u00e3o de Pessoas (PROGEP) lan\u00e7a o&nbsp;<strong>\u2018Manual B\u00e1sico de Procedimentos\u2019,<\/strong>&nbsp;documento de car\u00e1ter informativo sobre as principais atividades executadas na Pr\u00f3-Reitoria, com uso destinado aos servidores da Universidade Federal do Amap\u00e1 (UNIFAP). Al\u00e9m de informa\u00e7\u00f5es e instru\u00e7\u00f5es sobre procedimentos administrativos realizados pela PROGEP, o Manual B\u00e1sico de Procedimentos disp\u00f5e orienta\u00e7\u00f5es quanto aos direitos e deveres do servidor, normas de trabalho, remunera\u00e7\u00e3o e benef\u00edcios.<\/p>\n<p>\u201cNossa inten\u00e7\u00e3o \u00e9 dar autonomia para que o servidor consiga entender os procedimentos que devem ser adotados para que consiga acessar os servi\u00e7os que a PROGEP fornece, tanto na \u00e1rea de administra\u00e7\u00e3o que trata da vida funcional do servidor, quanto do aspecto do desenvolvimento que est\u00e1 relacionamento as capacita\u00e7\u00f5es, qualifica\u00e7\u00f5es, progress\u00f5es, servi\u00e7os de sa\u00fade e qualidade de vida\u201d, explica a Pr\u00f3-Reitora da PROGEP, Cleidiane Facundes.<\/p>\n<p>As a\u00e7\u00f5es de administra\u00e7\u00e3o e desenvolvimento de recursos humanos, dentro da UNIFAP, s\u00e3o de responsabilidade da Pr\u00f3-Reitoria de Gest\u00e3o de Pessoas (PROGEP). Deste modo, alcan\u00e7a as atividades referentes \u00e0 capacita\u00e7\u00e3o e qualifica\u00e7\u00e3o de servidores, acompanhamento da execu\u00e7\u00e3o da folha de pagamento, acompanhamento e controle de cargos e fun\u00e7\u00f5es, planejamento de atividades t\u00e9cnico-administrativo e outras. O Manual B\u00e1sico de Procedimentos da PROGEP oferece esclarecimentos sobre os assuntos referidos.<\/p>\n<p><strong>Equipe respons\u00e1vel&nbsp;<\/strong><\/p>\n<p>A elabora\u00e7\u00e3o do material foi supervisionada pela&nbsp;Pr\u00f3-Reitora,&nbsp;Cleidiane Facundes Monteiro Nascimento, com a colabora\u00e7\u00e3o dos servidores da UNIFAP:&nbsp;Ananias Costa Oliveira,&nbsp;Isan da Costa Oliveira Junior,&nbsp;Luanda Amoras Pinto de Melo,&nbsp;Manoelle da Silva Silva,&nbsp;Railson Silva Pereira e&nbsp;Renato Ara\u00fajo da Silva.<\/p>\n<p>Baixe o <strong><a href=\"http:\/\/www2.unifap.br\/drh\/files\/2020\/09\/MANUAL-PROGEP-4.pdf\">MANUAL PROGEP<\/a><\/strong><\/p>\n<p>Texto: Ascom\/Unifap<\/p>\n","protected":false},"excerpt":{"rendered":"<p>A Pr\u00f3-Reitoria de Gest\u00e3o de Pessoas (PROGEP) lan\u00e7a o&nbsp;\u2018Manual B\u00e1sico de Procedimentos\u2019,&nbsp;documento de car\u00e1ter informativo sobre as principais atividades executadas na Pr\u00f3-Reitoria, com uso destinado aos servidores da Universidade Federal do Amap\u00e1 (UNIFAP). Al\u00e9m de informa\u00e7\u00f5es e instru\u00e7\u00f5es sobre procedimentos administrativos realizados pela PROGEP, o Manual B\u00e1sico de Procedimentos disp\u00f5e orienta\u00e7\u00f5es quanto aos direitos e&#8230;<\/p>\n","protected":false},"author":3860,"featured_media":0,"parent":0,"menu_order":0,"comment_status":"closed","ping_status":"closed","template":"","meta":{"inline_featured_image":false,"ngg_post_thumbnail":0,"footnotes":""},"class_list":["post-13043","page","type-page","status-publish","hentry","entry"],"_links":{"self":[{"href":"https:\/\/www2.unifap.br\/drh\/wp-json\/wp\/v2\/pages\/13043","targetHints":{"allow":["GET"]}}],"collection":[{"href":"https:\/\/www2.unifap.br\/drh\/wp-json\/wp\/v2\/pages"}],"about":[{"href":"https:\/\/www2.unifap.br\/drh\/wp-json\/wp\/v2\/types\/page"}],"author":[{"embeddable":true,"href":"https:\/\/www2.unifap.br\/drh\/wp-json\/wp\/v2\/users\/3860"}],"replies":[{"embeddable":true,"href":"https:\/\/www2.unifap.br\/drh\/wp-json\/wp\/v2\/comments?post=13043"}],"version-history":[{"count":8,"href":"https:\/\/www2.unifap.br\/drh\/wp-json\/wp\/v2\/pages\/13043\/revisions"}],"predecessor-version":[{"id":15019,"href":"https:\/\/www2.unifap.br\/drh\/wp-json\/wp\/v2\/pages\/13043\/revisions\/15019"}],"wp:attachment":[{"href":"https:\/\/www2.unifap.br\/drh\/wp-json\/wp\/v2\/media?parent=13043"}],"curies":[{"name":"wp","href":"https:\/\/api.w.org\/{rel}","templated":true}]}}