{"id":15736,"date":"2023-01-10T14:22:58","date_gmt":"2023-01-10T14:22:58","guid":{"rendered":"https:\/\/www2.unifap.br\/drh\/?page_id=15736"},"modified":"2023-01-10T14:47:46","modified_gmt":"2023-01-10T14:47:46","slug":"2022-2","status":"publish","type":"page","link":"https:\/\/www2.unifap.br\/drh\/2022-2\/","title":{"rendered":"2022"},"content":{"rendered":"\t\t<div data-elementor-type=\"wp-page\" data-elementor-id=\"15736\" class=\"elementor elementor-15736\">\n\t\t\t\t\t\t<section class=\"elementor-section elementor-top-section elementor-element elementor-element-306e3803 elementor-section-boxed elementor-section-height-default elementor-section-height-default\" data-id=\"306e3803\" data-element_type=\"section\" data-e-type=\"section\">\n\t\t\t\t\t\t<div class=\"elementor-container elementor-column-gap-default\">\n\t\t\t\t\t<div class=\"elementor-column elementor-col-100 elementor-top-column elementor-element elementor-element-58f11a0b\" data-id=\"58f11a0b\" data-element_type=\"column\" data-e-type=\"column\">\n\t\t\t<div class=\"elementor-widget-wrap elementor-element-populated\">\n\t\t\t\t\t\t<div class=\"elementor-element elementor-element-e7f30ba elementor-widget elementor-widget-text-editor\" data-id=\"e7f30ba\" data-element_type=\"widget\" data-e-type=\"widget\" data-widget_type=\"text-editor.default\">\n\t\t\t\t<div class=\"elementor-widget-container\">\n\t\t\t\t\t\t\t\t\t<p>\u00a0<\/p><p><b><u>INSTRU\u00c7\u00c3O NORMATIVA &#8211; 2022<\/u><\/b><\/p><p>\u00a0<\/p><p>\u00a0<\/p><p><a href=\"http:\/\/www2.unifap.br\/drh\/files\/2022\/12\/INSTRUO_NORMATIVA_PROGEP_UNIFAP_N_1_2022_ok.pdf\"><strong>INSTRU\u00c7\u00c3O NORMATIVA 001\/2022 PROGEP\/UNIFAP-\u00a0<\/strong>\u00a0Estabelece as orienta\u00e7\u00f5es ao retorno das atividades presenciais dos servidores da UNIFAP<\/a>.<\/p><p>\u00a0<\/p><p><a href=\"http:\/\/www2.unifap.br\/drh\/files\/2022\/12\/INSTRUCAO-NORMATIVA-002-2022-PROGEP-FERIAS.pdf\"><strong>INSTRU\u00c7\u00c3O NORMATIVA 002\/2022 PROGEP\/UNIFAP-<\/strong>\u00a0Disp\u00f5e sobre os procedimentos de concess\u00e3o de f\u00e9rias e estabelece crit\u00e9rios e uniformiza procedimentos para garantir o funcionamento adequado das atividades administrativas e acad\u00eamicas aos servidores no \u00e2mbito da Universidade Federal do Amap\u00e1<\/a>.<\/p><p>\u00a0<\/p><p><a href=\"http:\/\/www2.unifap.br\/drh\/files\/2022\/12\/IN_03-2022_PROGEP_CARGO_DE_DIREO_E_FUNO_GRATIFICADA-1.pdf\"><strong>INSTRU\u00c7\u00c3O NORMATIVA 003\/2022 PROGEP\/UNIFAP-<\/strong>\u00a0Disp\u00f5e sobre os procedimentos de exonera\u00e7\u00e3o e nomea\u00e7\u00e3o para Cargos de Dire\u00e7\u00e3o (CD) e dispensa e designa\u00e7\u00e3o para Fun\u00e7\u00f5es Gratificadas (FG e FUC) da Universidade Federal do Amap\u00e1<\/a><\/p>\t\t\t\t\t\t\t\t<\/div>\n\t\t\t\t<\/div>\n\t\t\t\t<div class=\"elementor-element elementor-element-b284a75 elementor-widget elementor-widget-text-editor\" data-id=\"b284a75\" data-element_type=\"widget\" data-e-type=\"widget\" data-widget_type=\"text-editor.default\">\n\t\t\t\t<div class=\"elementor-widget-container\">\n\t\t\t\t\t\t\t\t\t<p><b><u>&nbsp;<\/u><\/b><\/p>\n<p><b><u>MEMORANDO CIRCULAR<\/u><\/b><\/p>\n<p><br \/><\/p>\n<p><\/p>\n<p><br \/><\/p><p><br \/><\/p>\t\t\t\t\t\t\t\t<\/div>\n\t\t\t\t<\/div>\n\t\t\t\t\t<\/div>\n\t\t<\/div>\n\t\t\t\t\t<\/div>\n\t\t<\/section>\n\t\t\t\t<\/div>\n\t\t","protected":false},"excerpt":{"rendered":"<p>INSTRU\u00c7\u00c3O NORMATIVA &#8211; 2022 INSTRU\u00c7\u00c3O NORMATIVA 001\/2022 PROGEP\/UNIFAP-&nbsp;&nbsp;Estabelece as orienta\u00e7\u00f5es ao retorno das atividades presenciais dos servidores da UNIFAP. INSTRU\u00c7\u00c3O NORMATIVA 002\/2022 PROGEP\/UNIFAP-&nbsp;Disp\u00f5e sobre os procedimentos de concess\u00e3o de f\u00e9rias e estabelece crit\u00e9rios e uniformiza procedimentos para garantir o funcionamento adequado das atividades administrativas e acad\u00eamicas aos servidores no \u00e2mbito da Universidade Federal do Amap\u00e1&#8230;.<\/p>\n","protected":false},"author":3852,"featured_media":0,"parent":0,"menu_order":0,"comment_status":"closed","ping_status":"closed","template":"","meta":{"inline_featured_image":false,"ngg_post_thumbnail":0,"footnotes":""},"class_list":["post-15736","page","type-page","status-publish","hentry","entry"],"_links":{"self":[{"href":"https:\/\/www2.unifap.br\/drh\/wp-json\/wp\/v2\/pages\/15736","targetHints":{"allow":["GET"]}}],"collection":[{"href":"https:\/\/www2.unifap.br\/drh\/wp-json\/wp\/v2\/pages"}],"about":[{"href":"https:\/\/www2.unifap.br\/drh\/wp-json\/wp\/v2\/types\/page"}],"author":[{"embeddable":true,"href":"https:\/\/www2.unifap.br\/drh\/wp-json\/wp\/v2\/users\/3852"}],"replies":[{"embeddable":true,"href":"https:\/\/www2.unifap.br\/drh\/wp-json\/wp\/v2\/comments?post=15736"}],"version-history":[{"count":7,"href":"https:\/\/www2.unifap.br\/drh\/wp-json\/wp\/v2\/pages\/15736\/revisions"}],"predecessor-version":[{"id":15769,"href":"https:\/\/www2.unifap.br\/drh\/wp-json\/wp\/v2\/pages\/15736\/revisions\/15769"}],"wp:attachment":[{"href":"https:\/\/www2.unifap.br\/drh\/wp-json\/wp\/v2\/media?parent=15736"}],"curies":[{"name":"wp","href":"https:\/\/api.w.org\/{rel}","templated":true}]}}