{"id":15777,"date":"2023-01-10T15:59:50","date_gmt":"2023-01-10T15:59:50","guid":{"rendered":"https:\/\/www2.unifap.br\/drh\/?page_id=15777"},"modified":"2023-01-10T16:29:47","modified_gmt":"2023-01-10T16:29:47","slug":"remocao","status":"publish","type":"page","link":"https:\/\/www2.unifap.br\/drh\/remocao\/","title":{"rendered":"REMO\u00c7\u00c3O"},"content":{"rendered":"\t\t<div data-elementor-type=\"wp-page\" data-elementor-id=\"15777\" class=\"elementor elementor-15777\">\n\t\t\t\t\t\t<section class=\"elementor-section elementor-top-section elementor-element elementor-element-202b98d elementor-section-boxed elementor-section-height-default elementor-section-height-default\" data-id=\"202b98d\" data-element_type=\"section\" data-e-type=\"section\">\n\t\t\t\t\t\t<div class=\"elementor-container elementor-column-gap-default\">\n\t\t\t\t\t<div class=\"elementor-column elementor-col-100 elementor-top-column elementor-element elementor-element-68d675b\" data-id=\"68d675b\" data-element_type=\"column\" data-e-type=\"column\">\n\t\t\t<div class=\"elementor-widget-wrap elementor-element-populated\">\n\t\t\t\t\t\t<div class=\"elementor-element elementor-element-36ec4ab elementor-widget elementor-widget-heading\" data-id=\"36ec4ab\" data-element_type=\"widget\" data-e-type=\"widget\" data-widget_type=\"heading.default\">\n\t\t\t\t<div class=\"elementor-widget-container\">\n\t\t\t\t\t<h2 class=\"elementor-heading-title elementor-size-default\"><b>REMO\u00c7\u00c3O DOCENTES<\/b><\/h2>\t\t\t\t<\/div>\n\t\t\t\t<\/div>\n\t\t\t\t\t<\/div>\n\t\t<\/div>\n\t\t\t\t\t<\/div>\n\t\t<\/section>\n\t\t\t\t<section class=\"elementor-section elementor-top-section elementor-element elementor-element-cef61ad elementor-section-boxed elementor-section-height-default elementor-section-height-default\" data-id=\"cef61ad\" data-element_type=\"section\" data-e-type=\"section\">\n\t\t\t\t\t\t<div class=\"elementor-container elementor-column-gap-default\">\n\t\t\t\t\t<div class=\"elementor-column elementor-col-100 elementor-top-column elementor-element elementor-element-e6ce782\" data-id=\"e6ce782\" data-element_type=\"column\" data-e-type=\"column\">\n\t\t\t<div class=\"elementor-widget-wrap elementor-element-populated\">\n\t\t\t\t\t\t<div class=\"elementor-element elementor-element-43c12c4 elementor-widget elementor-widget-accordion\" data-id=\"43c12c4\" data-element_type=\"widget\" data-e-type=\"widget\" data-widget_type=\"accordion.default\">\n\t\t\t\t<div class=\"elementor-widget-container\">\n\t\t\t\t\t\t\t<div class=\"elementor-accordion\">\n\t\t\t\t\t\t\t<div class=\"elementor-accordion-item\">\n\t\t\t\t\t<div id=\"elementor-tab-title-7101\" class=\"elementor-tab-title\" data-tab=\"1\" role=\"button\" aria-controls=\"elementor-tab-content-7101\" aria-expanded=\"false\">\n\t\t\t\t\t\t\t\t\t\t\t\t\t<span class=\"elementor-accordion-icon elementor-accordion-icon-left\" aria-hidden=\"true\">\n\t\t\t\t\t\t\t\t\t\t\t\t\t\t\t<span class=\"elementor-accordion-icon-closed\"><i class=\"fas fa-plus\"><\/i><\/span>\n\t\t\t\t\t\t\t\t<span class=\"elementor-accordion-icon-opened\"><i class=\"fas fa-minus\"><\/i><\/span>\n\t\t\t\t\t\t\t\t\t\t\t\t\t\t<\/span>\n\t\t\t\t\t\t\t\t\t\t\t\t<a class=\"elementor-accordion-title\" tabindex=\"0\">REMO\u00c7\u00c3O DOCENTE - 2019<\/a>\n\t\t\t\t\t<\/div>\n\t\t\t\t\t<div id=\"elementor-tab-content-7101\" class=\"elementor-tab-content elementor-clearfix\" data-tab=\"1\" role=\"region\" aria-labelledby=\"elementor-tab-title-7101\"><p><a href=\"http:\/\/www2.unifap.br\/drh\/remocao-docente-2019\/\"><strong>http:\/\/www2.unifap.br\/drh\/remocao-docente-2019\/<\/strong><\/a><\/p><p>\u00a0<\/p><\/div>\n\t\t\t\t<\/div>\n\t\t\t\t\t\t\t<div class=\"elementor-accordion-item\">\n\t\t\t\t\t<div id=\"elementor-tab-title-7102\" class=\"elementor-tab-title\" data-tab=\"2\" role=\"button\" aria-controls=\"elementor-tab-content-7102\" aria-expanded=\"false\">\n\t\t\t\t\t\t\t\t\t\t\t\t\t<span class=\"elementor-accordion-icon elementor-accordion-icon-left\" aria-hidden=\"true\">\n\t\t\t\t\t\t\t\t\t\t\t\t\t\t\t<span class=\"elementor-accordion-icon-closed\"><i class=\"fas fa-plus\"><\/i><\/span>\n\t\t\t\t\t\t\t\t<span class=\"elementor-accordion-icon-opened\"><i class=\"fas fa-minus\"><\/i><\/span>\n\t\t\t\t\t\t\t\t\t\t\t\t\t\t<\/span>\n\t\t\t\t\t\t\t\t\t\t\t\t<a class=\"elementor-accordion-title\" tabindex=\"0\">REMO\u00c7\u00c3O DOCENTE - 2018<\/a>\n\t\t\t\t\t<\/div>\n\t\t\t\t\t<div id=\"elementor-tab-content-7102\" class=\"elementor-tab-content elementor-clearfix\" data-tab=\"2\" role=\"region\" aria-labelledby=\"elementor-tab-title-7102\"><p><a href=\"http:\/\/www2.unifap.br\/drh\/progep-2\/processos-seletivos\/concurso-de-remocao-docente\/\"><strong>Documentos (Clique Aqui)<\/strong><\/a><\/p><\/div>\n\t\t\t\t<\/div>\n\t\t\t\t\t\t\t\t<\/div>\n\t\t\t\t\t\t<\/div>\n\t\t\t\t<\/div>\n\t\t\t\t\t<\/div>\n\t\t<\/div>\n\t\t\t\t\t<\/div>\n\t\t<\/section>\n\t\t\t\t<section class=\"elementor-section elementor-top-section elementor-element elementor-element-e5d8ca2 elementor-section-boxed elementor-section-height-default elementor-section-height-default\" data-id=\"e5d8ca2\" data-element_type=\"section\" data-e-type=\"section\">\n\t\t\t\t\t\t<div class=\"elementor-container elementor-column-gap-default\">\n\t\t\t\t\t<div class=\"elementor-column elementor-col-100 elementor-top-column elementor-element elementor-element-a8a4d62\" data-id=\"a8a4d62\" data-element_type=\"column\" data-e-type=\"column\">\n\t\t\t<div class=\"elementor-widget-wrap elementor-element-populated\">\n\t\t\t\t\t\t<div class=\"elementor-element elementor-element-88302bb elementor-widget elementor-widget-text-editor\" data-id=\"88302bb\" data-element_type=\"widget\" data-e-type=\"widget\" data-widget_type=\"text-editor.default\">\n\t\t\t\t<div class=\"elementor-widget-container\">\n\t\t\t\t\t\t\t\t\t<p>\u00a0<\/p><p>\u00a0<\/p><p>\u00a0<\/p><p>\u00a0<\/p>\t\t\t\t\t\t\t\t<\/div>\n\t\t\t\t<\/div>\n\t\t\t\t\t<\/div>\n\t\t<\/div>\n\t\t\t\t\t<\/div>\n\t\t<\/section>\n\t\t\t\t<section class=\"elementor-section elementor-top-section elementor-element elementor-element-1c6f963 elementor-section-boxed elementor-section-height-default elementor-section-height-default\" data-id=\"1c6f963\" data-element_type=\"section\" data-e-type=\"section\">\n\t\t\t\t\t\t<div class=\"elementor-container elementor-column-gap-default\">\n\t\t\t\t\t<div class=\"elementor-column elementor-col-100 elementor-top-column elementor-element elementor-element-143a49a\" data-id=\"143a49a\" data-element_type=\"column\" data-e-type=\"column\">\n\t\t\t<div class=\"elementor-widget-wrap elementor-element-populated\">\n\t\t\t\t\t\t<div class=\"elementor-element elementor-element-dac94df elementor-widget elementor-widget-heading\" data-id=\"dac94df\" data-element_type=\"widget\" data-e-type=\"widget\" data-widget_type=\"heading.default\">\n\t\t\t\t<div class=\"elementor-widget-container\">\n\t\t\t\t\t<h2 class=\"elementor-heading-title elementor-size-default\"><b>REMO\u00c7\u00c3O T\u00c9CNICO ADMINISTRATIVO<\/b><\/h2>\t\t\t\t<\/div>\n\t\t\t\t<\/div>\n\t\t\t\t\t<\/div>\n\t\t<\/div>\n\t\t\t\t\t<\/div>\n\t\t<\/section>\n\t\t\t\t<section class=\"elementor-section elementor-top-section elementor-element elementor-element-a1cb5a2 elementor-section-boxed elementor-section-height-default elementor-section-height-default\" data-id=\"a1cb5a2\" data-element_type=\"section\" data-e-type=\"section\">\n\t\t\t\t\t\t<div class=\"elementor-container elementor-column-gap-default\">\n\t\t\t\t\t<div class=\"elementor-column elementor-col-100 elementor-top-column elementor-element elementor-element-0331417\" data-id=\"0331417\" data-element_type=\"column\" data-e-type=\"column\">\n\t\t\t<div class=\"elementor-widget-wrap elementor-element-populated\">\n\t\t\t\t\t\t<div class=\"elementor-element elementor-element-caec630 elementor-widget elementor-widget-accordion\" data-id=\"caec630\" data-element_type=\"widget\" data-e-type=\"widget\" data-widget_type=\"accordion.default\">\n\t\t\t\t<div class=\"elementor-widget-container\">\n\t\t\t\t\t\t\t<div class=\"elementor-accordion\">\n\t\t\t\t\t\t\t<div class=\"elementor-accordion-item\">\n\t\t\t\t\t<div id=\"elementor-tab-title-2121\" class=\"elementor-tab-title\" data-tab=\"1\" role=\"button\" aria-controls=\"elementor-tab-content-2121\" aria-expanded=\"false\">\n\t\t\t\t\t\t\t\t\t\t\t\t\t<span class=\"elementor-accordion-icon elementor-accordion-icon-left\" aria-hidden=\"true\">\n\t\t\t\t\t\t\t\t\t\t\t\t\t\t\t<span class=\"elementor-accordion-icon-closed\"><i class=\"fas fa-plus\"><\/i><\/span>\n\t\t\t\t\t\t\t\t<span class=\"elementor-accordion-icon-opened\"><i class=\"fas fa-minus\"><\/i><\/span>\n\t\t\t\t\t\t\t\t\t\t\t\t\t\t<\/span>\n\t\t\t\t\t\t\t\t\t\t\t\t<a class=\"elementor-accordion-title\" tabindex=\"0\">REMO\u00c7\u00c3O - T\u00c9CNICO - 2021<\/a>\n\t\t\t\t\t<\/div>\n\t\t\t\t\t<div id=\"elementor-tab-content-2121\" class=\"elementor-tab-content elementor-clearfix\" data-tab=\"1\" role=\"region\" aria-labelledby=\"elementor-tab-title-2121\"><ul><li><strong><a href=\"http:\/\/www2.unifap.br\/drh\/files\/2021\/10\/Edital-01-2021-4o-Processo-Seletivo-para-Remoc\u0327a\u0303o-de-Te\u0301cnico-Administrativos.pdf\">Edital 01-2021-4o Processo Seletivo para Remoc\u0327a\u0303o de Te\u0301cnico-Administrativos<\/a><\/strong><\/li><\/ul><ul><li><strong><a href=\"http:\/\/www2.unifap.br\/drh\/files\/2021\/10\/COMUNICADO-01-TERMO-DE-COMPROMISSO.pdf\">COMUNICADO 01 &#8211; TERMO DE COMPROMISSO<\/a><\/strong><\/li><li><strong><a href=\"http:\/\/www2.unifap.br\/drh\/files\/2021\/11\/Inscries_Homologadas.pdf\">INSCRI\u00c7\u00d5ES HOMOLOGADAS<\/a><\/strong><\/li><li><strong><a href=\"http:\/\/www2.unifap.br\/drh\/files\/2021\/11\/Complementac\u0327a\u0303o-Inscric\u0327o\u0303es-Homologadas.pdf\">COMPLEMENTA\u00c7\u00c3O DAS INSCRI\u00c7\u00d5ES HOMOLOGADAS<\/a><\/strong><\/li><li><strong><a href=\"http:\/\/www2.unifap.br\/drh\/files\/2021\/11\/Resultado-Preliminar-22-11-2021.pdf\">RESULTADO PRELIMINAR <\/a><\/strong><\/li><li><strong><a href=\"http:\/\/www2.unifap.br\/drh\/files\/2021\/11\/Resultado_de_Julgamento_do_Recurso_Interposto_ao_Resultado_Preliminar.pdf\">Resultado de Julgamento do Recurso Interposto ao Resultado Preliminar<\/a><a href=\"http:\/\/www2.unifap.br\/drh\/files\/2021\/05\/RESULTADO-FINAL-2021.pdf\"><br \/><\/a><\/strong><\/li><li><strong><a href=\"http:\/\/www2.unifap.br\/drh\/files\/2021\/11\/Resultado_Final.pdf\">Resultado Final <\/a><\/strong><\/li><\/ul><\/div>\n\t\t\t\t<\/div>\n\t\t\t\t\t\t\t<div class=\"elementor-accordion-item\">\n\t\t\t\t\t<div id=\"elementor-tab-title-2122\" class=\"elementor-tab-title\" data-tab=\"2\" role=\"button\" aria-controls=\"elementor-tab-content-2122\" aria-expanded=\"false\">\n\t\t\t\t\t\t\t\t\t\t\t\t\t<span class=\"elementor-accordion-icon elementor-accordion-icon-left\" aria-hidden=\"true\">\n\t\t\t\t\t\t\t\t\t\t\t\t\t\t\t<span class=\"elementor-accordion-icon-closed\"><i class=\"fas fa-plus\"><\/i><\/span>\n\t\t\t\t\t\t\t\t<span class=\"elementor-accordion-icon-opened\"><i class=\"fas fa-minus\"><\/i><\/span>\n\t\t\t\t\t\t\t\t\t\t\t\t\t\t<\/span>\n\t\t\t\t\t\t\t\t\t\t\t\t<a class=\"elementor-accordion-title\" tabindex=\"0\">REMO\u00c7\u00c3O - T\u00c9CNICO - 2018<\/a>\n\t\t\t\t\t<\/div>\n\t\t\t\t\t<div id=\"elementor-tab-content-2122\" class=\"elementor-tab-content elementor-clearfix\" data-tab=\"2\" role=\"region\" aria-labelledby=\"elementor-tab-title-2122\"><h2 style=\"text-align: justify\" align=\"center\"><a style=\"font-style: inherit;font-weight: inherit;text-align: left;background-color: #ffffff;letter-spacing: -0.2px\" href=\"http:\/\/Documentos (Clique Aqui)\"><strong>EDITAL N\u00ba 01\/2018<\/strong><\/a><\/h2><h2 style=\"text-align: justify\"><a href=\"http:\/\/Documentos (Clique Aqui)\"><b>EDITAL N\u00ba 02\/2018<\/b><\/a><\/h2><h2 style=\"text-align: justify\" align=\"center\">\u00a0<\/h2><\/div>\n\t\t\t\t<\/div>\n\t\t\t\t\t\t\t<div class=\"elementor-accordion-item\">\n\t\t\t\t\t<div id=\"elementor-tab-title-2123\" class=\"elementor-tab-title\" data-tab=\"3\" role=\"button\" aria-controls=\"elementor-tab-content-2123\" aria-expanded=\"false\">\n\t\t\t\t\t\t\t\t\t\t\t\t\t<span class=\"elementor-accordion-icon elementor-accordion-icon-left\" aria-hidden=\"true\">\n\t\t\t\t\t\t\t\t\t\t\t\t\t\t\t<span class=\"elementor-accordion-icon-closed\"><i class=\"fas fa-plus\"><\/i><\/span>\n\t\t\t\t\t\t\t\t<span class=\"elementor-accordion-icon-opened\"><i class=\"fas fa-minus\"><\/i><\/span>\n\t\t\t\t\t\t\t\t\t\t\t\t\t\t<\/span>\n\t\t\t\t\t\t\t\t\t\t\t\t<a class=\"elementor-accordion-title\" tabindex=\"0\">REMO\u00c7\u00c3O - T\u00c9CNICO - 2017<\/a>\n\t\t\t\t\t<\/div>\n\t\t\t\t\t<div id=\"elementor-tab-content-2123\" class=\"elementor-tab-content elementor-clearfix\" data-tab=\"3\" role=\"region\" aria-labelledby=\"elementor-tab-title-2123\"><h2 style=\"text-align: justify\" align=\"center\"><a href=\"http:\/\/Editais\" data-wplink-url-error=\"true\"><b>EDITAL 01\/2017<\/b><\/a><\/h2><p><strong><a href=\"http:\/\/www2.unifap.br\/drh\/progep-2\/processos-seletivos\/1o-concurso-remocao\/\">Documentos (clique Aqui)<\/a><\/strong><\/p><\/div>\n\t\t\t\t<\/div>\n\t\t\t\t\t\t\t\t<\/div>\n\t\t\t\t\t\t<\/div>\n\t\t\t\t<\/div>\n\t\t\t\t\t<\/div>\n\t\t<\/div>\n\t\t\t\t\t<\/div>\n\t\t<\/section>\n\t\t\t\t<\/div>\n\t\t","protected":false},"excerpt":{"rendered":"<p>REMO\u00c7\u00c3O DOCENTES REMO\u00c7\u00c3O DOCENTE &#8211; 2019 http:\/\/www2.unifap.br\/drh\/remocao-docente-2019\/ \u00a0 REMO\u00c7\u00c3O DOCENTE &#8211; 2018 Documentos (Clique Aqui) \u00a0 \u00a0 \u00a0 \u00a0 REMO\u00c7\u00c3O T\u00c9CNICO ADMINISTRATIVO REMO\u00c7\u00c3O &#8211; T\u00c9CNICO &#8211; 2021 Edital 01-2021-4o Processo Seletivo para Remoc\u0327a\u0303o de Te\u0301cnico-Administrativos COMUNICADO 01 &#8211; TERMO DE COMPROMISSO INSCRI\u00c7\u00d5ES HOMOLOGADAS COMPLEMENTA\u00c7\u00c3O DAS INSCRI\u00c7\u00d5ES HOMOLOGADAS RESULTADO PRELIMINAR Resultado de Julgamento do Recurso Interposto&#8230;<\/p>\n","protected":false},"author":3852,"featured_media":0,"parent":0,"menu_order":0,"comment_status":"closed","ping_status":"closed","template":"","meta":{"inline_featured_image":false,"ngg_post_thumbnail":0,"footnotes":""},"class_list":["post-15777","page","type-page","status-publish","hentry","entry"],"_links":{"self":[{"href":"https:\/\/www2.unifap.br\/drh\/wp-json\/wp\/v2\/pages\/15777","targetHints":{"allow":["GET"]}}],"collection":[{"href":"https:\/\/www2.unifap.br\/drh\/wp-json\/wp\/v2\/pages"}],"about":[{"href":"https:\/\/www2.unifap.br\/drh\/wp-json\/wp\/v2\/types\/page"}],"author":[{"embeddable":true,"href":"https:\/\/www2.unifap.br\/drh\/wp-json\/wp\/v2\/users\/3852"}],"replies":[{"embeddable":true,"href":"https:\/\/www2.unifap.br\/drh\/wp-json\/wp\/v2\/comments?post=15777"}],"version-history":[{"count":7,"href":"https:\/\/www2.unifap.br\/drh\/wp-json\/wp\/v2\/pages\/15777\/revisions"}],"predecessor-version":[{"id":15796,"href":"https:\/\/www2.unifap.br\/drh\/wp-json\/wp\/v2\/pages\/15777\/revisions\/15796"}],"wp:attachment":[{"href":"https:\/\/www2.unifap.br\/drh\/wp-json\/wp\/v2\/media?parent=15777"}],"curies":[{"name":"wp","href":"https:\/\/api.w.org\/{rel}","templated":true}]}}