{"id":15935,"date":"2023-01-30T20:23:13","date_gmt":"2023-01-30T20:23:13","guid":{"rendered":"https:\/\/www2.unifap.br\/drh\/?page_id=15935"},"modified":"2023-10-16T17:26:43","modified_gmt":"2023-10-16T17:26:43","slug":"elementor-15935","status":"publish","type":"page","link":"https:\/\/www2.unifap.br\/drh\/elementor-15935\/","title":{"rendered":"PGD &#8211; PROGEP"},"content":{"rendered":"\t\t<div data-elementor-type=\"wp-post\" data-elementor-id=\"15935\" class=\"elementor elementor-15935\">\n\t\t\t\t\t\t<section class=\"elementor-section elementor-top-section elementor-element elementor-element-0d695cc elementor-section-boxed elementor-section-height-default elementor-section-height-default\" data-id=\"0d695cc\" data-element_type=\"section\" data-e-type=\"section\">\n\t\t\t\t\t\t<div class=\"elementor-container elementor-column-gap-default\">\n\t\t\t\t\t<div class=\"elementor-column elementor-col-100 elementor-top-column elementor-element elementor-element-d835797\" data-id=\"d835797\" data-element_type=\"column\" data-e-type=\"column\">\n\t\t\t<div class=\"elementor-widget-wrap elementor-element-populated\">\n\t\t\t\t\t\t<div class=\"elementor-element elementor-element-2d6abc3 elementor-widget elementor-widget-accordion\" data-id=\"2d6abc3\" data-element_type=\"widget\" data-e-type=\"widget\" data-widget_type=\"accordion.default\">\n\t\t\t\t<div class=\"elementor-widget-container\">\n\t\t\t\t\t\t\t<div class=\"elementor-accordion\">\n\t\t\t\t\t\t\t<div class=\"elementor-accordion-item\">\n\t\t\t\t\t<div id=\"elementor-tab-title-4761\" class=\"elementor-tab-title\" data-tab=\"1\" role=\"button\" aria-controls=\"elementor-tab-content-4761\" aria-expanded=\"false\">\n\t\t\t\t\t\t\t\t\t\t\t\t\t<span class=\"elementor-accordion-icon elementor-accordion-icon-left\" aria-hidden=\"true\">\n\t\t\t\t\t\t\t\t\t\t\t\t\t\t\t<span class=\"elementor-accordion-icon-closed\"><i class=\"fas fa-plus\"><\/i><\/span>\n\t\t\t\t\t\t\t\t<span class=\"elementor-accordion-icon-opened\"><i class=\"fas fa-minus\"><\/i><\/span>\n\t\t\t\t\t\t\t\t\t\t\t\t\t\t<\/span>\n\t\t\t\t\t\t\t\t\t\t\t\t<a class=\"elementor-accordion-title\" tabindex=\"0\">DDP<\/a>\n\t\t\t\t\t<\/div>\n\t\t\t\t\t<div id=\"elementor-tab-content-4761\" class=\"elementor-tab-content elementor-clearfix\" data-tab=\"1\" role=\"region\" aria-labelledby=\"elementor-tab-title-4761\"><p>A Diretora do Departamento de Desenvolvimento de Pessoas (DDP), no uso de suas atribui\u00e7\u00f5es, tendo em vista o disposto na Instru\u00e7\u00e3o Normativa SGP-SEGES \/ME N\u00ba 2, de 10 de janeiro de 2023 e Decreto n\u00ba 11.072, de 17 de maio de 2022, torna p\u00fablico o EDITAL DO PROGRAMA DE GEST\u00c3O N\u00b0 001\/2023.<\/p><p><a href=\"http:\/\/www2.unifap.br\/drh\/files\/2023\/01\/EDITAL-PGD_INDICACAO-DDP.pdf\">EDITAL PGD_INDICA\u00c7\u00c3O DDP<\/a><\/p><p><a href=\"http:\/\/www2.unifap.br\/drh\/files\/2023\/10\/TERMO_ADITIVO_01_PGD_DDP.pdf\">TERMO_ADITIVO_01_PGD_DDP<\/a><\/p><\/div>\n\t\t\t\t<\/div>\n\t\t\t\t\t\t\t<div class=\"elementor-accordion-item\">\n\t\t\t\t\t<div id=\"elementor-tab-title-4762\" class=\"elementor-tab-title\" data-tab=\"2\" role=\"button\" aria-controls=\"elementor-tab-content-4762\" aria-expanded=\"false\">\n\t\t\t\t\t\t\t\t\t\t\t\t\t<span class=\"elementor-accordion-icon elementor-accordion-icon-left\" aria-hidden=\"true\">\n\t\t\t\t\t\t\t\t\t\t\t\t\t\t\t<span class=\"elementor-accordion-icon-closed\"><i class=\"fas fa-plus\"><\/i><\/span>\n\t\t\t\t\t\t\t\t<span class=\"elementor-accordion-icon-opened\"><i class=\"fas fa-minus\"><\/i><\/span>\n\t\t\t\t\t\t\t\t\t\t\t\t\t\t<\/span>\n\t\t\t\t\t\t\t\t\t\t\t\t<a class=\"elementor-accordion-title\" tabindex=\"0\">DAP<\/a>\n\t\t\t\t\t<\/div>\n\t\t\t\t\t<div id=\"elementor-tab-content-4762\" class=\"elementor-tab-content elementor-clearfix\" data-tab=\"2\" role=\"region\" aria-labelledby=\"elementor-tab-title-4762\"><p>A Diretoria do Departamento de Administra\u00e7\u00e3o de Pessoal (DAP) no uso de suas atribui\u00e7\u00f5es, tendo em vista o disposto na Instru\u00e7\u00e3o Normativa SGP-SEGES \/ME N\u00ba 2, de 10 de janeiro de 2023 e Decreto n\u00ba. 11.072, de 17 de maio de 2022, torna p\u00fablico o EDITAL DO PROGRAMA DE GEST\u00c3O N\u00b0 001\/2023 \u2013 DAP\/PROGEP.<\/p><p><a href=\"http:\/\/www2.unifap.br\/drh\/files\/2023\/02\/EDITAL-PGD-DAP-UNIFAP-INDICACAO.docx.pdf\">EDITAL PGD- DAP UNIFAP &#8211; INDICA\u00c7\u00c3O<\/a><\/p><p>\u00a0<\/p><\/div>\n\t\t\t\t<\/div>\n\t\t\t\t\t\t\t\t<\/div>\n\t\t\t\t\t\t<\/div>\n\t\t\t\t<\/div>\n\t\t\t\t\t<\/div>\n\t\t<\/div>\n\t\t\t\t\t<\/div>\n\t\t<\/section>\n\t\t\t\t<\/div>\n\t\t","protected":false},"excerpt":{"rendered":"<p>DDP A Diretora do Departamento de Desenvolvimento de Pessoas (DDP), no uso de suas atribui\u00e7\u00f5es, tendo em vista o disposto na Instru\u00e7\u00e3o Normativa SGP-SEGES \/ME N\u00ba 2, de 10 de janeiro de 2023 e Decreto n\u00ba 11.072, de 17 de maio de 2022, torna p\u00fablico o EDITAL DO PROGRAMA DE GEST\u00c3O N\u00b0 001\/2023. EDITAL PGD_INDICA\u00c7\u00c3O&#8230;<\/p>\n","protected":false},"author":3896,"featured_media":0,"parent":0,"menu_order":0,"comment_status":"closed","ping_status":"closed","template":"","meta":{"inline_featured_image":false,"ngg_post_thumbnail":0,"footnotes":""},"class_list":["post-15935","page","type-page","status-publish","hentry","entry"],"_links":{"self":[{"href":"https:\/\/www2.unifap.br\/drh\/wp-json\/wp\/v2\/pages\/15935","targetHints":{"allow":["GET"]}}],"collection":[{"href":"https:\/\/www2.unifap.br\/drh\/wp-json\/wp\/v2\/pages"}],"about":[{"href":"https:\/\/www2.unifap.br\/drh\/wp-json\/wp\/v2\/types\/page"}],"author":[{"embeddable":true,"href":"https:\/\/www2.unifap.br\/drh\/wp-json\/wp\/v2\/users\/3896"}],"replies":[{"embeddable":true,"href":"https:\/\/www2.unifap.br\/drh\/wp-json\/wp\/v2\/comments?post=15935"}],"version-history":[{"count":16,"href":"https:\/\/www2.unifap.br\/drh\/wp-json\/wp\/v2\/pages\/15935\/revisions"}],"predecessor-version":[{"id":17383,"href":"https:\/\/www2.unifap.br\/drh\/wp-json\/wp\/v2\/pages\/15935\/revisions\/17383"}],"wp:attachment":[{"href":"https:\/\/www2.unifap.br\/drh\/wp-json\/wp\/v2\/media?parent=15935"}],"curies":[{"name":"wp","href":"https:\/\/api.w.org\/{rel}","templated":true}]}}