{"id":18722,"date":"2024-07-31T13:32:30","date_gmt":"2024-07-31T16:32:30","guid":{"rendered":"https:\/\/www2.unifap.br\/drh\/?page_id=18722"},"modified":"2024-07-31T14:19:59","modified_gmt":"2024-07-31T17:19:59","slug":"afastamento-para-servir-ao-tribunal-regional-eleitoral-juri-e-outros-servicos-obrigatorios-por-lei","status":"publish","type":"page","link":"https:\/\/www2.unifap.br\/drh\/afastamento-para-servir-ao-tribunal-regional-eleitoral-juri-e-outros-servicos-obrigatorios-por-lei\/","title":{"rendered":"Afastamento para Servir ao Tribunal Regional Eleitoral, J\u00fari e outros servi\u00e7os obrigat\u00f3rios por lei"},"content":{"rendered":"\t\t<div data-elementor-type=\"wp-page\" data-elementor-id=\"18722\" class=\"elementor elementor-18722\">\n\t\t\t\t\t\t<section class=\"elementor-section elementor-top-section elementor-element elementor-element-2112f02e elementor-section-boxed elementor-section-height-default elementor-section-height-default\" data-id=\"2112f02e\" data-element_type=\"section\" data-e-type=\"section\">\n\t\t\t\t\t\t<div class=\"elementor-container elementor-column-gap-default\">\n\t\t\t\t\t<div class=\"elementor-column elementor-col-100 elementor-top-column elementor-element elementor-element-49bdaad9\" data-id=\"49bdaad9\" data-element_type=\"column\" data-e-type=\"column\">\n\t\t\t<div class=\"elementor-widget-wrap elementor-element-populated\">\n\t\t\t\t\t\t<div class=\"elementor-element elementor-element-74ae2649 elementor-widget elementor-widget-text-editor\" data-id=\"74ae2649\" data-element_type=\"widget\" data-e-type=\"widget\" data-widget_type=\"text-editor.default\">\n\t\t\t\t<div class=\"elementor-widget-container\">\n\t\t\t\t\t\t\t\t\t<h2 style=\"text-align: center\"><b>Afastamento para Servir ao Tribunal Regional Eleitoral, J\u00fari e outros servi\u00e7os obrigat\u00f3rios por lei<\/b><\/h2><p><b>\u00a0<\/b><\/p><h2><b>DEFINI\u00c7\u00c3O<\/b><b style=\"font-size: 14px;letter-spacing: -0.2px\">\u00a0<\/b><\/h2><p><span style=\"font-weight: 400\">Dispensa dos servidores do trabalho, sem preju\u00edzo do sal\u00e1rio, vencimento ou qualquer outra vantagem para:<\/span><\/p><ul><li style=\"font-weight: 400\"><span style=\"font-weight: 400\">exerc\u00edcio da fun\u00e7\u00e3o de jurado (servi\u00e7o p\u00fablico relevante);<\/span><\/li><li style=\"font-weight: 400\"><span style=\"font-weight: 400\">pelo dobro dos dias de convoca\u00e7\u00e3o por servi\u00e7os prestados \u00e0 Justi\u00e7a Eleitoral.<\/span><\/li><\/ul><h2><b style=\"font-family: Garamond, serif;font-size: 26px;font-style: normal;letter-spacing: -0.4px\">REQUISITOS B\u00c1SICOS<\/b><\/h2><ul><li style=\"font-weight: 400\"><span style=\"font-weight: 400\">Servidor ter sido convocado oficialmente para compor j\u00fari ou outros servi\u00e7os obrigat\u00f3rios por lei.<\/span><\/li><\/ul><h2><b>COMO SOLICITAR<\/b><\/h2><ul><li style=\"font-weight: 400\"><span style=\"font-weight: 400\">A solicita\u00e7\u00e3o deve ser feita <\/span><span style=\"font-weight: 400\">pelo servidor diretamente e exclusivamente pelo SouGov;<\/span><\/li><li style=\"font-weight: 400\"><span style=\"font-weight: 400\">Acessar o site do SouGov ou baixar o aplicativo em seu celular (dispon\u00edvel no Google Play ou App Store);<\/span><\/li><li style=\"font-weight: 400\"><span style=\"font-weight: 400\">Na p\u00e1gina inicial, no menu \u201cSolicita\u00e7\u00f5es\u201d, escolher a op\u00e7\u00e3o \u201cInformar Afastamentos\u201d;\u00a0<\/span><\/li><li style=\"font-weight: 400\"><span style=\"font-weight: 400\">Tipo de Afastamento: J\u00fari e outros servi\u00e7os obrigat\u00f3rios por lei;<\/span><\/li><li style=\"font-weight: 400\"><span style=\"font-weight: 400\">Seguir as orienta\u00e7\u00f5es e finalizar a solicita\u00e7\u00e3o.\u00a0<\/span><\/li><\/ul><p><span style=\"font-weight: 400\">Para acessar o passo a passo, <\/span><a href=\"https:\/\/www.gov.br\/servidor\/pt-br\/acesso-a-informacao\/faq\/sou-gov.br\/afastamento\/como-informar-o-afastamento\"><span style=\"font-weight: 400\">clique aqui<\/span><\/a><span style=\"font-weight: 400\">.<\/span><\/p><p>\u00a0<\/p><h2><b>DOCUMENTA\u00c7\u00c3O\u00a0 NECESS\u00c1RIA<\/b><\/h2><ol><li style=\"font-weight: 400\"><span style=\"font-weight: 400\">Comprovante de convoca\u00e7\u00e3o para J\u00fari e outros servi\u00e7os obrigat\u00f3rios por Lei emitidos pelo \u00d3rg\u00e3o de Justi\u00e7a.<\/span><\/li><\/ol><div>\u00a0<\/div><div>\u00a0<\/div><div>\u00a0<\/div><p><b>FLUXO DO REQUERIMENTO<\/b><\/p><table><tbody><tr><td><b>Etapa<\/b><\/td><td><b>Unidade<\/b><\/td><td><b>Procedimento<\/b><\/td><\/tr><tr><td><p style=\"text-align: center\"><span style=\"font-weight: 400\">1<\/span><\/p><\/td><td style=\"text-align: center\"><span style=\"font-weight: 400\">SERVIDOR<\/span><\/td><td style=\"text-align: center\"><p style=\"text-align: left\"><span style=\"font-weight: 400\">Requerimento via SOUGOV<\/span><\/p><\/td><\/tr><tr><td><p style=\"text-align: center\"><span style=\"font-weight: 400\">2<\/span><\/p><\/td><td><span style=\"font-weight: 400\">DAP<\/span><\/td><td><span style=\"font-weight: 400\">An\u00e1lise da instru\u00e7\u00e3o processual<\/span><\/td><\/tr><tr><td><p style=\"text-align: center\"><span style=\"font-weight: 400\">3<\/span><\/p><\/td><td><span style=\"font-weight: 400\">DIC<\/span><\/td><td><span style=\"font-weight: 400\">Registro do afastamento<\/span><\/td><\/tr><tr><td style=\"text-align: center\"><span style=\"font-weight: 400\">4<\/span><\/td><td style=\"text-align: center\"><span style=\"font-weight: 400\">SERVIDOR<\/span><\/td><td><p style=\"text-align: left\"><span style=\"font-weight: 400\">Tomar ci\u00eancia do Processo<\/span><\/p><\/td><\/tr><\/tbody><\/table><p>\u00a0<\/p><h2><b>INFORMA\u00c7\u00d5ES IMPORTANTES<\/b><\/h2><ul><li style=\"font-weight: 400\"><span style=\"font-weight: 400\">A aus\u00eancia ao servi\u00e7o deve ser previamente comunicada \u00e0 chefia imediata.<\/span><\/li><li style=\"font-weight: 400\"><span style=\"font-weight: 400\">Para que ocorra a dispensa pelo dobro dos dias de servi\u00e7os prestados \u00e0 Justi\u00e7a Eleitoral, dever\u00e1 ser apresentada declara\u00e7\u00e3o que comprove a presta\u00e7\u00e3o dos servi\u00e7os, conforme disposto no art. 98 da Lei n.\u00ba 9.504\/97.\u00a0<\/span><\/li><li style=\"font-weight: 400\"><span style=\"font-weight: 400\">Considera-se como dias de convoca\u00e7\u00e3o quaisquer eventos que a Justi\u00e7a Eleitoral repute necess\u00e1rios \u00e0 realiza\u00e7\u00e3o do pleito, incluindo-se treinamentos e prepara\u00e7\u00e3o ou montagem de locais de vota\u00e7\u00e3o.\u00a0<\/span><\/li><li style=\"font-weight: 400\"><span style=\"font-weight: 400\">O direito de gozo do benef\u00edcio pressup\u00f5e a exist\u00eancia de v\u00ednculo com a institui\u00e7\u00e3o na \u00e9poca da convoca\u00e7\u00e3o.\u00a0<\/span><\/li><li style=\"font-weight: 400\"><span style=\"font-weight: 400\">A utiliza\u00e7\u00e3o do benef\u00edcio n\u00e3o tem prazo de prescri\u00e7\u00e3o e pode ser gozado a qualquer \u00e9poca, mediante pr\u00e9vio acordo com a chefia imediata.\u00a0<\/span><\/li><li style=\"font-weight: 400\"><span style=\"font-weight: 400\">As folgas podem ser gozadas em conjunto ou isoladamente, a depender do acordo feito com a chefia.\u00a0<\/span><\/li><li style=\"font-weight: 400\"><span style=\"font-weight: 400\">A aus\u00eancia pela presta\u00e7\u00e3o de servi\u00e7os \u00e0 Justi\u00e7a Eleitoral considera-se como de efetivo exerc\u00edcio.<\/span><\/li><li style=\"font-weight: 400\"><span style=\"font-weight: 400\">Os dias de compensa\u00e7\u00e3o pela presta\u00e7\u00e3o de servi\u00e7os \u00e0 Justi\u00e7a Eleitoral n\u00e3o poder\u00e3o ser convertidos em retribui\u00e7\u00e3o pecuni\u00e1ria.\u00a0<\/span><\/li><\/ul><div>\u00a0<\/div><div>\u00a0<\/div><h2><b>LEGISLA\u00c7\u00c3O<\/b><\/h2><p><span style=\"font-weight: 400\">Inciso VI, do art. 102, da Lei n\u00ba 8.112, 11\/12\/1990.<\/span><\/p>\t\t\t\t\t\t\t\t<\/div>\n\t\t\t\t<\/div>\n\t\t\t\t\t<\/div>\n\t\t<\/div>\n\t\t\t\t\t<\/div>\n\t\t<\/section>\n\t\t\t\t<\/div>\n\t\t","protected":false},"excerpt":{"rendered":"<p>Afastamento para Servir ao Tribunal Regional Eleitoral, J\u00fari e outros servi\u00e7os obrigat\u00f3rios por lei \u00a0 DEFINI\u00c7\u00c3O\u00a0 Dispensa dos servidores do trabalho, sem preju\u00edzo do sal\u00e1rio, vencimento ou qualquer outra vantagem para: exerc\u00edcio da fun\u00e7\u00e3o de jurado (servi\u00e7o p\u00fablico relevante); pelo dobro dos dias de convoca\u00e7\u00e3o por servi\u00e7os prestados \u00e0 Justi\u00e7a Eleitoral. REQUISITOS B\u00c1SICOS Servidor ter&#8230;<\/p>\n","protected":false},"author":3852,"featured_media":0,"parent":0,"menu_order":0,"comment_status":"closed","ping_status":"closed","template":"","meta":{"inline_featured_image":false,"ngg_post_thumbnail":0,"footnotes":""},"class_list":["post-18722","page","type-page","status-publish","hentry","entry"],"_links":{"self":[{"href":"https:\/\/www2.unifap.br\/drh\/wp-json\/wp\/v2\/pages\/18722","targetHints":{"allow":["GET"]}}],"collection":[{"href":"https:\/\/www2.unifap.br\/drh\/wp-json\/wp\/v2\/pages"}],"about":[{"href":"https:\/\/www2.unifap.br\/drh\/wp-json\/wp\/v2\/types\/page"}],"author":[{"embeddable":true,"href":"https:\/\/www2.unifap.br\/drh\/wp-json\/wp\/v2\/users\/3852"}],"replies":[{"embeddable":true,"href":"https:\/\/www2.unifap.br\/drh\/wp-json\/wp\/v2\/comments?post=18722"}],"version-history":[{"count":7,"href":"https:\/\/www2.unifap.br\/drh\/wp-json\/wp\/v2\/pages\/18722\/revisions"}],"predecessor-version":[{"id":18738,"href":"https:\/\/www2.unifap.br\/drh\/wp-json\/wp\/v2\/pages\/18722\/revisions\/18738"}],"wp:attachment":[{"href":"https:\/\/www2.unifap.br\/drh\/wp-json\/wp\/v2\/media?parent=18722"}],"curies":[{"name":"wp","href":"https:\/\/api.w.org\/{rel}","templated":true}]}}