{"id":20524,"date":"2026-01-13T12:02:32","date_gmt":"2026-01-13T15:02:32","guid":{"rendered":"https:\/\/www2.unifap.br\/drh\/?page_id=20524"},"modified":"2026-03-20T20:47:37","modified_gmt":"2026-03-20T23:47:37","slug":"projetos-em-saude","status":"publish","type":"page","link":"https:\/\/www2.unifap.br\/drh\/projetos-em-saude\/","title":{"rendered":"PROJETOS EM SA\u00daDE"},"content":{"rendered":"\t\t<div data-elementor-type=\"wp-page\" data-elementor-id=\"20524\" class=\"elementor elementor-20524\">\n\t\t\t\t\t\t<section class=\"elementor-section elementor-top-section elementor-element elementor-element-7b442bc elementor-section-boxed elementor-section-height-default elementor-section-height-default\" data-id=\"7b442bc\" data-element_type=\"section\" data-e-type=\"section\">\n\t\t\t\t\t\t<div class=\"elementor-container elementor-column-gap-default\">\n\t\t\t\t\t<div class=\"elementor-column elementor-col-100 elementor-top-column elementor-element elementor-element-8b1cb6f\" data-id=\"8b1cb6f\" data-element_type=\"column\" data-e-type=\"column\">\n\t\t\t<div class=\"elementor-widget-wrap elementor-element-populated\">\n\t\t\t\t\t\t<div class=\"elementor-element elementor-element-4d162d7 elementor-widget elementor-widget-heading\" data-id=\"4d162d7\" data-element_type=\"widget\" data-e-type=\"widget\" data-widget_type=\"heading.default\">\n\t\t\t\t<div class=\"elementor-widget-container\">\n\t\t\t\t\t<h2 class=\"elementor-heading-title elementor-size-default\">PROJETOS<\/h2>\t\t\t\t<\/div>\n\t\t\t\t<\/div>\n\t\t\t\t\t<\/div>\n\t\t<\/div>\n\t\t\t\t\t<\/div>\n\t\t<\/section>\n\t\t\t\t<section class=\"elementor-section elementor-top-section elementor-element elementor-element-34684de elementor-section-boxed elementor-section-height-default elementor-section-height-default\" data-id=\"34684de\" data-element_type=\"section\" data-e-type=\"section\">\n\t\t\t\t\t\t<div class=\"elementor-container elementor-column-gap-default\">\n\t\t\t\t\t<div class=\"elementor-column elementor-col-50 elementor-top-column elementor-element elementor-element-8d830d7\" data-id=\"8d830d7\" data-element_type=\"column\" data-e-type=\"column\">\n\t\t\t<div class=\"elementor-widget-wrap elementor-element-populated\">\n\t\t\t\t\t\t<div class=\"elementor-element elementor-element-5b80110 elementor-widget elementor-widget-image\" data-id=\"5b80110\" data-element_type=\"widget\" data-e-type=\"widget\" data-widget_type=\"image.default\">\n\t\t\t\t<div class=\"elementor-widget-container\">\n\t\t\t\t\t\t\t\t\t\t\t\t\t\t\t\t<a href=\"https:\/\/www2.unifap.br\/drh\/viver-bem\/\">\n\t\t\t\t\t\t\t<img fetchpriority=\"high\" decoding=\"async\" width=\"500\" height=\"500\" src=\"https:\/\/www2.unifap.br\/drh\/files\/2026\/01\/WhatsApp-Image-2026-01-22-at-17.42.18.jpeg\" class=\"attachment-large size-large wp-image-20569\" alt=\"\" srcset=\"https:\/\/www2.unifap.br\/drh\/files\/2026\/01\/WhatsApp-Image-2026-01-22-at-17.42.18.jpeg 500w, https:\/\/www2.unifap.br\/drh\/files\/2026\/01\/WhatsApp-Image-2026-01-22-at-17.42.18-300x300.jpeg 300w, https:\/\/www2.unifap.br\/drh\/files\/2026\/01\/WhatsApp-Image-2026-01-22-at-17.42.18-150x150.jpeg 150w\" sizes=\"(max-width: 500px) 100vw, 500px\" \/>\t\t\t\t\t\t\t\t<\/a>\n\t\t\t\t\t\t\t\t\t\t\t\t\t\t\t<\/div>\n\t\t\t\t<\/div>\n\t\t\t\t\t<\/div>\n\t\t<\/div>\n\t\t\t\t<div class=\"elementor-column elementor-col-50 elementor-top-column elementor-element elementor-element-a17b034\" data-id=\"a17b034\" data-element_type=\"column\" data-e-type=\"column\">\n\t\t\t<div class=\"elementor-widget-wrap elementor-element-populated\">\n\t\t\t\t\t\t<div class=\"elementor-element elementor-element-fb7866b elementor-widget elementor-widget-text-editor\" data-id=\"fb7866b\" data-element_type=\"widget\" data-e-type=\"widget\" data-widget_type=\"text-editor.default\">\n\t\t\t\t<div class=\"elementor-widget-container\">\n\t\t\t\t\t\t\t\t\t<h2 data-path-to-node=\"3\"><a href=\"https:\/\/www2.unifap.br\/drh\/viver-bem\/\"><b data-path-to-node=\"3\" data-index-in-node=\"0\">UNIFAP lan\u00e7a Programa \u201cViver Bem\u201d focado na sa\u00fade e qualidade de vida do servidor<\/b><\/a><\/h2>\t\t\t\t\t\t\t\t<\/div>\n\t\t\t\t<\/div>\n\t\t\t\t\t<\/div>\n\t\t<\/div>\n\t\t\t\t\t<\/div>\n\t\t<\/section>\n\t\t\t\t<section class=\"elementor-section elementor-top-section elementor-element elementor-element-101ed71 elementor-section-boxed elementor-section-height-default elementor-section-height-default\" data-id=\"101ed71\" data-element_type=\"section\" data-e-type=\"section\">\n\t\t\t\t\t\t<div class=\"elementor-container elementor-column-gap-default\">\n\t\t\t\t\t<div class=\"elementor-column elementor-col-50 elementor-top-column elementor-element elementor-element-8a14c8c\" data-id=\"8a14c8c\" data-element_type=\"column\" data-e-type=\"column\">\n\t\t\t<div class=\"elementor-widget-wrap elementor-element-populated\">\n\t\t\t\t\t\t<div class=\"elementor-element elementor-element-7dcb972 elementor-widget elementor-widget-accordion\" data-id=\"7dcb972\" data-element_type=\"widget\" data-e-type=\"widget\" data-widget_type=\"accordion.default\">\n\t\t\t\t<div class=\"elementor-widget-container\">\n\t\t\t\t\t\t\t<div class=\"elementor-accordion\">\n\t\t\t\t\t\t\t<div class=\"elementor-accordion-item\">\n\t\t\t\t\t<div id=\"elementor-tab-title-1311\" class=\"elementor-tab-title\" data-tab=\"1\" role=\"button\" aria-controls=\"elementor-tab-content-1311\" aria-expanded=\"false\">\n\t\t\t\t\t\t\t\t\t\t\t\t\t<span class=\"elementor-accordion-icon elementor-accordion-icon-left\" aria-hidden=\"true\">\n\t\t\t\t\t\t\t\t\t\t\t\t\t\t\t<span class=\"elementor-accordion-icon-closed\"><i class=\"fas fa-plus\"><\/i><\/span>\n\t\t\t\t\t\t\t\t<span class=\"elementor-accordion-icon-opened\"><i class=\"fas fa-minus\"><\/i><\/span>\n\t\t\t\t\t\t\t\t\t\t\t\t\t\t<\/span>\n\t\t\t\t\t\t\t\t\t\t\t\t<a class=\"elementor-accordion-title\" tabindex=\"0\">Reabilita<\/a>\n\t\t\t\t\t<\/div>\n\t\t\t\t\t<div id=\"elementor-tab-content-1311\" class=\"elementor-tab-content elementor-clearfix\" data-tab=\"1\" role=\"region\" aria-labelledby=\"elementor-tab-title-1311\"><p><img decoding=\"async\" class=\"aligncenter size-large wp-image-20530\" src=\"http:\/\/www2.unifap.br\/drh\/files\/2026\/01\/Post-para-Instagram-Fisioterapia-Duvidas-Simples-Azul-e-Branco-Cartao-de-visita-com-cantos-arredondados-89-x-51-cm-1024x585.png\" alt=\"\" width=\"1024\" height=\"585\" srcset=\"https:\/\/www2.unifap.br\/drh\/files\/2026\/01\/Post-para-Instagram-Fisioterapia-Duvidas-Simples-Azul-e-Branco-Cartao-de-visita-com-cantos-arredondados-89-x-51-cm-1024x585.png 1024w, https:\/\/www2.unifap.br\/drh\/files\/2026\/01\/Post-para-Instagram-Fisioterapia-Duvidas-Simples-Azul-e-Branco-Cartao-de-visita-com-cantos-arredondados-89-x-51-cm-300x171.png 300w, https:\/\/www2.unifap.br\/drh\/files\/2026\/01\/Post-para-Instagram-Fisioterapia-Duvidas-Simples-Azul-e-Branco-Cartao-de-visita-com-cantos-arredondados-89-x-51-cm-768x439.png 768w, https:\/\/www2.unifap.br\/drh\/files\/2026\/01\/Post-para-Instagram-Fisioterapia-Duvidas-Simples-Azul-e-Branco-Cartao-de-visita-com-cantos-arredondados-89-x-51-cm.png 1050w\" sizes=\"(max-width: 1024px) 100vw, 1024px\" \/><\/p><\/div>\n\t\t\t\t<\/div>\n\t\t\t\t\t\t\t\t<\/div>\n\t\t\t\t\t\t<\/div>\n\t\t\t\t<\/div>\n\t\t\t\t\t<\/div>\n\t\t<\/div>\n\t\t\t\t<div class=\"elementor-column elementor-col-50 elementor-top-column elementor-element elementor-element-725a214\" data-id=\"725a214\" data-element_type=\"column\" data-e-type=\"column\">\n\t\t\t<div class=\"elementor-widget-wrap elementor-element-populated\">\n\t\t\t\t\t\t<div class=\"elementor-element elementor-element-d096343 elementor-widget elementor-widget-accordion\" data-id=\"d096343\" data-element_type=\"widget\" data-e-type=\"widget\" data-widget_type=\"accordion.default\">\n\t\t\t\t<div class=\"elementor-widget-container\">\n\t\t\t\t\t\t\t<div class=\"elementor-accordion\">\n\t\t\t\t\t\t\t<div class=\"elementor-accordion-item\">\n\t\t\t\t\t<div id=\"elementor-tab-title-2181\" class=\"elementor-tab-title\" data-tab=\"1\" role=\"button\" aria-controls=\"elementor-tab-content-2181\" aria-expanded=\"false\">\n\t\t\t\t\t\t\t\t\t\t\t\t\t<span class=\"elementor-accordion-icon elementor-accordion-icon-left\" aria-hidden=\"true\">\n\t\t\t\t\t\t\t\t\t\t\t\t\t\t\t<span class=\"elementor-accordion-icon-closed\"><i class=\"fas fa-plus\"><\/i><\/span>\n\t\t\t\t\t\t\t\t<span class=\"elementor-accordion-icon-opened\"><i class=\"fas fa-minus\"><\/i><\/span>\n\t\t\t\t\t\t\t\t\t\t\t\t\t\t<\/span>\n\t\t\t\t\t\t\t\t\t\t\t\t<a class=\"elementor-accordion-title\" tabindex=\"0\">Yoga na UNIFAP<\/a>\n\t\t\t\t\t<\/div>\n\t\t\t\t\t<div id=\"elementor-tab-content-2181\" class=\"elementor-tab-content elementor-clearfix\" data-tab=\"1\" role=\"region\" aria-labelledby=\"elementor-tab-title-2181\"><p>Encontros \u00e0s quintas-feiras, \u00e0s 08h30m.<img decoding=\"async\" class=\"aligncenter size-large wp-image-20531\" src=\"http:\/\/www2.unifap.br\/drh\/files\/2026\/01\/ChatGPT-Image-13-de-jan.-de-2026-12_12_09-1024x683.png\" alt=\"\" width=\"1024\" height=\"683\" srcset=\"https:\/\/www2.unifap.br\/drh\/files\/2026\/01\/ChatGPT-Image-13-de-jan.-de-2026-12_12_09-1024x683.png 1024w, https:\/\/www2.unifap.br\/drh\/files\/2026\/01\/ChatGPT-Image-13-de-jan.-de-2026-12_12_09-300x200.png 300w, https:\/\/www2.unifap.br\/drh\/files\/2026\/01\/ChatGPT-Image-13-de-jan.-de-2026-12_12_09-768x512.png 768w, https:\/\/www2.unifap.br\/drh\/files\/2026\/01\/ChatGPT-Image-13-de-jan.-de-2026-12_12_09.png 1536w\" sizes=\"(max-width: 1024px) 100vw, 1024px\" \/><\/p><\/div>\n\t\t\t\t<\/div>\n\t\t\t\t\t\t\t\t<\/div>\n\t\t\t\t\t\t<\/div>\n\t\t\t\t<\/div>\n\t\t\t\t\t<\/div>\n\t\t<\/div>\n\t\t\t\t\t<\/div>\n\t\t<\/section>\n\t\t\t\t<\/div>\n\t\t","protected":false},"excerpt":{"rendered":"<p>PROJETOS UNIFAP lan\u00e7a Programa \u201cViver Bem\u201d focado na sa\u00fade e qualidade de vida do servidor Reabilita Yoga na UNIFAP Encontros \u00e0s quintas-feiras, \u00e0s 08h30m.<\/p>\n","protected":false},"author":3860,"featured_media":0,"parent":0,"menu_order":0,"comment_status":"closed","ping_status":"closed","template":"","meta":{"inline_featured_image":false,"ngg_post_thumbnail":0,"footnotes":""},"class_list":["post-20524","page","type-page","status-publish","hentry","entry"],"_links":{"self":[{"href":"https:\/\/www2.unifap.br\/drh\/wp-json\/wp\/v2\/pages\/20524","targetHints":{"allow":["GET"]}}],"collection":[{"href":"https:\/\/www2.unifap.br\/drh\/wp-json\/wp\/v2\/pages"}],"about":[{"href":"https:\/\/www2.unifap.br\/drh\/wp-json\/wp\/v2\/types\/page"}],"author":[{"embeddable":true,"href":"https:\/\/www2.unifap.br\/drh\/wp-json\/wp\/v2\/users\/3860"}],"replies":[{"embeddable":true,"href":"https:\/\/www2.unifap.br\/drh\/wp-json\/wp\/v2\/comments?post=20524"}],"version-history":[{"count":52,"href":"https:\/\/www2.unifap.br\/drh\/wp-json\/wp\/v2\/pages\/20524\/revisions"}],"predecessor-version":[{"id":20804,"href":"https:\/\/www2.unifap.br\/drh\/wp-json\/wp\/v2\/pages\/20524\/revisions\/20804"}],"wp:attachment":[{"href":"https:\/\/www2.unifap.br\/drh\/wp-json\/wp\/v2\/media?parent=20524"}],"curies":[{"name":"wp","href":"https:\/\/api.w.org\/{rel}","templated":true}]}}