{"id":105,"date":"2023-05-04T11:37:31","date_gmt":"2023-05-04T11:37:31","guid":{"rendered":"https:\/\/www2.unifap.br\/dsp\/?page_id=105"},"modified":"2023-05-05T13:52:44","modified_gmt":"2023-05-05T13:52:44","slug":"apresentacao","status":"publish","type":"page","link":"https:\/\/www2.unifap.br\/dsp\/apresentacao\/","title":{"rendered":"Apresenta\u00e7\u00e3o"},"content":{"rendered":"<p><strong>O atendimento psicossocial ao estudante tem como objetivo elaborar e promover a\u00e7\u00f5es, junto \u00e0 demanda acad\u00eamica, atrav\u00e9s de orienta\u00e7\u00f5es e encaminhamentos. Esse servi\u00e7o volta-se para o objetivo mais amplo da constru\u00e7\u00e3o da cidadania nos diversos segmentos que comp\u00f5em a comunidade discente. Desenvolve subs\u00eddios de assist\u00eancia a partir da proposta preconizada pela Pol\u00edtica de Assist\u00eancia Estudantil na Universidade Federal do Amap\u00e1-UNIFAP.<\/strong><\/p>\n","protected":false},"excerpt":{"rendered":"<p>O atendimento psicossocial ao estudante tem como objetivo elaborar e promover a\u00e7\u00f5es, junto \u00e0 demanda acad\u00eamica, atrav\u00e9s de orienta\u00e7\u00f5es e encaminhamentos. Esse servi\u00e7o volta-se para o objetivo mais amplo da constru\u00e7\u00e3o da cidadania nos diversos segmentos que comp\u00f5em a comunidade discente. Desenvolve subs\u00eddios de assist\u00eancia a partir da proposta preconizada pela Pol\u00edtica de Assist\u00eancia Estudantil&#8230;<\/p>\n","protected":false},"author":1206,"featured_media":0,"parent":0,"menu_order":0,"comment_status":"closed","ping_status":"closed","template":"","meta":{"inline_featured_image":false,"site-sidebar-layout":"default","site-content-layout":"default","ast-site-content-layout":"default","site-content-style":"default","site-sidebar-style":"default","ast-global-header-display":"","ast-banner-title-visibility":"","ast-main-header-display":"","ast-hfb-above-header-display":"","ast-hfb-below-header-display":"","ast-hfb-mobile-header-display":"","site-post-title":"","ast-breadcrumbs-content":"","ast-featured-img":"","footer-sml-layout":"","theme-transparent-header-meta":"default","adv-header-id-meta":"","stick-header-meta":"","header-above-stick-meta":"","header-main-stick-meta":"","header-below-stick-meta":"","astra-migrate-meta-layouts":"default","ast-page-background-enabled":"default","ast-page-background-meta":{"desktop":{"background-color":"var(--ast-global-color-4)","background-image":"","background-repeat":"repeat","background-position":"center center","background-size":"auto","background-attachment":"scroll","background-type":"","background-media":"","overlay-type":"","overlay-color":"","overlay-opacity":"","overlay-gradient":""},"tablet":{"background-color":"","background-image":"","background-repeat":"repeat","background-position":"center center","background-size":"auto","background-attachment":"scroll","background-type":"","background-media":"","overlay-type":"","overlay-color":"","overlay-opacity":"","overlay-gradient":""},"mobile":{"background-color":"","background-image":"","background-repeat":"repeat","background-position":"center center","background-size":"auto","background-attachment":"scroll","background-type":"","background-media":"","overlay-type":"","overlay-color":"","overlay-opacity":"","overlay-gradient":""}},"ast-content-background-meta":{"desktop":{"background-color":"var(--ast-global-color-5)","background-image":"","background-repeat":"repeat","background-position":"center center","background-size":"auto","background-attachment":"scroll","background-type":"","background-media":"","overlay-type":"","overlay-color":"","overlay-opacity":"","overlay-gradient":""},"tablet":{"background-color":"var(--ast-global-color-5)","background-image":"","background-repeat":"repeat","background-position":"center center","background-size":"auto","background-attachment":"scroll","background-type":"","background-media":"","overlay-type":"","overlay-color":"","overlay-opacity":"","overlay-gradient":""},"mobile":{"background-color":"var(--ast-global-color-5)","background-image":"","background-repeat":"repeat","background-position":"center center","background-size":"auto","background-attachment":"scroll","background-type":"","background-media":"","overlay-type":"","overlay-color":"","overlay-opacity":"","overlay-gradient":""}},"ngg_post_thumbnail":0,"footnotes":""},"class_list":["post-105","page","type-page","status-publish","hentry"],"_links":{"self":[{"href":"https:\/\/www2.unifap.br\/dsp\/wp-json\/wp\/v2\/pages\/105","targetHints":{"allow":["GET"]}}],"collection":[{"href":"https:\/\/www2.unifap.br\/dsp\/wp-json\/wp\/v2\/pages"}],"about":[{"href":"https:\/\/www2.unifap.br\/dsp\/wp-json\/wp\/v2\/types\/page"}],"author":[{"embeddable":true,"href":"https:\/\/www2.unifap.br\/dsp\/wp-json\/wp\/v2\/users\/1206"}],"replies":[{"embeddable":true,"href":"https:\/\/www2.unifap.br\/dsp\/wp-json\/wp\/v2\/comments?post=105"}],"version-history":[{"count":2,"href":"https:\/\/www2.unifap.br\/dsp\/wp-json\/wp\/v2\/pages\/105\/revisions"}],"predecessor-version":[{"id":113,"href":"https:\/\/www2.unifap.br\/dsp\/wp-json\/wp\/v2\/pages\/105\/revisions\/113"}],"wp:attachment":[{"href":"https:\/\/www2.unifap.br\/dsp\/wp-json\/wp\/v2\/media?parent=105"}],"curies":[{"name":"wp","href":"https:\/\/api.w.org\/{rel}","templated":true}]}}