{"id":107,"date":"2023-05-04T11:38:00","date_gmt":"2023-05-04T11:38:00","guid":{"rendered":"https:\/\/www2.unifap.br\/dsp\/?page_id=107"},"modified":"2023-05-05T14:00:41","modified_gmt":"2023-05-05T14:00:41","slug":"equipe","status":"publish","type":"page","link":"https:\/\/www2.unifap.br\/dsp\/equipe\/","title":{"rendered":"Equipe"},"content":{"rendered":"<p><a href=\"http:\/\/www2.unifap.br\/dsp\/files\/2023\/05\/22448191_1715821141784797_72477716520843799_n.jpg\"><img decoding=\"async\" class=\"alignnone size-thumbnail wp-image-114 aligncenter\" src=\"http:\/\/www2.unifap.br\/dsp\/files\/2023\/05\/22448191_1715821141784797_72477716520843799_n-150x150.jpg\" alt=\"\" width=\"150\" height=\"150\" srcset=\"https:\/\/www2.unifap.br\/dsp\/files\/2023\/05\/22448191_1715821141784797_72477716520843799_n-150x150.jpg 150w, https:\/\/www2.unifap.br\/dsp\/files\/2023\/05\/22448191_1715821141784797_72477716520843799_n-300x300.jpg 300w, https:\/\/www2.unifap.br\/dsp\/files\/2023\/05\/22448191_1715821141784797_72477716520843799_n-768x766.jpg 768w, https:\/\/www2.unifap.br\/dsp\/files\/2023\/05\/22448191_1715821141784797_72477716520843799_n.jpg 775w\" sizes=\"(max-width: 150px) 100vw, 150px\" \/><\/a><\/p>\n<p style=\"text-align: center\"><strong>Chefe<\/strong>: Lucicl\u00e9a Castro Pereira<br \/>\nluciclea@unifap.br<\/p>\n<p style=\"text-align: center\"><a href=\"http:\/\/www2.unifap.br\/dsp\/files\/2023\/05\/319927462_1252281381991401_8759431623154222891_n.jpg\"><img decoding=\"async\" class=\"alignnone size-thumbnail wp-image-116\" src=\"http:\/\/www2.unifap.br\/dsp\/files\/2023\/05\/319927462_1252281381991401_8759431623154222891_n-150x150.jpg\" alt=\"\" width=\"150\" height=\"150\" srcset=\"https:\/\/www2.unifap.br\/dsp\/files\/2023\/05\/319927462_1252281381991401_8759431623154222891_n-150x150.jpg 150w, https:\/\/www2.unifap.br\/dsp\/files\/2023\/05\/319927462_1252281381991401_8759431623154222891_n-300x300.jpg 300w, https:\/\/www2.unifap.br\/dsp\/files\/2023\/05\/319927462_1252281381991401_8759431623154222891_n.jpg 640w\" sizes=\"(max-width: 150px) 100vw, 150px\" \/><\/a><\/p>\n<p style=\"text-align: center\"><strong>Psic\u00f3loga<\/strong>: Thais Rodrigues<br \/>\nsihat30@gmail.com<\/p>\n<p><a href=\"http:\/\/www2.unifap.br\/dsp\/files\/2023\/05\/istockphoto-1074273290-170667a.jpg\"><img decoding=\"async\" class=\"size-thumbnail wp-image-117 aligncenter\" src=\"http:\/\/www2.unifap.br\/dsp\/files\/2023\/05\/istockphoto-1074273290-170667a-150x150.jpg\" alt=\"\" width=\"150\" height=\"150\" srcset=\"https:\/\/www2.unifap.br\/dsp\/files\/2023\/05\/istockphoto-1074273290-170667a-150x150.jpg 150w, https:\/\/www2.unifap.br\/dsp\/files\/2023\/05\/istockphoto-1074273290-170667a-300x300.jpg 300w, https:\/\/www2.unifap.br\/dsp\/files\/2023\/05\/istockphoto-1074273290-170667a.jpg 416w\" sizes=\"(max-width: 150px) 100vw, 150px\" \/><\/a><\/p>\n<p style=\"text-align: center\"><strong>Psic\u00f3logo<\/strong>: Msc. Fl\u00e1vio Neves<br \/>\nflavioneves@unifap.br<\/p>\n<p><a href=\"http:\/\/www2.unifap.br\/dsp\/files\/2023\/05\/istockphoto-1074273290-170667a.jpg\">&nbsp;<\/a><\/p>\n","protected":false},"excerpt":{"rendered":"<p>Chefe: Lucicl\u00e9a Castro Pereira luciclea@unifap.br Psic\u00f3loga: Thais Rodrigues sihat30@gmail.com Psic\u00f3logo: Msc. Fl\u00e1vio Neves flavioneves@unifap.br &nbsp;<\/p>\n","protected":false},"author":1206,"featured_media":0,"parent":0,"menu_order":0,"comment_status":"closed","ping_status":"closed","template":"","meta":{"inline_featured_image":false,"site-sidebar-layout":"default","site-content-layout":"default","ast-site-content-layout":"default","site-content-style":"default","site-sidebar-style":"default","ast-global-header-display":"","ast-banner-title-visibility":"","ast-main-header-display":"","ast-hfb-above-header-display":"","ast-hfb-below-header-display":"","ast-hfb-mobile-header-display":"","site-post-title":"","ast-breadcrumbs-content":"","ast-featured-img":"","footer-sml-layout":"","theme-transparent-header-meta":"default","adv-header-id-meta":"","stick-header-meta":"","header-above-stick-meta":"","header-main-stick-meta":"","header-below-stick-meta":"","astra-migrate-meta-layouts":"default","ast-page-background-enabled":"default","ast-page-background-meta":{"desktop":{"background-color":"var(--ast-global-color-4)","background-image":"","background-repeat":"repeat","background-position":"center center","background-size":"auto","background-attachment":"scroll","background-type":"","background-media":"","overlay-type":"","overlay-color":"","overlay-opacity":"","overlay-gradient":""},"tablet":{"background-color":"","background-image":"","background-repeat":"repeat","background-position":"center center","background-size":"auto","background-attachment":"scroll","background-type":"","background-media":"","overlay-type":"","overlay-color":"","overlay-opacity":"","overlay-gradient":""},"mobile":{"background-color":"","background-image":"","background-repeat":"repeat","background-position":"center center","background-size":"auto","background-attachment":"scroll","background-type":"","background-media":"","overlay-type":"","overlay-color":"","overlay-opacity":"","overlay-gradient":""}},"ast-content-background-meta":{"desktop":{"background-color":"var(--ast-global-color-5)","background-image":"","background-repeat":"repeat","background-position":"center center","background-size":"auto","background-attachment":"scroll","background-type":"","background-media":"","overlay-type":"","overlay-color":"","overlay-opacity":"","overlay-gradient":""},"tablet":{"background-color":"var(--ast-global-color-5)","background-image":"","background-repeat":"repeat","background-position":"center center","background-size":"auto","background-attachment":"scroll","background-type":"","background-media":"","overlay-type":"","overlay-color":"","overlay-opacity":"","overlay-gradient":""},"mobile":{"background-color":"var(--ast-global-color-5)","background-image":"","background-repeat":"repeat","background-position":"center center","background-size":"auto","background-attachment":"scroll","background-type":"","background-media":"","overlay-type":"","overlay-color":"","overlay-opacity":"","overlay-gradient":""}},"ngg_post_thumbnail":0,"footnotes":""},"class_list":["post-107","page","type-page","status-publish","hentry"],"_links":{"self":[{"href":"https:\/\/www2.unifap.br\/dsp\/wp-json\/wp\/v2\/pages\/107","targetHints":{"allow":["GET"]}}],"collection":[{"href":"https:\/\/www2.unifap.br\/dsp\/wp-json\/wp\/v2\/pages"}],"about":[{"href":"https:\/\/www2.unifap.br\/dsp\/wp-json\/wp\/v2\/types\/page"}],"author":[{"embeddable":true,"href":"https:\/\/www2.unifap.br\/dsp\/wp-json\/wp\/v2\/users\/1206"}],"replies":[{"embeddable":true,"href":"https:\/\/www2.unifap.br\/dsp\/wp-json\/wp\/v2\/comments?post=107"}],"version-history":[{"count":6,"href":"https:\/\/www2.unifap.br\/dsp\/wp-json\/wp\/v2\/pages\/107\/revisions"}],"predecessor-version":[{"id":121,"href":"https:\/\/www2.unifap.br\/dsp\/wp-json\/wp\/v2\/pages\/107\/revisions\/121"}],"wp:attachment":[{"href":"https:\/\/www2.unifap.br\/dsp\/wp-json\/wp\/v2\/media?parent=107"}],"curies":[{"name":"wp","href":"https:\/\/api.w.org\/{rel}","templated":true}]}}