{"id":23743,"date":"2020-09-14T15:05:37","date_gmt":"2020-09-14T18:05:37","guid":{"rendered":"http:\/\/www2.unifap.br\/ead\/?page_id=23743"},"modified":"2020-09-28T19:29:25","modified_gmt":"2020-09-28T22:29:25","slug":"edital-bilingue","status":"publish","type":"page","link":"https:\/\/www2.unifap.br\/ead\/edital-bilingue\/","title":{"rendered":"Edital Bilingue"},"content":{"rendered":"\t\t<div data-elementor-type=\"wp-page\" data-elementor-id=\"23743\" class=\"elementor elementor-23743\">\n\t\t\t\t\t\t<section class=\"elementor-section elementor-top-section elementor-element elementor-element-87cd4b4 elementor-section-boxed elementor-section-height-default elementor-section-height-default\" data-id=\"87cd4b4\" data-element_type=\"section\" data-e-type=\"section\">\n\t\t\t\t\t\t<div class=\"elementor-container elementor-column-gap-default\">\n\t\t\t\t\t<div class=\"elementor-column elementor-col-100 elementor-top-column elementor-element elementor-element-960ef06\" data-id=\"960ef06\" data-element_type=\"column\" data-e-type=\"column\">\n\t\t\t<div class=\"elementor-widget-wrap elementor-element-populated\">\n\t\t\t\t\t\t<div class=\"elementor-element elementor-element-30b7037 elementor-widget elementor-widget-spacer\" data-id=\"30b7037\" data-element_type=\"widget\" data-e-type=\"widget\" data-widget_type=\"spacer.default\">\n\t\t\t\t<div class=\"elementor-widget-container\">\n\t\t\t\t\t\t\t<div class=\"elementor-spacer\">\n\t\t\t<div class=\"elementor-spacer-inner\"><\/div>\n\t\t<\/div>\n\t\t\t\t\t\t<\/div>\n\t\t\t\t<\/div>\n\t\t\t\t<div class=\"elementor-element elementor-element-5aaad49 elementor-widget elementor-widget-heading\" data-id=\"5aaad49\" data-element_type=\"widget\" data-e-type=\"widget\" data-widget_type=\"heading.default\">\n\t\t\t\t<div class=\"elementor-widget-container\">\n\t\t\t\t\t<h2 class=\"elementor-heading-title elementor-size-default\">Processo Seletivo - Jovem Bil\u00edngue<\/h2>\t\t\t\t<\/div>\n\t\t\t\t<\/div>\n\t\t\t\t<div class=\"elementor-element elementor-element-af0e7a3 elementor-widget elementor-widget-spacer\" data-id=\"af0e7a3\" data-element_type=\"widget\" data-e-type=\"widget\" data-widget_type=\"spacer.default\">\n\t\t\t\t<div class=\"elementor-widget-container\">\n\t\t\t\t\t\t\t<div class=\"elementor-spacer\">\n\t\t\t<div class=\"elementor-spacer-inner\"><\/div>\n\t\t<\/div>\n\t\t\t\t\t\t<\/div>\n\t\t\t\t<\/div>\n\t\t\t\t<div class=\"elementor-element elementor-element-ea68ac6 elementor-widget elementor-widget-text-editor\" data-id=\"ea68ac6\" data-element_type=\"widget\" data-e-type=\"widget\" data-widget_type=\"text-editor.default\">\n\t\t\t\t<div class=\"elementor-widget-container\">\n\t\t\t\t\t\t\t\t\t<p><span style=\"color: #000000;\"><strong><a style=\"color: #000000;\" href=\"http:\/\/www2.unifap.br\/ead\/files\/2020\/09\/RESULTADO-DEFINITIVO-INGL\u00caS-jovem-bilingue.pdf\">Resultado definitivo &#8211; Ingl\u00eas<\/a><\/strong><\/span><\/p><p><span style=\"color: #000000;\"><strong><a style=\"color: #000000;\" href=\"http:\/\/www2.unifap.br\/ead\/files\/2020\/09\/RESULTADO-DEFINITIVO-FRANC\u00caS-jovem-bilingue.pdf\">Resultado definitivo &#8211; Franc\u00eas<\/a><\/strong><\/span><\/p><p><span style=\"color: #808080;\">Formul\u00e1rio de recurso<\/span><\/p><p><span style=\"color: #808080;\"><a style=\"color: #808080;\" href=\"http:\/\/www2.unifap.br\/ead\/files\/2020\/09\/RESULTADO-PARCIAL-INGL\u00caS-1.pdf\">Resultado parcial da sele\u00e7\u00e3o de Ingl\u00eas<\/a><\/span><\/p><p><span style=\"color: #808080;\"><a style=\"color: #808080;\" href=\"http:\/\/www2.unifap.br\/ead\/files\/2020\/09\/RESULTADO-PARCIAL-DA-SELE\u00c7\u00c3O-DE-FRANC\u00caS.pdf\">Resultado parcial da sele\u00e7\u00e3o de franc\u00eas<\/a><\/span><\/p><p><span style=\"color: #808080;\"><a style=\"color: #808080;\" href=\"http:\/\/www2.unifap.br\/ead\/files\/2020\/09\/Anexo-I-FORMULARIO-DE-INSCRI\u00c7\u00c3O.docx\">Anexo I &#8211; Ficha de inscri\u00e7\u00e3o<\/a><\/span><\/p><p><span style=\"color: #808080;\"><a style=\"color: #808080;\" href=\"https:\/\/www2.unifap.br\/ead\/formulario-para-inscricao-jovem-bilingue-frances\/\">Formul\u00e1rio de inscri\u00e7\u00e3o &#8211; Franc\u00eas<\/a><\/span><\/p><p><span style=\"color: #808080;\"><a style=\"color: #808080;\" href=\"https:\/\/www2.unifap.br\/ead\/formulario-para-inscricao-jovem-bilingue-ingles\/\">Formul\u00e1rio de inscri\u00e7\u00e3o &#8211; Ingl\u00eas<\/a><\/span><\/p><p><span style=\"color: #808080;\"><a style=\"color: #808080;\" href=\"http:\/\/www2.unifap.br\/ead\/files\/2020\/09\/RETIFICA\u00c7\u00c3O-02-FORMULARIO-DE-INSCRI\u00c7\u00c3O.pdf\">Retifica\u00e7\u00e3o do edital &#8211; 02<\/a><\/span><\/p><p><span style=\"color: #808080;\"><a style=\"color: #808080;\" href=\"http:\/\/www2.unifap.br\/ead\/files\/2020\/09\/RETIFICA\u00c7\u00c3O-01_-jovem-bilingue.pdf\">Retifica\u00e7\u00e3o do edital &#8211; 01<\/a><\/span><\/p><p><span style=\"color: #808080;\"><a style=\"color: #808080;\" href=\"http:\/\/www2.unifap.br\/ead\/files\/2020\/09\/edital-para-participantes-jovem-bilingue-publicacao-EAD.pdf\">Edital de abertura<\/a><\/span><\/p>\t\t\t\t\t\t\t\t<\/div>\n\t\t\t\t<\/div>\n\t\t\t\t\t<\/div>\n\t\t<\/div>\n\t\t\t\t\t<\/div>\n\t\t<\/section>\n\t\t\t\t<\/div>\n\t\t","protected":false},"excerpt":{"rendered":"<p>Processo Seletivo &#8211; Jovem Bil\u00edngue Resultado definitivo &#8211; Ingl\u00eas Resultado definitivo &#8211; Franc\u00eas Formul\u00e1rio de recurso Resultado parcial da sele\u00e7\u00e3o de Ingl\u00eas Resultado parcial da sele\u00e7\u00e3o de franc\u00eas Anexo I&#8230;<\/p>\n","protected":false},"author":926,"featured_media":0,"parent":0,"menu_order":0,"comment_status":"closed","ping_status":"closed","template":"","meta":{"inline_featured_image":false,"ngg_post_thumbnail":0,"footnotes":""},"class_list":["post-23743","page","type-page","status-publish","hentry","entry"],"_links":{"self":[{"href":"https:\/\/www2.unifap.br\/ead\/wp-json\/wp\/v2\/pages\/23743","targetHints":{"allow":["GET"]}}],"collection":[{"href":"https:\/\/www2.unifap.br\/ead\/wp-json\/wp\/v2\/pages"}],"about":[{"href":"https:\/\/www2.unifap.br\/ead\/wp-json\/wp\/v2\/types\/page"}],"author":[{"embeddable":true,"href":"https:\/\/www2.unifap.br\/ead\/wp-json\/wp\/v2\/users\/926"}],"replies":[{"embeddable":true,"href":"https:\/\/www2.unifap.br\/ead\/wp-json\/wp\/v2\/comments?post=23743"}],"version-history":[{"count":12,"href":"https:\/\/www2.unifap.br\/ead\/wp-json\/wp\/v2\/pages\/23743\/revisions"}],"predecessor-version":[{"id":23846,"href":"https:\/\/www2.unifap.br\/ead\/wp-json\/wp\/v2\/pages\/23743\/revisions\/23846"}],"wp:attachment":[{"href":"https:\/\/www2.unifap.br\/ead\/wp-json\/wp\/v2\/media?parent=23743"}],"curies":[{"name":"wp","href":"https:\/\/api.w.org\/{rel}","templated":true}]}}