{"id":246,"date":"2012-10-18T11:48:48","date_gmt":"2012-10-18T14:48:48","guid":{"rendered":"http:\/\/www2.unifap.br\/ead\/?page_id=246"},"modified":"2017-04-03T09:11:15","modified_gmt":"2017-04-03T12:11:15","slug":"administracao-publica","status":"publish","type":"page","link":"https:\/\/www2.unifap.br\/ead\/paginscricoes\/graduacao-uab\/administracao-publica\/","title":{"rendered":"Bacharelado em Administra\u00e7\u00e3o P\u00fablica"},"content":{"rendered":"<p><img fetchpriority=\"high\" decoding=\"async\" class=\"size-medium wp-image-1878 aligncenter\" alt=\"\" src=\"http:\/\/www2.unifap.br\/ead\/files\/2012\/10\/ADM-02-253x300.png\" width=\"253\" height=\"300\" srcset=\"https:\/\/www2.unifap.br\/ead\/files\/2012\/10\/ADM-02-253x300.png 253w, https:\/\/www2.unifap.br\/ead\/files\/2012\/10\/ADM-02.png 510w\" sizes=\"(max-width: 253px) 100vw, 253px\" \/><\/p>\n<p style=\"text-align: center\"><em><strong> Cria\u00e7\u00e3o de marca: Adriano Brito<\/strong><\/em><\/p>\n<p style=\"text-align: justify\"><strong>P\u00fablico-Alvo<\/strong>: Concluintes do segundo grau, que residam nas regi\u00f5es dos munic\u00edpios P\u00f3los de Apoio Presencial do Curso de Administra\u00e7\u00e3o P\u00fablica da UAB, selecionados por meio de processo seletivo de ingresso na UNIFAP.<\/p>\n<p style=\"text-align: justify\"><strong>Objetivos do curso:<\/strong><\/p>\n<p style=\"text-align: justify\"><strong>Geral:<\/strong><\/p>\n<ul style=\"text-align: justify\">\n<li>Formar profissionais com amplo conhecimento de Administra\u00e7\u00e3o P\u00fablica, capazes de atuarem no \u00e2mbito federal, estadual e municipal, administrando com compet\u00eancia as organiza\u00e7\u00f5es governamentais e n\u00e3o-governamentais, de modo pr\u00f3-ativo, democr\u00e1tico e \u00e9tico, tendo em vista a transforma\u00e7\u00e3o e o desenvolvimento da sociedade e do pa\u00eds.<\/li>\n<\/ul>\n<p style=\"text-align: justify\"><strong>Espec\u00edficos:<\/strong><\/p>\n<ul style=\"text-align: justify\">\n<li>Oportunizar a conscientiza\u00e7\u00e3o do estudante para agir dentro de princ\u00edpios \u00e9ticos, morais, legais e c\u00edvicos, promovendo o ser humano como for\u00e7a de trabalho e capital intelectual.<\/li>\n<li>Propiciar forma\u00e7\u00e3o integral do egresso de tal forma a permitir-lhe pesquisar, estudar, analisar, interpretar, planejar, implantar, coordenar e controlar a\u00e7\u00f5es no campo da administra\u00e7\u00e3o, fazendo vigorar a legisla\u00e7\u00e3o profissional e normas \u00e9ticas a que est\u00e1 sujeita a gest\u00e3o.<\/li>\n<li>Formar profissionais capazes de ampliar os n\u00edveis de competitividade organizacional frente ao dinamismo das transforma\u00e7\u00f5es no \u00e2mbito interno e externo \u00e0s organiza\u00e7\u00f5es.<\/li>\n<li>Capacitar o estudante para enfrentar os desafios e as peculiaridades locais e regionais e do pr\u00f3prio mercado de trabalho, considerando a fun\u00e7\u00e3o social que deve exercer, por meio de forma\u00e7\u00e3o s\u00f3lida que lhe d\u00ea um embasamento de cultura geral, complementado pela vis\u00e3o hol\u00edstica em sua dimens\u00e3o human\u00edstica e t\u00e9cnica.<\/li>\n<li>Preparar o estudante para atuar como gestor, envolvendo-se com decis\u00f5es, estrat\u00e9gias e adversidades, buscando estabelecer vantagens competitivas no mercado globalizado, frente \u00e0s mudan\u00e7as impostas pelo ambiente.<\/li>\n<li>Preparar lideran\u00e7as para a administra\u00e7\u00e3o p\u00fablica, gerar novos empreendedores e capacitar m\u00e3o-de-obra j\u00e1 inserida no mercado para atua\u00e7\u00e3o na gest\u00e3o p\u00fablica.<\/li>\n<li>Despertar no estudante o interesse de capacitar-se como gestor p\u00fablico empreendedor, gerente e t\u00e9cnico preparado para enfrentar as mais diferentes situa\u00e7\u00f5es de mercado e de necessidades da sociedade, com lideran\u00e7a, iniciativa e criatividade para interferir na realidade, antecipando-se aos fatos ou adequandose \u00e0s novas tend\u00eancias.<\/li>\n<\/ul>\n<p style=\"text-align: justify\"><strong>Forma de Ingresso:<\/strong> Acompanhando a din\u00e2mica do sistema UNIFAP\/UAB o ingresso no curso poder\u00e1 se d\u00e1 atrav\u00e9s do Processo Seletivo (Vestibular) e\/ou Processo Seletivo Simplificado (DEAD\/UNIFAP) e\/ou PARFOR.<\/p>\n<p style=\"text-align: justify\"><strong>Dura\u00e7\u00e3o do Curso:<\/strong> M\u00ednimo 8 e m\u00e1ximo 12 semestres para integraliza\u00e7\u00e3o curricular.<\/p>\n<p style=\"text-align: justify\"><strong>Metodologia<\/strong>: O Curso ser\u00e1 ofertado na modalidade \u00e0 dist\u00e2ncia.<\/p>\n<p style=\"text-align: center\"><strong>Prof\u00ba. Dr. Robson Ant\u00f4nio Tavares Costa<\/strong><br \/>\nCoordenador do Curso de Administra\u00e7\u00e3o P\u00fablica \u00e0 Dist\u00e2ncia<br \/>\nPortaria n\u00ba 2696\/2016 \u2013 UNIFAP<\/p>\n","protected":false},"excerpt":{"rendered":"<p>Cria\u00e7\u00e3o de marca: Adriano Brito P\u00fablico-Alvo: Concluintes do segundo grau, que residam nas regi\u00f5es dos munic\u00edpios P\u00f3los de Apoio Presencial do Curso de Administra\u00e7\u00e3o P\u00fablica da UAB, selecionados por meio&#8230;<\/p>\n","protected":false},"author":435,"featured_media":0,"parent":124,"menu_order":0,"comment_status":"closed","ping_status":"closed","template":"template-onecolumn.php","meta":{"inline_featured_image":false,"ngg_post_thumbnail":0,"footnotes":""},"class_list":["post-246","page","type-page","status-publish","hentry","entry"],"_links":{"self":[{"href":"https:\/\/www2.unifap.br\/ead\/wp-json\/wp\/v2\/pages\/246","targetHints":{"allow":["GET"]}}],"collection":[{"href":"https:\/\/www2.unifap.br\/ead\/wp-json\/wp\/v2\/pages"}],"about":[{"href":"https:\/\/www2.unifap.br\/ead\/wp-json\/wp\/v2\/types\/page"}],"author":[{"embeddable":true,"href":"https:\/\/www2.unifap.br\/ead\/wp-json\/wp\/v2\/users\/435"}],"replies":[{"embeddable":true,"href":"https:\/\/www2.unifap.br\/ead\/wp-json\/wp\/v2\/comments?post=246"}],"version-history":[{"count":54,"href":"https:\/\/www2.unifap.br\/ead\/wp-json\/wp\/v2\/pages\/246\/revisions"}],"predecessor-version":[{"id":17154,"href":"https:\/\/www2.unifap.br\/ead\/wp-json\/wp\/v2\/pages\/246\/revisions\/17154"}],"up":[{"embeddable":true,"href":"https:\/\/www2.unifap.br\/ead\/wp-json\/wp\/v2\/pages\/124"}],"wp:attachment":[{"href":"https:\/\/www2.unifap.br\/ead\/wp-json\/wp\/v2\/media?parent=246"}],"curies":[{"name":"wp","href":"https:\/\/api.w.org\/{rel}","templated":true}]}}