{"id":25641,"date":"2022-09-08T02:08:11","date_gmt":"2022-09-08T05:08:11","guid":{"rendered":"https:\/\/www2.unifap.br\/ead\/?page_id=25641"},"modified":"2022-09-08T02:08:11","modified_gmt":"2022-09-08T05:08:11","slug":"ii-seminario-enade-edicao-2022","status":"publish","type":"page","link":"https:\/\/www2.unifap.br\/ead\/ii-seminario-enade-edicao-2022\/","title":{"rendered":"II SEMIN\u00c1RIO ENADE &#8211; EDI\u00c7\u00c3O 2022"},"content":{"rendered":"\t\t<div data-elementor-type=\"wp-page\" data-elementor-id=\"25641\" class=\"elementor elementor-25641\">\n\t\t\t\t\t\t<section class=\"elementor-section elementor-top-section elementor-element elementor-element-af2a7b6 elementor-section-boxed elementor-section-height-default elementor-section-height-default\" data-id=\"af2a7b6\" data-element_type=\"section\" data-e-type=\"section\">\n\t\t\t\t\t\t<div class=\"elementor-container elementor-column-gap-default\">\n\t\t\t\t\t<div class=\"elementor-column elementor-col-100 elementor-top-column elementor-element elementor-element-31bd192\" data-id=\"31bd192\" data-element_type=\"column\" data-e-type=\"column\">\n\t\t\t<div class=\"elementor-widget-wrap elementor-element-populated\">\n\t\t\t\t\t\t<div class=\"elementor-element elementor-element-7913b96 elementor-widget elementor-widget-text-editor\" data-id=\"7913b96\" data-element_type=\"widget\" data-e-type=\"widget\" data-widget_type=\"text-editor.default\">\n\t\t\t\t<div class=\"elementor-widget-container\">\n\t\t\t\t\t\t\t\t\t<div><span style=\"font-family: arial, sans-serif\">Caros alunos,<br \/><\/span><\/div><div>\u00a0<\/div><p><span style=\"font-family: arial, sans-serif\">A coordena\u00e7\u00e3o do Curso de Administra\u00e7\u00e3o P\u00fablica EaD, <b>convida<\/b>, por meio da <b>Equipe do DEAVI\/UNIFAP<\/b>, para\u00a0participarem do\u00a0&#8220;<b>II\u00a0Semin\u00e1rio\u00a0Enade&#8221;<\/b>, cujo objetivo \u00e9 orientar e sensibilizar os estudantes inscritos na <b>Edi\u00e7\u00e3o 2022 <\/b>para a efetiva participa\u00e7\u00e3o no Exame. Al\u00e9m disso, o momento visa sanar as principais d\u00favidas e\/ou questionamentos dos estudantes sobre a prova. Destarte, informamos que o referido\u00a0semin\u00e1rio\u00a0acontecer\u00e1 em\u00a0<strong>formato virtual<\/strong>, e a agenda definida para a participa\u00e7\u00e3o dos estudantes do curso de\u00a0<strong>Administra\u00e7\u00e3o<\/strong>\u00a0<strong>P\u00fablica<\/strong>\u00a0\u00e9 a seguinte:<br \/><br \/><strong>DATA:\u00a0<\/strong>13\/09\/2022 &#8211; TER\u00c7A-FEIRA<br \/><br \/><strong>HOR\u00c1RIO:\u00a0<\/strong>18:30 HORAS<br \/><br \/><strong>LINK PARA\u00a0 A SALA DE REUNI\u00c3O:\u00a0<\/strong><a href=\"https:\/\/meet.google.com\/bmg-pnrr-bep\" target=\"_blank\" rel=\"noopener\" data-saferedirecturl=\"https:\/\/www.google.com\/url?q=https:\/\/meet.google.com\/bmg-pnrr-bep&amp;source=gmail&amp;ust=1662699695329000&amp;usg=AOvVaw26cwCFTPyET20CU92S_ZTS\">https:\/\/meet.google.com\/bmg-pnrr-bep<\/a><strong><br \/><br \/>RESPONS\u00c1VEL DO DEAVI<\/strong>:\u00a0Myryan Sylvia Sousa de Almeida (<a href=\"mailto:sylvia@unifap.br\" target=\"_blank\" rel=\"noopener\">sylvia@unifap.br<\/a>)<\/span><\/p>\t\t\t\t\t\t\t\t<\/div>\n\t\t\t\t<\/div>\n\t\t\t\t\t<\/div>\n\t\t<\/div>\n\t\t\t\t\t<\/div>\n\t\t<\/section>\n\t\t\t\t<\/div>\n\t\t","protected":false},"excerpt":{"rendered":"<p>Caros alunos,&nbsp; A coordena\u00e7\u00e3o do Curso de Administra\u00e7\u00e3o P\u00fablica EaD, convida, por meio da Equipe do DEAVI\/UNIFAP, para&nbsp;participarem do&nbsp;&#8220;II&nbsp;Semin\u00e1rio&nbsp;Enade&#8221;, cujo objetivo \u00e9 orientar e sensibilizar os estudantes inscritos na Edi\u00e7\u00e3o&#8230;<\/p>\n","protected":false},"author":3953,"featured_media":0,"parent":0,"menu_order":0,"comment_status":"closed","ping_status":"closed","template":"","meta":{"inline_featured_image":false,"ngg_post_thumbnail":0,"footnotes":""},"class_list":["post-25641","page","type-page","status-publish","hentry","entry"],"_links":{"self":[{"href":"https:\/\/www2.unifap.br\/ead\/wp-json\/wp\/v2\/pages\/25641","targetHints":{"allow":["GET"]}}],"collection":[{"href":"https:\/\/www2.unifap.br\/ead\/wp-json\/wp\/v2\/pages"}],"about":[{"href":"https:\/\/www2.unifap.br\/ead\/wp-json\/wp\/v2\/types\/page"}],"author":[{"embeddable":true,"href":"https:\/\/www2.unifap.br\/ead\/wp-json\/wp\/v2\/users\/3953"}],"replies":[{"embeddable":true,"href":"https:\/\/www2.unifap.br\/ead\/wp-json\/wp\/v2\/comments?post=25641"}],"version-history":[{"count":5,"href":"https:\/\/www2.unifap.br\/ead\/wp-json\/wp\/v2\/pages\/25641\/revisions"}],"predecessor-version":[{"id":25647,"href":"https:\/\/www2.unifap.br\/ead\/wp-json\/wp\/v2\/pages\/25641\/revisions\/25647"}],"wp:attachment":[{"href":"https:\/\/www2.unifap.br\/ead\/wp-json\/wp\/v2\/media?parent=25641"}],"curies":[{"name":"wp","href":"https:\/\/api.w.org\/{rel}","templated":true}]}}