{"id":808,"date":"2011-02-03T11:29:18","date_gmt":"2011-02-03T14:29:18","guid":{"rendered":"http:\/\/saojose.unifap.br\/ead\/"},"modified":"2011-02-03T11:29:18","modified_gmt":"2011-02-03T14:29:18","slug":"psme-ead","status":"publish","type":"page","link":"https:\/\/www2.unifap.br\/ead2\/psme-ead\/","title":{"rendered":"PSME-EAD 2011"},"content":{"rendered":"<p style=\"text-align: center\"><strong>EDITAL n\u00ba 001\/2011<\/strong><\/p>\n<p style=\"text-align: center\"><strong>PROCESSO SELETIVO \u00c0S MATR\u00cdCULAS ESPECIAIS\u00a0 PARA OS CURSOS DE GRADUA\u00c7\u00c3O NA MODALIDADE A DIST\u00c2NCIA<\/strong><\/p>\n<p style=\"text-align: center\"><strong>PSME-EAD\/2011<\/strong><\/p>\n<p style=\"text-align: center\"><strong><br \/>\n<\/strong><\/p>\n<p style=\"text-align: justify\">\n<p style=\"text-align: justify\">O Reitor em exerc\u00edcio da Universidade Federal do Amap\u00e1 (UNIFAP), no uso de suas atribui\u00e7\u00f5es legais e regimentais, considerando o que estabelece o Regimento Geral da UNIFAP, em seu Artigo 108, inciso III e Artigo 121, inciso II, e em seu Cap\u00edtulo V, bem como o disposto na Resolu\u00e7\u00e3o CONSU n. 003, de 25 de mar\u00e7o de 2004, torna p\u00fablica a abertura das inscri\u00e7\u00f5es para preenchimento de vagas de evas\u00e3o nos cursos de Licenciatura Plena em Matem\u00e1tica e Licenciatura Plena em Educa\u00e7\u00e3o F\u00edsica, ofertados pela UNIFAP, na modalidade a dist\u00e2ncia, atrav\u00e9s do Processo Seletivo \u00e0s Matr\u00edculas Especiais para os cursos de gradua\u00e7\u00e3o na modalidade a dist\u00e2ncia \u2013 PSME-EAD\/2011, que se rege pelo presente Edital, inclusive seus anexos, e pela legisla\u00e7\u00e3o pertinente.<\/p>\n<p style=\"text-align: justify\">\n<blockquote>\n<p style=\"text-align: justify\"><strong>EDITAL DE ABERTURA: <\/strong><em>CLIQUE <strong><a href=\"http:\/\/www.unifap.br\/info.php?operacao=mostrar&amp;cod_noticia=4873\" target=\"_blank\">AQUI <\/a><\/strong>PARA ABRIR O EDITAL<\/em><strong> <\/strong><\/p>\n<\/blockquote>\n<p style=\"text-align: justify\">\n<blockquote>\n<p style=\"text-align: justify\"><strong>P\u00c1GINA DE INSCRI\u00c7\u00d5ES:<\/strong><span style=\"text-decoration: underline\"><em> INSCRI\u00c7\u00d5ES ENCERRADAS<\/em><\/span><\/p>\n<\/blockquote>\n<p style=\"text-align: justify\">\n<blockquote>\n<p style=\"text-align: justify\"><strong>ESTAT\u00cdSTICAS GERAIS E RELA\u00c7\u00c3O CANDIDATO\/VAGA: <\/strong><em>CLIQUE <a href=\"http:\/\/www.unifap.br\/intranet\/arquivos\/arq6455.pdf\" target=\"_blank\"><strong>AQUI<\/strong><\/a><\/em><strong> <\/strong><\/p>\n<\/blockquote>\n<p style=\"text-align: justify\">\n<blockquote>\n<p style=\"text-align: justify\"><strong>LISTA DE INSCRI\u00c7\u00d5ES HOMOLOGADAS:<\/strong><em> <\/em><em>CLIQUE <a href=\"http:\/\/www.unifap.br\/intranet\/arquivos\/arq6453.pdf\" target=\"_blank\"><strong>AQUI<\/strong><\/a><\/em><\/p>\n<\/blockquote>\n<p style=\"text-align: justify\">\n<blockquote>\n<p style=\"text-align: justify\"><strong>DIVULGA\u00c7\u00c3O DOS RESULTADOS:<\/strong><\/p>\n<p style=\"text-align: right\">RESULTADO PRELIMINAR: <a href=\"http:\/\/www.unifap.br\/intranet\/arquivos\/arq6501.pdf\" target=\"_blank\"><strong>MATEM\u00c1TICA<\/strong><\/a><\/p>\n<p style=\"text-align: right\">RESULTADO PRELIMINAR: <a href=\"http:\/\/www.unifap.br\/intranet\/arquivos\/arq6500.pdf\" target=\"_blank\"><strong>EDUCA\u00c7\u00c3O F\u00cdSICA<\/strong><\/a><em><strong><br \/>\n<\/strong><\/em><\/p>\n<\/blockquote>\n<p style=\"text-align: justify\">\n<blockquote>\n<p style=\"text-align: justify\"><strong>FORMUL\u00c1RIO DE RECURSOS:<\/strong><em> <em><span style=\"text-decoration: underline\">PRAZO ENCERRADO<br \/>\n<\/span><\/em><\/em><\/p>\n<\/blockquote>\n<p style=\"text-align: center\">\n<blockquote>\n<p style=\"text-align: justify\"><strong>DIVULGA\u00c7\u00c3O DOS RESULTADOS:<\/strong><\/p>\n<p style=\"text-align: right\"><strong>RESULTADO DEFINITIVO: (<\/strong>Dispon\u00edvel em 25\/02<strong>)<\/strong><\/p>\n<p style=\"text-align: right\"><strong>RESULTADO DEFINITIVO: (<\/strong>Dispon\u00edvel em 25\/02<strong>)<\/strong><em><strong><br \/>\n<\/strong><\/em><\/p>\n<\/blockquote>\n<p>==============================================================================<\/p>\n<p style=\"text-align: center\"><strong>CONTATO: <\/strong><a href=\"mailto:secretaria.ead@unifap.br\">secretaria.ead@unifap.br<\/a><\/p>\n","protected":false},"excerpt":{"rendered":"<p>EDITAL n\u00ba 001\/2011 PROCESSO SELETIVO \u00c0S MATR\u00cdCULAS ESPECIAIS\u00a0 PARA OS CURSOS DE GRADUA\u00c7\u00c3O NA MODALIDADE A DIST\u00c2NCIA PSME-EAD\/2011 O Reitor em exerc\u00edcio da Universidade Federal do Amap\u00e1 (UNIFAP), no uso de suas atribui\u00e7\u00f5es legais e regimentais, considerando o que estabelece o Regimento Geral da UNIFAP, em seu Artigo 108, inciso III e Artigo 121, inciso&#8230;<\/p>\n","protected":false},"author":97,"featured_media":0,"parent":0,"menu_order":0,"comment_status":"closed","ping_status":"closed","template":"","meta":{"inline_featured_image":false,"site-sidebar-layout":"default","site-content-layout":"","ast-site-content-layout":"default","site-content-style":"default","site-sidebar-style":"default","ast-global-header-display":"","ast-banner-title-visibility":"","ast-main-header-display":"","ast-hfb-above-header-display":"","ast-hfb-below-header-display":"","ast-hfb-mobile-header-display":"","site-post-title":"","ast-breadcrumbs-content":"","ast-featured-img":"","footer-sml-layout":"","theme-transparent-header-meta":"","adv-header-id-meta":"","stick-header-meta":"","header-above-stick-meta":"","header-main-stick-meta":"","header-below-stick-meta":"","astra-migrate-meta-layouts":"default","ast-page-background-enabled":"default","ast-page-background-meta":{"desktop":{"background-color":"var(--ast-global-color-4)","background-image":"","background-repeat":"repeat","background-position":"center center","background-size":"auto","background-attachment":"scroll","background-type":"","background-media":"","overlay-type":"","overlay-color":"","overlay-opacity":"","overlay-gradient":""},"tablet":{"background-color":"","background-image":"","background-repeat":"repeat","background-position":"center center","background-size":"auto","background-attachment":"scroll","background-type":"","background-media":"","overlay-type":"","overlay-color":"","overlay-opacity":"","overlay-gradient":""},"mobile":{"background-color":"","background-image":"","background-repeat":"repeat","background-position":"center center","background-size":"auto","background-attachment":"scroll","background-type":"","background-media":"","overlay-type":"","overlay-color":"","overlay-opacity":"","overlay-gradient":""}},"ast-content-background-meta":{"desktop":{"background-color":"var(--ast-global-color-5)","background-image":"","background-repeat":"repeat","background-position":"center center","background-size":"auto","background-attachment":"scroll","background-type":"","background-media":"","overlay-type":"","overlay-color":"","overlay-opacity":"","overlay-gradient":""},"tablet":{"background-color":"var(--ast-global-color-5)","background-image":"","background-repeat":"repeat","background-position":"center center","background-size":"auto","background-attachment":"scroll","background-type":"","background-media":"","overlay-type":"","overlay-color":"","overlay-opacity":"","overlay-gradient":""},"mobile":{"background-color":"var(--ast-global-color-5)","background-image":"","background-repeat":"repeat","background-position":"center center","background-size":"auto","background-attachment":"scroll","background-type":"","background-media":"","overlay-type":"","overlay-color":"","overlay-opacity":"","overlay-gradient":""}},"ngg_post_thumbnail":0,"footnotes":""},"class_list":["post-808","page","type-page","status-publish","hentry"],"_links":{"self":[{"href":"https:\/\/www2.unifap.br\/ead2\/wp-json\/wp\/v2\/pages\/808","targetHints":{"allow":["GET"]}}],"collection":[{"href":"https:\/\/www2.unifap.br\/ead2\/wp-json\/wp\/v2\/pages"}],"about":[{"href":"https:\/\/www2.unifap.br\/ead2\/wp-json\/wp\/v2\/types\/page"}],"author":[{"embeddable":true,"href":"https:\/\/www2.unifap.br\/ead2\/wp-json\/wp\/v2\/users\/97"}],"replies":[{"embeddable":true,"href":"https:\/\/www2.unifap.br\/ead2\/wp-json\/wp\/v2\/comments?post=808"}],"version-history":[{"count":0,"href":"https:\/\/www2.unifap.br\/ead2\/wp-json\/wp\/v2\/pages\/808\/revisions"}],"wp:attachment":[{"href":"https:\/\/www2.unifap.br\/ead2\/wp-json\/wp\/v2\/media?parent=808"}],"curies":[{"name":"wp","href":"https:\/\/api.w.org\/{rel}","templated":true}]}}