{"id":2971,"date":"2014-11-27T20:11:56","date_gmt":"2014-11-27T20:11:56","guid":{"rendered":"http:\/\/www2.unifap.br\/edfisica\/?page_id=2971"},"modified":"2014-11-27T20:16:54","modified_gmt":"2014-11-27T20:16:54","slug":"4-congresso","status":"publish","type":"page","link":"https:\/\/www2.unifap.br\/edfisica\/e-book\/eventos-2\/4-congresso\/","title":{"rendered":"IV CONGRESSO DE EDUCA\u00c7\u00c3O F\u00cdSICA DA UNIFAP &#8211; 2014"},"content":{"rendered":"<p>IV CONGRESSO DE EDUCA\u00c7\u00c3O F\u00cdSICA DA UNIFAP, II SEMIN\u00c1RIO DE ESTUDOS DO LAZER E II ENCONTRO AMAPAENSE DE CI\u00caNCIAS DO ESPORTE<\/p>\n<p><strong>INSCRI\u00c7\u00c3O(Encerrada)<\/strong><\/p>\n<p><strong>SUBMISS\u00c3O DE TRABALHOS(Encerrada)<\/strong><\/p>\n<ol>\n<li><a href=\"http:\/\/www2.unifap.br\/edfisica\/files\/2014\/09\/programa%C3%A7%C3%A3o-e-apresentacao.pdf\" target=\"_blank\">25\/09\/2014 00:00:00\u00a0<strong>APRESENTA\u00c7\u00c3O<\/strong><\/a><\/li>\n<li><a title=\"Programa\u00e7\u00e3o atualizada\" href=\"http:\/\/www2.unifap.br\/edfisica\/files\/2014\/09\/programa%C3%A7%C3%A3o-atualizada.pdf\" target=\"_blank\"><strong>25\/09\/2014 00:00:00\u00a0PROGRAMA\u00c7\u00c3O<\/strong><\/a><\/li>\n<li><strong><a href=\"http:\/\/www2.unifap.br\/edfisica\/files\/2014\/09\/Docentes.pdf\" target=\"_blank\">25\/09\/2014 00:00:00\u00a0COMISS\u00c3O ORGANIZADORA<\/a><\/strong><\/li>\n<li><a title=\"acesso arquivo\" href=\"http:\/\/www2.unifap.br\/edfisica\/files\/2014\/11\/Normativas-para-apresenta%C3%A7%C3%A3o-de-trabalho.pdf\" target=\"_blank\" rel=\"attachment wp-att-2943\">24\/11\/2014 00:00:00\u00a0Normativas para apresenta\u00e7\u00e3o de trabalhos<\/a><\/li>\n<li><a href=\"http:\/\/www2.unifap.br\/edfisica\/files\/2014\/11\/Lista-de-Trabalhos-Aprovados-para-comunica%C3%A7%C3%A3-oral.pdf\" target=\"_blank\">24\/11\/2014 00:00:00\u00a0Lista de Trabalhos Aprovados para comunica\u00e7\u00e3o oral<\/a><\/li>\n<li><a href=\"http:\/\/www2.unifap.br\/edfisica\/files\/2014\/11\/inscritos.pdf\" target=\"_blank\">24\/11\/2014 00:00:00\u00a0inscritos<\/a><\/li>\n<\/ol>\n","protected":false},"excerpt":{"rendered":"<p>IV CONGRESSO DE EDUCA\u00c7\u00c3O F\u00cdSICA DA UNIFAP, II SEMIN\u00c1RIO DE ESTUDOS DO LAZER E II ENCONTRO AMAPAENSE DE CI\u00caNCIAS DO ESPORTE INSCRI\u00c7\u00c3O(Encerrada)&#8230;<\/p>\n","protected":false},"author":205,"featured_media":0,"parent":47,"menu_order":0,"comment_status":"open","ping_status":"open","template":"template-onecolumn.php","meta":{"inline_featured_image":false,"ngg_post_thumbnail":0,"footnotes":""},"class_list":["post-2971","page","type-page","status-publish","hentry"],"_links":{"self":[{"href":"https:\/\/www2.unifap.br\/edfisica\/wp-json\/wp\/v2\/pages\/2971","targetHints":{"allow":["GET"]}}],"collection":[{"href":"https:\/\/www2.unifap.br\/edfisica\/wp-json\/wp\/v2\/pages"}],"about":[{"href":"https:\/\/www2.unifap.br\/edfisica\/wp-json\/wp\/v2\/types\/page"}],"author":[{"embeddable":true,"href":"https:\/\/www2.unifap.br\/edfisica\/wp-json\/wp\/v2\/users\/205"}],"replies":[{"embeddable":true,"href":"https:\/\/www2.unifap.br\/edfisica\/wp-json\/wp\/v2\/comments?post=2971"}],"version-history":[{"count":1,"href":"https:\/\/www2.unifap.br\/edfisica\/wp-json\/wp\/v2\/pages\/2971\/revisions"}],"predecessor-version":[{"id":2972,"href":"https:\/\/www2.unifap.br\/edfisica\/wp-json\/wp\/v2\/pages\/2971\/revisions\/2972"}],"up":[{"embeddable":true,"href":"https:\/\/www2.unifap.br\/edfisica\/wp-json\/wp\/v2\/pages\/47"}],"wp:attachment":[{"href":"https:\/\/www2.unifap.br\/edfisica\/wp-json\/wp\/v2\/media?parent=2971"}],"curies":[{"name":"wp","href":"https:\/\/api.w.org\/{rel}","templated":true}]}}