{"id":328,"date":"2011-03-29T15:55:16","date_gmt":"2011-03-29T18:55:16","guid":{"rendered":"http:\/\/pororoca.unifap.br\/edfisica\/"},"modified":"2013-06-27T12:58:00","modified_gmt":"2013-06-27T12:58:00","slug":"objetivos","status":"publish","type":"page","link":"https:\/\/www2.unifap.br\/edfisica\/extensao_ccef\/pet\/objetivos\/","title":{"rendered":"Objetivos"},"content":{"rendered":"<p>Proporcionar aos\/as acad\u00eamicos do curso de licenciatura de educa\u00e7\u00e3o f\u00edsica da UNIFAP vinculados ao pet\/conex\u00f5es dos saberes a amplia\u00e7\u00e3o e o aprofundamento de\/em conhecimentos e experi\u00eancias relacionados a ci\u00eancia e tecnologia com o prop\u00f3sito de contribuir para uma forma\u00e7\u00e3o humana-acad\u00eamico-profissional, critica e compromissada com a emancipa\u00e7\u00e3o do sujeito em sua conviv\u00eancia e atua\u00e7\u00e3o\/inser\u00e7\u00e3o social e cotidiana em sociedade.Contribuir com a forma\u00e7\u00e3o dos acad\u00eamicos atrav\u00e9s deste programa, no intuito de que os mesmos operem na perspectiva a\u00e7\u00e3o-reflex\u00e3o-a\u00e7\u00e3o, no contexto que atua e que possa vim atuar, pautados pela critica, a partir do agu\u00e7amento da capacidade de observa\u00e7\u00e3o, analise, reflex\u00e3o e s\u00edntese, de forma participativa e coletiva, e que possa enfrentar situa\u00e7\u00f5es sociais em busca de uma sociedade igualit\u00e1ria e unificada na regi\u00e3o. Incentivar reflex\u00f5es, a\u00e7\u00f5es sobre os fazeres e saberes cotidianos do ser docente com planejamento, organiza\u00e7\u00e3o e adequa\u00e7\u00e3o dos conte\u00fados da disciplina de Educa\u00e7\u00e3o F\u00edsica escolar, conforme a realidade amaz\u00f4nica, na busca de aprendizagem relevante para a forma\u00e7\u00e3o integral de alunos no ch\u00e3o da escola.\u00a0amaz\u00f4nica.Proporcionar espa\u00e7o de apropria\u00e7\u00e3o, produ\u00e7\u00e3o e divulga\u00e7\u00e3o do conhecimento relativo a pratica pedag\u00f3gica na educa\u00e7\u00e3o f\u00edsica, aproximando di\u00e1logos entre os acad\u00eamicos e professores atuantes nos diferentes n\u00edveis de ensino e forma\u00e7\u00e3o.<\/p>\n","protected":false},"excerpt":{"rendered":"<p>Proporcionar aos\/as acad\u00eamicos do curso de licenciatura de educa\u00e7\u00e3o f\u00edsica da UNIFAP vinculados ao pet\/conex\u00f5es dos saberes a amplia\u00e7\u00e3o e o aprofundamento&#8230;<\/p>\n","protected":false},"author":64,"featured_media":0,"parent":273,"menu_order":3,"comment_status":"closed","ping_status":"closed","template":"template-twocolumns-left.php","meta":{"inline_featured_image":false,"ngg_post_thumbnail":0,"footnotes":""},"class_list":["post-328","page","type-page","status-publish","hentry"],"_links":{"self":[{"href":"https:\/\/www2.unifap.br\/edfisica\/wp-json\/wp\/v2\/pages\/328","targetHints":{"allow":["GET"]}}],"collection":[{"href":"https:\/\/www2.unifap.br\/edfisica\/wp-json\/wp\/v2\/pages"}],"about":[{"href":"https:\/\/www2.unifap.br\/edfisica\/wp-json\/wp\/v2\/types\/page"}],"author":[{"embeddable":true,"href":"https:\/\/www2.unifap.br\/edfisica\/wp-json\/wp\/v2\/users\/64"}],"replies":[{"embeddable":true,"href":"https:\/\/www2.unifap.br\/edfisica\/wp-json\/wp\/v2\/comments?post=328"}],"version-history":[{"count":1,"href":"https:\/\/www2.unifap.br\/edfisica\/wp-json\/wp\/v2\/pages\/328\/revisions"}],"predecessor-version":[{"id":862,"href":"https:\/\/www2.unifap.br\/edfisica\/wp-json\/wp\/v2\/pages\/328\/revisions\/862"}],"up":[{"embeddable":true,"href":"https:\/\/www2.unifap.br\/edfisica\/wp-json\/wp\/v2\/pages\/273"}],"wp:attachment":[{"href":"https:\/\/www2.unifap.br\/edfisica\/wp-json\/wp\/v2\/media?parent=328"}],"curies":[{"name":"wp","href":"https:\/\/api.w.org\/{rel}","templated":true}]}}