{"id":330,"date":"2011-03-29T15:59:15","date_gmt":"2011-03-29T18:59:15","guid":{"rendered":"http:\/\/pororoca.unifap.br\/edfisica\/"},"modified":"2013-06-27T12:58:00","modified_gmt":"2013-06-27T12:58:00","slug":"projetos","status":"publish","type":"page","link":"https:\/\/www2.unifap.br\/edfisica\/extensao_ccef\/pet\/projetos\/","title":{"rendered":"Projetos"},"content":{"rendered":"<p>A\u00e7a\u00ed com cinema<\/p>\n<p>Projeto de exibi\u00e7\u00e3o de filmes com tem\u00e1ticas voltadas para a forma\u00e7\u00e3o de professores\/as de Educa\u00e7\u00e3o F\u00edsica<\/p>\n<p>Pororoca de ideias<\/p>\n<p>Conversas mensais sobre tem\u00e1ticas voltadas para a forma\u00e7\u00e3o de professores\/as de Educa\u00e7\u00e3o F\u00edsica<\/p>\n<p>Grupo de estudos sobre a mem\u00f3ria da Educa\u00e7\u00e3o F\u00edsica no estado do Amap\u00e1<\/p>\n<p>Toda sexta feira no bloco de Educa\u00e7\u00e3o F\u00edsica, hor\u00e1rio 15 e 30 &#8211; 18: 00, encontros para dialogarmos sobre a mem\u00f3ria da Educa\u00e7\u00e3o F\u00edsica no Estado do Amap\u00e1<\/p>\n","protected":false},"excerpt":{"rendered":"<p>A\u00e7a\u00ed com cinema Projeto de exibi\u00e7\u00e3o de filmes com tem\u00e1ticas voltadas para a forma\u00e7\u00e3o de professores\/as de Educa\u00e7\u00e3o F\u00edsica Pororoca de ideias&#8230;<\/p>\n","protected":false},"author":64,"featured_media":0,"parent":273,"menu_order":0,"comment_status":"closed","ping_status":"closed","template":"template-twocolumns-left.php","meta":{"inline_featured_image":false,"ngg_post_thumbnail":0,"footnotes":""},"class_list":["post-330","page","type-page","status-publish","hentry"],"_links":{"self":[{"href":"https:\/\/www2.unifap.br\/edfisica\/wp-json\/wp\/v2\/pages\/330","targetHints":{"allow":["GET"]}}],"collection":[{"href":"https:\/\/www2.unifap.br\/edfisica\/wp-json\/wp\/v2\/pages"}],"about":[{"href":"https:\/\/www2.unifap.br\/edfisica\/wp-json\/wp\/v2\/types\/page"}],"author":[{"embeddable":true,"href":"https:\/\/www2.unifap.br\/edfisica\/wp-json\/wp\/v2\/users\/64"}],"replies":[{"embeddable":true,"href":"https:\/\/www2.unifap.br\/edfisica\/wp-json\/wp\/v2\/comments?post=330"}],"version-history":[{"count":1,"href":"https:\/\/www2.unifap.br\/edfisica\/wp-json\/wp\/v2\/pages\/330\/revisions"}],"predecessor-version":[{"id":859,"href":"https:\/\/www2.unifap.br\/edfisica\/wp-json\/wp\/v2\/pages\/330\/revisions\/859"}],"up":[{"embeddable":true,"href":"https:\/\/www2.unifap.br\/edfisica\/wp-json\/wp\/v2\/pages\/273"}],"wp:attachment":[{"href":"https:\/\/www2.unifap.br\/edfisica\/wp-json\/wp\/v2\/media?parent=330"}],"curies":[{"name":"wp","href":"https:\/\/api.w.org\/{rel}","templated":true}]}}