{"id":3589,"date":"2015-05-06T13:05:38","date_gmt":"2015-05-06T13:05:38","guid":{"rendered":"http:\/\/www2.unifap.br\/edfisica\/?page_id=3589"},"modified":"2015-05-06T17:07:26","modified_gmt":"2015-05-06T17:07:26","slug":"3a_colon_ferias-semed_pmm","status":"publish","type":"page","link":"https:\/\/www2.unifap.br\/edfisica\/e-book\/eventos-2\/3a_colon_ferias-semed_pmm\/","title":{"rendered":"III COL\u00d4NIA DE F\u00c9RIAS &#8211; 2015 &#8211; SEMED\/PMM"},"content":{"rendered":"<p align=\"center\"><b>INFORME n\u00ba 16\/2015-CCEF<\/b><\/p>\n<p align=\"center\"><b><a title=\"At\u00e9 preencher os vinte inscritos \" href=\"http:\/\/inscricoes.hol.es\/fic-cadast-3a_colonia_ferias15\" target=\"_blank\"><img decoding=\"async\" alt=\"Ficha de Cadastro on-line\" src=\"http:\/\/www2.unifap.br\/edfisica\/files\/2015\/05\/Ficha-de-Cadastro-on-line.png\" width=\"314\" height=\"35\" \/><\/a>\u00a0<\/b><\/p>\n<p>Informamos aos acad\u00eamicos do Curso de Educa\u00e7\u00e3o F\u00edsica, interessados em participar da \u201c<b>III COL\u00d4NIA DE F\u00c9RIAS<\/b>\u201d no per\u00edodo de\u00a0<b>01 a 03\/07\/2015<\/b>, por meio da Secretaria Municipal de Educa\u00e7\u00e3o \u2013 SEMED\/PMM.<\/p>\n<p>Preencher a ficha de cadastro on-line, o qual ser\u00e1 selecionado os 20 (vinte primeiros inscritos)<\/p>\n<p>&nbsp;<\/p>\n<p align=\"right\">Macap\u00e1 (AP), quinta-feira, 06 de maio de 2015.<\/p>\n<p>Atenciosamente,<\/p>\n<p align=\"right\">A Coordena\u00e7\u00e3o<\/p>\n<p align=\"right\"><img fetchpriority=\"high\" decoding=\"async\" alt=\"Banner_evento_semed-colonia_ferias_01-a-03-07-2015\" src=\"http:\/\/www2.unifap.br\/edfisica\/files\/2015\/05\/Banner_evento_semed-colonia_ferias_01-a-03-07-2015.png\" width=\"1089\" height=\"214\" \/><\/p>\n<p>&nbsp;<\/p>\n<p><strong>ARQUIVOS PARA DOWNLOAD E INSCRI\u00c7\u00d5ES<\/strong><\/p>\n<p>Per\u00edodo de Inscri\u00e7\u00e3o:\u00a006\/05\/2015 \u00e0 at\u00e9 o preenchimento dos vinte inscritos<\/p>\n<p><a href=\"http:\/\/inscricoes.hol.es\/fic-cadast-3a_colonia_ferias15\" target=\"_blank\">INSCRI\u00c7\u00d5ES<\/a>\u00a0\u00a0\u00a0\u00a0\u00a0\u00a0\u00a0\u00a0<a href=\"http:\/\/www2.unifap.br\/edfisica\" target=\"_blank\">ACOMPANHAMENTO\u00a0<\/a><br \/>\n<a title=\"At\u00e9 preencher os vinte inscritos \" href=\"http:\/\/inscricoes.hol.es\/fic-cadast-3a_colonia_ferias15\" target=\"_blank\"><img decoding=\"async\" alt=\"Ficha de Cadastro on-line\" src=\"http:\/\/www2.unifap.br\/edfisica\/files\/2015\/05\/Ficha-de-Cadastro-on-line.png\" width=\"314\" height=\"35\" \/><\/a><\/p>\n<p>&nbsp;<\/p>\n<p><strong><span style=\"color: #ff0000\">Documentos para download:<\/span><\/strong><\/p>\n<ol>\n<li><a title=\"06\/05\/2015 13:15:46\" href=\"http:\/\/www2.unifap.br\/edfisica\/files\/2015\/05\/INFORMATIVO16-2015-_3a-Colonia_ferias_academicos_educa_fisica.pdf\" target=\"_blank\">06\/05\/2015 13:15:46 INFORMATIVO16-2015-_3a-Colonia_ferias_academicos_educa_fisica<\/a><\/li>\n<\/ol>\n","protected":false},"excerpt":{"rendered":"<p>INFORME n\u00ba 16\/2015-CCEF \u00a0 Informamos aos acad\u00eamicos do Curso de Educa\u00e7\u00e3o F\u00edsica, interessados em participar da \u201cIII COL\u00d4NIA DE F\u00c9RIAS\u201d no per\u00edodo&#8230;<\/p>\n","protected":false},"author":205,"featured_media":3586,"parent":47,"menu_order":2,"comment_status":"open","ping_status":"open","template":"","meta":{"inline_featured_image":false,"ngg_post_thumbnail":0,"footnotes":""},"class_list":["post-3589","page","type-page","status-publish","has-post-thumbnail","hentry"],"_links":{"self":[{"href":"https:\/\/www2.unifap.br\/edfisica\/wp-json\/wp\/v2\/pages\/3589","targetHints":{"allow":["GET"]}}],"collection":[{"href":"https:\/\/www2.unifap.br\/edfisica\/wp-json\/wp\/v2\/pages"}],"about":[{"href":"https:\/\/www2.unifap.br\/edfisica\/wp-json\/wp\/v2\/types\/page"}],"author":[{"embeddable":true,"href":"https:\/\/www2.unifap.br\/edfisica\/wp-json\/wp\/v2\/users\/205"}],"replies":[{"embeddable":true,"href":"https:\/\/www2.unifap.br\/edfisica\/wp-json\/wp\/v2\/comments?post=3589"}],"version-history":[{"count":2,"href":"https:\/\/www2.unifap.br\/edfisica\/wp-json\/wp\/v2\/pages\/3589\/revisions"}],"predecessor-version":[{"id":3591,"href":"https:\/\/www2.unifap.br\/edfisica\/wp-json\/wp\/v2\/pages\/3589\/revisions\/3591"}],"up":[{"embeddable":true,"href":"https:\/\/www2.unifap.br\/edfisica\/wp-json\/wp\/v2\/pages\/47"}],"wp:featuredmedia":[{"embeddable":true,"href":"https:\/\/www2.unifap.br\/edfisica\/wp-json\/wp\/v2\/media\/3586"}],"wp:attachment":[{"href":"https:\/\/www2.unifap.br\/edfisica\/wp-json\/wp\/v2\/media?parent=3589"}],"curies":[{"name":"wp","href":"https:\/\/api.w.org\/{rel}","templated":true}]}}