{"id":3784,"date":"2015-09-09T14:00:50","date_gmt":"2015-09-09T14:00:50","guid":{"rendered":"http:\/\/www2.unifap.br\/edfisica\/?page_id=3784"},"modified":"2018-09-05T20:29:00","modified_gmt":"2018-09-05T20:29:00","slug":"proespol2015","status":"publish","type":"page","link":"https:\/\/www2.unifap.br\/edfisica\/extensao_ccef\/extensao\/proesport\/proespol2015\/","title":{"rendered":"Esporte e Lazer 2015 (PROESPOL)"},"content":{"rendered":"<p style=\"text-align: center\"><a href=\"http:\/\/www2.unifap.br\/edfisica\/files\/2015\/09\/banner2ED24-PROESPOL.jpg\"><img fetchpriority=\"high\" decoding=\"async\" class=\"aligncenter  wp-image-3781\" alt=\"banner2ED24-PROESPOL\" src=\"http:\/\/www2.unifap.br\/edfisica\/files\/2015\/09\/banner2ED24-PROESPOL.jpg\" width=\"895\" height=\"412\" srcset=\"https:\/\/www2.unifap.br\/edfisica\/files\/2015\/09\/banner2ED24-PROESPOL.jpg 994w, https:\/\/www2.unifap.br\/edfisica\/files\/2015\/09\/banner2ED24-PROESPOL-300x138.jpg 300w, https:\/\/www2.unifap.br\/edfisica\/files\/2015\/09\/banner2ED24-PROESPOL-650x300.jpg 650w\" sizes=\"(max-width: 895px) 100vw, 895px\" \/><\/a><\/p>\n<p>&nbsp;<\/p>\n<p style=\"text-align: center\"><!--more--><\/p>\n<p style=\"text-align: center\"><!--more--><\/p>\n<p style=\"text-align: center\">__________________________________________________________________________________<\/p>\n<table>\n<tbody>\n<tr>\n<td>Data<\/td>\n<td>Arquivo<\/td>\n<td>Tamanho<\/td>\n<\/tr>\n<tr>\n<td><a title=\"EDITAL N. 034\/2015\/DEX\/PROEAC\/UNIFAP, de 08 de Setembro de 2015.\" href=\"http:\/\/www.unifap.br\/public\/index\/download\/id\/145730\" target=\"_blank\">08\/09\/2015<\/a><\/td>\n<td><a title=\"EDITAL N. 034\/2015\/DEX\/PROEAC\/UNIFAP, de 08 de Setembro de 2015.\" href=\"http:\/\/www.unifap.br\/public\/index\/download\/id\/145730\">EDITAL N. 034\/2015\/DEX\/PROEAC\/UNIFAP, de 08 de Setembro de 2015.<\/a><\/td>\n<td><a title=\"EDITAL N. 034\/2015\/DEX\/PROEAC\/UNIFAP, de 08 de Setembro de 2015.\" href=\"http:\/\/www.unifap.br\/public\/index\/download\/id\/145730\">285.52 KBytes<\/a><\/td>\n<\/tr>\n<tr>\n<td><a title=\"Retifica\u00e7\u00e3o n\u00ba 01 - Edital n\u00ba 34\/2015 -Esporte e Lazer\" href=\"http:\/\/www.unifap.br\/public\/index\/download\/id\/145733\" target=\"_blank\">08\/09\/2015<\/a><\/td>\n<td><a title=\"Retifica\u00e7\u00e3o n\u00ba 01 - Edital n\u00ba 34\/2015 -Esporte e Lazer\" href=\"http:\/\/www.unifap.br\/public\/index\/download\/id\/145733\">Retifica\u00e7\u00e3o n\u00ba 01 &#8211; Edital n\u00ba 34\/2015 -Esporte e Lazer<\/a><\/td>\n<td><a title=\"Retifica\u00e7\u00e3o n\u00ba 01 - Edital n\u00ba 34\/2015 -Esporte e Lazer\" href=\"http:\/\/www.unifap.br\/public\/index\/download\/id\/145733\">381.48 KBytes<\/a><\/td>\n<\/tr>\n<tr>\n<td><a title=\"Anexo I (Formul\u00e1rio de Recurso)\" href=\"http:\/\/www.unifap.br\/public\/index\/download\/id\/145735\" target=\"_blank\">08\/09\/2015<\/a><\/td>\n<td><a title=\"Anexo I (Formul\u00e1rio de Recurso)\" href=\"http:\/\/www.unifap.br\/public\/index\/download\/id\/145735\">Anexo I (Formul\u00e1rio de Recurso)<\/a><\/td>\n<td><a title=\"Anexo I (Formul\u00e1rio de Recurso)\" href=\"http:\/\/www.unifap.br\/public\/index\/download\/id\/145735\">189.93 KBytes<\/a><\/td>\n<\/tr>\n<tr>\n<td><a title=\"CRONOGRAMA\" href=\"http:\/\/www.unifap.br\/public\/index\/download\/id\/145745\" target=\"_blank\">09\/09\/2015<\/a><\/td>\n<td><a title=\"CRONOGRAMA\" href=\"http:\/\/www.unifap.br\/public\/index\/download\/id\/145745\">CRONOGRAMA<\/a><\/td>\n<td><a title=\"CRONOGRAMA\" href=\"http:\/\/www.unifap.br\/public\/index\/download\/id\/145745\">210.73 KBytes<\/a><\/td>\n<\/tr>\n<tr>\n<td><a title=\"Rela\u00e7\u00e3o de Inscri\u00e7\u00f5es Homologadas \" href=\"http:\/\/www.unifap.br\/public\/index\/download\/id\/146154\" target=\"_blank\">18\/09\/2015<\/a><\/td>\n<td><a title=\"Rela\u00e7\u00e3o de Inscri\u00e7\u00f5es Homologadas \" href=\"http:\/\/www.unifap.br\/public\/index\/download\/id\/146154\">Rela\u00e7\u00e3o de Inscri\u00e7\u00f5es Homologadas<\/a><\/td>\n<td><a title=\"Rela\u00e7\u00e3o de Inscri\u00e7\u00f5es Homologadas \" href=\"http:\/\/www.unifap.br\/public\/index\/download\/id\/146154\">321.05 KBytes<\/a><\/td>\n<\/tr>\n<tr>\n<td><a title=\"Rela\u00e7\u00e3o de Inscritos por Modalidade e Convoca\u00e7\u00e3o de Entrega de documenta\u00e7\u00e3o \" href=\"http:\/\/www.unifap.br\/public\/index\/download\/id\/146162\" target=\"_blank\">21\/09\/2015<\/a><\/td>\n<td><a title=\"Rela\u00e7\u00e3o de Inscritos por Modalidade e Convoca\u00e7\u00e3o de Entrega de documenta\u00e7\u00e3o \" href=\"http:\/\/www.unifap.br\/public\/index\/download\/id\/146162\">Rela\u00e7\u00e3o de Inscritos por Modalidade e Convoca\u00e7\u00e3o de Entrega de documenta\u00e7\u00e3o<\/a><\/td>\n<td><a title=\"Rela\u00e7\u00e3o de Inscritos por Modalidade e Convoca\u00e7\u00e3o de Entrega de documenta\u00e7\u00e3o \" href=\"http:\/\/www.unifap.br\/public\/index\/download\/id\/146162\">1.33 MBytes<\/a><\/td>\n<\/tr>\n<tr>\n<td><a title=\"Anexo III - Ficha de Cadastro\" href=\"http:\/\/www.unifap.br\/public\/index\/download\/id\/146164\" target=\"_blank\">21\/09\/2015<\/a><\/td>\n<td><a title=\"Anexo III - Ficha de Cadastro\" href=\"http:\/\/www.unifap.br\/public\/index\/download\/id\/146164\">Anexo III &#8211; Ficha de Cadastro<\/a><\/td>\n<td><a title=\"Anexo III - Ficha de Cadastro\" href=\"http:\/\/www.unifap.br\/public\/index\/download\/id\/146164\">535.4 KBytes<\/a><\/td>\n<\/tr>\n<\/tbody>\n<\/table>\n<div style=\"text-align: right\"><a title=\"Fonte: p\u00e1gina UNIFAP\" href=\"http:\/\/www.unifap.br\/public\/index\/view\/id\/6704\" target=\"_blank\"><span style=\"color: #000000\">Total de Arquivos: 7<\/span><\/a><\/div>\n<ol>\n<li><a title=\"CRONOGRAMA DO PROJETO - ESPORTE E LAZER\" href=\"http:\/\/www2.unifap.br\/edfisica\/files\/2015\/09\/anexo_II_cronograma_ed_34-2015-proespol.pdf\" target=\"_blank\">2015\/09\/09 CRONOGRAMA<\/a><\/li>\n<li><a title=\"Retifica\u00e7\u00e3o n\u00ba 01 - edital n\u00ba 34\/2015 -Esporte e Lazer\" href=\"http:\/\/www2.unifap.br\/edfisica\/files\/2015\/09\/Edital-34-2015-PR\u00d3-Estudante-2015.2-RETIFICACAO-11.pdf\" target=\"_blank\">2015\/09\/08 EDITAL n\u00ba 034\/2015 &#8211; PROESPOL (Retificado)<\/a><\/li>\n<li><a title=\"Anexo I - Recurso\" href=\"http:\/\/www2.unifap.br\/edfisica\/files\/2015\/09\/anexo_I_formulario_recurso_ed_34-2015-proespol.pdf\" target=\"_blank\">2015\/09\/08 Anexo I (Formul\u00e1rio de Recursos) <\/a><\/li>\n<li><a title=\"Edital de Abertura\" href=\"http:\/\/www2.unifap.br\/edfisica\/files\/2015\/09\/20150908_EDITAL-N.-034-2015-DEX-PROEAC-UNIFAP-de-08-de-Setembro-de-20151.pdf\" target=\"_blank\">2015\/09\/08 &#8211;\u00a0EDITAL 034\/2015 &#8211; PROESPOL<\/a><\/li>\n<\/ol>\n<p>&nbsp;<\/p>\n","protected":false},"excerpt":{"rendered":"<p>&nbsp;<\/p>\n","protected":false},"author":205,"featured_media":0,"parent":300,"menu_order":1,"comment_status":"open","ping_status":"open","template":"","meta":{"inline_featured_image":false,"ngg_post_thumbnail":0,"footnotes":""},"class_list":["post-3784","page","type-page","status-publish","hentry"],"_links":{"self":[{"href":"https:\/\/www2.unifap.br\/edfisica\/wp-json\/wp\/v2\/pages\/3784","targetHints":{"allow":["GET"]}}],"collection":[{"href":"https:\/\/www2.unifap.br\/edfisica\/wp-json\/wp\/v2\/pages"}],"about":[{"href":"https:\/\/www2.unifap.br\/edfisica\/wp-json\/wp\/v2\/types\/page"}],"author":[{"embeddable":true,"href":"https:\/\/www2.unifap.br\/edfisica\/wp-json\/wp\/v2\/users\/205"}],"replies":[{"embeddable":true,"href":"https:\/\/www2.unifap.br\/edfisica\/wp-json\/wp\/v2\/comments?post=3784"}],"version-history":[{"count":13,"href":"https:\/\/www2.unifap.br\/edfisica\/wp-json\/wp\/v2\/pages\/3784\/revisions"}],"predecessor-version":[{"id":3847,"href":"https:\/\/www2.unifap.br\/edfisica\/wp-json\/wp\/v2\/pages\/3784\/revisions\/3847"}],"up":[{"embeddable":true,"href":"https:\/\/www2.unifap.br\/edfisica\/wp-json\/wp\/v2\/pages\/300"}],"wp:attachment":[{"href":"https:\/\/www2.unifap.br\/edfisica\/wp-json\/wp\/v2\/media?parent=3784"}],"curies":[{"name":"wp","href":"https:\/\/api.w.org\/{rel}","templated":true}]}}