{"id":4405,"date":"2016-04-13T12:40:35","date_gmt":"2016-04-13T12:40:35","guid":{"rendered":"http:\/\/www2.unifap.br\/edfisica\/?page_id=4405"},"modified":"2016-04-14T15:42:39","modified_gmt":"2016-04-14T15:42:39","slug":"1a_oficina_bady_combat_2015","status":"publish","type":"page","link":"https:\/\/www2.unifap.br\/edfisica\/e-book\/eventos-2\/1a_oficina_bady_combat_2015\/","title":{"rendered":"I Oficina de Body Combat (Evento Coordenado pela Turma 2012 do Curso de Educa\u00e7\u00e3o F\u00edsica)"},"content":{"rendered":"<p>Data: 13\/04\/2016<\/p>\n<p>Hor\u00e1rio: \u00a008h as 12h<\/p>\n<p>Local: Gin\u00e1sio de Esportes<\/p>\n<p>Maiores Informa\u00e7\u00f5es acesse:\u00a0<a title=\"Postado no Site principal da UNIFAP\" href=\"http:\/\/www.unifap.br\/public\/index\/view\/id\/7251\" target=\"_blank\">www.unifap.br\/public\/index\/view\/id\/7251<\/a><\/p>\n<p><img decoding=\"async\" title=\"Mais...\" alt=\"\" src=\"http:\/\/www2.unifap.br\/edfisica\/wp-includes\/js\/tinymce\/plugins\/wordpress\/img\/trans.gif\" \/><\/p>\n<p>&nbsp;<\/p>\n","protected":false},"excerpt":{"rendered":"<p>Data: 13\/04\/2016 Hor\u00e1rio: \u00a008h as 12h Local: Gin\u00e1sio de Esportes Maiores Informa\u00e7\u00f5es acesse:\u00a0www.unifap.br\/public\/index\/view\/id\/7251 &nbsp;<\/p>\n","protected":false},"author":205,"featured_media":0,"parent":47,"menu_order":1,"comment_status":"open","ping_status":"open","template":"page-template-full.php","meta":{"inline_featured_image":false,"ngg_post_thumbnail":0,"footnotes":""},"class_list":["post-4405","page","type-page","status-publish","hentry"],"_links":{"self":[{"href":"https:\/\/www2.unifap.br\/edfisica\/wp-json\/wp\/v2\/pages\/4405","targetHints":{"allow":["GET"]}}],"collection":[{"href":"https:\/\/www2.unifap.br\/edfisica\/wp-json\/wp\/v2\/pages"}],"about":[{"href":"https:\/\/www2.unifap.br\/edfisica\/wp-json\/wp\/v2\/types\/page"}],"author":[{"embeddable":true,"href":"https:\/\/www2.unifap.br\/edfisica\/wp-json\/wp\/v2\/users\/205"}],"replies":[{"embeddable":true,"href":"https:\/\/www2.unifap.br\/edfisica\/wp-json\/wp\/v2\/comments?post=4405"}],"version-history":[{"count":1,"href":"https:\/\/www2.unifap.br\/edfisica\/wp-json\/wp\/v2\/pages\/4405\/revisions"}],"predecessor-version":[{"id":4407,"href":"https:\/\/www2.unifap.br\/edfisica\/wp-json\/wp\/v2\/pages\/4405\/revisions\/4407"}],"up":[{"embeddable":true,"href":"https:\/\/www2.unifap.br\/edfisica\/wp-json\/wp\/v2\/pages\/47"}],"wp:attachment":[{"href":"https:\/\/www2.unifap.br\/edfisica\/wp-json\/wp\/v2\/media?parent=4405"}],"curies":[{"name":"wp","href":"https:\/\/api.w.org\/{rel}","templated":true}]}}