{"id":15,"date":"2022-06-09T13:02:35","date_gmt":"2022-06-09T13:02:35","guid":{"rendered":"http:\/\/www2.unifap.br\/editora\/?page_id=15"},"modified":"2022-06-22T12:11:25","modified_gmt":"2022-06-22T12:11:25","slug":"normas-de-livros","status":"publish","type":"page","link":"https:\/\/www2.unifap.br\/editora\/noticias-lancamentos\/a-editora\/normas-de-livros\/","title":{"rendered":"Normas de Livros"},"content":{"rendered":"<p><strong>RESOLU\u00c7\u00c3O N.\u00ba 02\/2022, de 07 de junho de 2022<\/strong><\/p>\n<p><strong>Aprova as Normas de Apresenta\u00e7\u00e3o de Propostas de Submiss\u00e3o de Livros para Publica\u00e7\u00e3o pela Editora da Universidade Federal do Amap\u00e1.<\/strong><\/p>\n<p>O PRESIDENTE DO CONSELHO EDITORIAL, no uso das atribui\u00e7\u00f5es que lhe s\u00e3o conferidas pelo Artigo 8\u00ba, Incisos II e V, da Resolu\u00e7\u00e3o n.\u00ba 07 do Conselho Universit\u00e1rio da UNIFAP, de 16 de maio de 2003, e considerando:<\/p>\n<p>A Portaria n.\u00ba 510\/2022-UNIFAP, de 06 de maio de 2022, que instituiu o Conselho Editorial com mandato de 02 anos,<\/p>\n<p>A necessidade de sistematizar as normas de apresenta\u00e7\u00e3o de propostas de submiss\u00e3o de livros para publica\u00e7\u00e3o de livros digitais e impressos da Editora da Universidade Federal do Amap\u00e1, e,<\/p>\n<p><strong>A decis\u00e3o do Conselho Editorial em sess\u00e3o realizada no dia 07 de junho de 2022, <\/strong><\/p>\n<p><strong>RESOLVE: <\/strong><\/p>\n<p><strong>Art. 1\u00ba <\/strong>Aprovar, no \u00e2mbito da Editora da UNIFAP, as <strong>Normas de apresenta\u00e7\u00e3o de propostas de submiss\u00e3o de livros para publica\u00e7\u00e3o pela Editora da Universidade Federal do Amap\u00e1<\/strong>, que dever\u00e3o ser observadas pelos autores para a apresenta\u00e7\u00e3o de propostas de publica\u00e7\u00e3o de manuscritos de obras de car\u00e1ter t\u00e9cnico-cient\u00edfico, did\u00e1ticas e liter\u00e1rias, que ser\u00e3o desenvolvidas na forma e condi\u00e7\u00f5es estabelecidas na presente Resolu\u00e7\u00e3o.<\/p>\n<p><strong>Art. 2\u00ba<\/strong> As normas das propostas dos manuscritos de livros autorais e de livros organizados s\u00e3o:<\/p>\n<p>I \u2013 Os manuscritos dever\u00e3o ser resultado de TCCs de gradua\u00e7\u00e3o, Monografias de especializa\u00e7\u00e3o lato sensu, Disserta\u00e7\u00f5es de mestrado e Teses de doutorado e\/ou pesquisas desenvolvidas na UNIFAP ou em coopera\u00e7\u00e3o com outras universidades ou institui\u00e7\u00f5es de ensino e\/ou de pesquisa.<\/p>\n<p>II \u2013 N\u00e3o ser\u00e3o aceitas propostas de reedi\u00e7\u00f5es, nem obra de qualquer outra esp\u00e9cie que j\u00e1 tenha sido publicada em qualquer meio, impresso ou digital.<\/p>\n<p>III \u2013 Os manuscritos de obras t\u00e9cnico-cient\u00edfico e did\u00e1ticas devem ter entre 80 p\u00e1ginas a 400 p\u00e1ginas, utilizando-se como contagem de p\u00e1ginas o arquivo digital do livro entregue no momento da submiss\u00e3o. Propostas de obras de literatura infanto-juvenil devem ter entre 20 p\u00e1ginas a 300 p\u00e1ginas.<\/p>\n<p>IV \u2013 A p\u00e1gina do manuscrito dever\u00e1 ter o tamanho A4 (21,0 cm de largura por 29,7 cm de altura), com margens superior e direita de 03 cm e margem inferior e esquerda de 02 cm.<\/p>\n<p>V \u2013 O texto dever\u00e1 estar em fonte Times New Roman, tamanho 12, com exce\u00e7\u00e3o das cita\u00e7\u00f5es, notas de rodap\u00e9, t\u00edtulos e fontes e notas das ilustra\u00e7\u00f5es (tabelas, figuras, gr\u00e1ficos, desenhos, esquemas, fluxogramas, fotografias, organogramas, mapas, plantas, quadros e retratos), que devem estar em tamanho 10.<\/p>\n<p>VI \u2013 O espa\u00e7amento entre linhas do texto deve estar em 1,5, com exce\u00e7\u00e3o das cita\u00e7\u00f5es, notas de rodap\u00e9, t\u00edtulos e fontes e notas das ilustra\u00e7\u00f5es (tabelas, figuras, gr\u00e1ficos, desenhos, esquemas, fluxogramas, fotografias, organogramas, mapas, plantas, quadros e retratos), que devem estar em espa\u00e7amento simples.<\/p>\n<p>VII \u2013 Cada cap\u00edtulo dever\u00e1 iniciar-se obrigatoriamente na segunda linha da parte superior de cada p\u00e1gina, sendo que as se\u00e7\u00f5es e subse\u00e7\u00f5es devem ser cont\u00ednuas nas p\u00e1ginas dos cap\u00edtulos.<\/p>\n<p>VIII \u2013 Deve haver uma linha em branco antes e depois de cada t\u00edtulo de cap\u00edtulo e subt\u00edtulo das se\u00e7\u00f5es dos t\u00f3picos e os textos que os sucedem ou precedem. Nas cita\u00e7\u00f5es diretas, deve haver uma linha em branco antes e depois dos textos que as precedem e sucedem. N\u00e3o pode haver linhas em branco entre os par\u00e1grafos dos textos com o objetivo de aumentar a quantidade de p\u00e1ginas.<\/p>\n<p>IX \u2013 Nas ilustra\u00e7\u00f5es deve haver uma linha em branco entre elas e os textos que as precedem e sucedem, sendo que a sua identifica\u00e7\u00e3o deve constar na linha superior \u00e0 ilustra\u00e7\u00e3o, e logo na linha imediata inferior \u00e0 ilustra\u00e7\u00e3o dever\u00e1 constar a fonte consultada, ou legenda ou nota explicativa.&nbsp; A ilustra\u00e7\u00e3o ou tabela deve ser citada no texto e inserida o mais pr\u00f3ximo poss\u00edvel do trecho a que se refere. As ilustra\u00e7\u00f5es podem ter altura de at\u00e9 no m\u00e1ximo 12 cm, independentemente de suas larguras.<\/p>\n<p>X \u2013 Todas as p\u00e1ginas devem estar numeradas na parte superior direita, desde a capa at\u00e9 a \u00faltima p\u00e1gina da proposta do manuscrito, identicamente nos arquivos digitais e\/ou exemplares impressos.<\/p>\n<p>XI \u2013 As propostas submetidas poder\u00e3o conter p\u00e1ginas individuais para: Dedicat\u00f3ria, agradecimento, ep\u00edgrafe, listas de ilustra\u00e7\u00f5es, listas de tabelas, listas de siglas e abreviaturas e listas de s\u00edmbolos. Podem ser inclusos tamb\u00e9m apresenta\u00e7\u00e3o, introdu\u00e7\u00e3o e pref\u00e1cio do livro.<\/p>\n<p>XII \u2013 O sum\u00e1rio \u00e9 elemento obrigat\u00f3rio, sendo elaborado conforme a NBR\/ABNT n\u00ba 6027\/2012.<\/p>\n<p>XIII \u2013 Deve-se adotar a numera\u00e7\u00e3o progressiva, conforme a NBR\/ABNT n\u00ba 6024\/2012.<\/p>\n<p>XIV \u2013 Cita\u00e7\u00f5es: o texto da cita\u00e7\u00e3o dever\u00e1 ter a indica\u00e7\u00e3o da refer\u00eancia do autor original do texto citado, ou no final da cita\u00e7\u00e3o ou no texto que a antecede, devendo haver uma padroniza\u00e7\u00e3o quanto ao uso das cita\u00e7\u00f5es diretas e indiretas conforme: a) a NBR\/ABNT n.\u00ba 10.520\/2002, no sistema de AUTOR-DATA, ou, b) no sistema NUM\u00c9RICO ou ALFANUM\u00c9RICO do formato de Vancouver. No caso das cita\u00e7\u00f5es diretas, deve haver uma linha em branco antes e uma linha em branco depois do texto da cita\u00e7\u00e3o direta.<\/p>\n<p>XV \u2013 Os livros organizados devem ter um tema em torno do qual devem estar organizados todos os cap\u00edtulos. \u00c9 obrigat\u00f3rio que o\/s organizador\/es ou convidado fa\u00e7am texto de introdu\u00e7\u00e3o ou da apresenta\u00e7\u00e3o, contextualizando os cap\u00edtulos no debate cient\u00edfico da \u00e1rea e uma an\u00e1lise sobre o tema do livro.<\/p>\n<p>XVI \u2013 As refer\u00eancias bibliogr\u00e1ficas dos textos dos livros autorais devem estar apenas no formato da NBR\/ABNT n\u00ba 6023\/2018 ou apenas no formato de Vancouver. No caso de livros organizados, as refer\u00eancias de cada cap\u00edtulo dever\u00e3o estar apenas no formato da NBR\/ABNT n\u00ba 6023\/2018 ou apenas no formato de Vancouver.<\/p>\n<p><strong>Art. 3\u00ba<\/strong> Os casos omissos e as situa\u00e7\u00f5es n\u00e3o previstas acima poder\u00e3o ser analisados pelo Conselho Editorial.<\/p>\n<p>Pleno do Conselho Editorial, reunido na sala da Editora da UNIFAP, em 07 de junho de 2022.<\/p>\n","protected":false},"excerpt":{"rendered":"<p>RESOLU\u00c7\u00c3O N.\u00ba 02\/2022, de 07 de junho de 2022 Aprova as Normas de Apresenta\u00e7\u00e3o de Propostas de Submiss\u00e3o de Livros para Publica\u00e7\u00e3o pela Editora da Universidade Federal do Amap\u00e1. O PRESIDENTE DO CONSELHO EDITORIAL, no uso das atribui\u00e7\u00f5es que lhe s\u00e3o conferidas pelo Artigo 8\u00ba, Incisos II e V, da Resolu\u00e7\u00e3o n.\u00ba 07 do Conselho&#8230;<\/p>\n","protected":false},"author":626,"featured_media":0,"parent":8,"menu_order":2,"comment_status":"closed","ping_status":"closed","template":"","meta":{"inline_featured_image":false,"ngg_post_thumbnail":0,"footnotes":""},"class_list":["post-15","page","type-page","status-publish","hentry","entry"],"_links":{"self":[{"href":"https:\/\/www2.unifap.br\/editora\/wp-json\/wp\/v2\/pages\/15","targetHints":{"allow":["GET"]}}],"collection":[{"href":"https:\/\/www2.unifap.br\/editora\/wp-json\/wp\/v2\/pages"}],"about":[{"href":"https:\/\/www2.unifap.br\/editora\/wp-json\/wp\/v2\/types\/page"}],"author":[{"embeddable":true,"href":"https:\/\/www2.unifap.br\/editora\/wp-json\/wp\/v2\/users\/626"}],"replies":[{"embeddable":true,"href":"https:\/\/www2.unifap.br\/editora\/wp-json\/wp\/v2\/comments?post=15"}],"version-history":[{"count":24,"href":"https:\/\/www2.unifap.br\/editora\/wp-json\/wp\/v2\/pages\/15\/revisions"}],"predecessor-version":[{"id":728,"href":"https:\/\/www2.unifap.br\/editora\/wp-json\/wp\/v2\/pages\/15\/revisions\/728"}],"up":[{"embeddable":true,"href":"https:\/\/www2.unifap.br\/editora\/wp-json\/wp\/v2\/pages\/8"}],"wp:attachment":[{"href":"https:\/\/www2.unifap.br\/editora\/wp-json\/wp\/v2\/media?parent=15"}],"curies":[{"name":"wp","href":"https:\/\/api.w.org\/{rel}","templated":true}]}}