{"id":1326,"date":"2021-12-21T16:29:25","date_gmt":"2021-12-21T19:29:25","guid":{"rendered":"http:\/\/www2.unifap.br\/educacaodocampo\/?page_id=1326"},"modified":"2022-03-15T11:05:42","modified_gmt":"2022-03-15T14:05:42","slug":"ata-de-reuniao-de-colegiado-2021","status":"publish","type":"page","link":"https:\/\/www2.unifap.br\/educacaodocampo\/atas-de-reunioes\/ata-de-reuniao-de-colegiado-2021\/","title":{"rendered":"ATA DE REUNI\u00c3O DE COLEGIADO &#8211; 2021"},"content":{"rendered":"<p><a href=\"http:\/\/www2.unifap.br\/educacaodocampo\/files\/2021\/12\/ATA-DE-REUNI\u00c3O-DE-COLEGIADO-19.02.2021.pdf\">ATA DE REUNI\u00c3O DE COLEGIADO 19.02.2021<\/a><\/p>\n<p><a href=\"http:\/\/www2.unifap.br\/educacaodocampo\/files\/2021\/12\/ATA-DE-REUNI\u00c3O-DE-COLEGIADO-08.04.2021.pdf\">ATA DE REUNI\u00c3O DE COLEGIADO 08.04.2021<\/a><\/p>\n<p><a href=\"http:\/\/www2.unifap.br\/educacaodocampo\/files\/2021\/12\/ATA-DE-REUNI\u00c3O-DE-COLEGIADO-28.05.2021.pdf\">ATA DE REUNI\u00c3O DE COLEGIADO 28.05.2021<\/a><\/p>\n<p><a href=\"http:\/\/www2.unifap.br\/educacaodocampo\/files\/2022\/03\/ATA-DE-REUNI\u00c3O-DE-COLEGIADO-18.08.2021.pdf\">ATA DE REUNI\u00c3O DE COLEGIADO 18.08.2021<\/a><\/p>\n<p><a href=\"http:\/\/www2.unifap.br\/educacaodocampo\/files\/2021\/12\/ATA-DE-REUNI\u00c3O-DE-COLEGIADO-01.09.2021.pdf\">ATA DE REUNI\u00c3O DE COLEGIADO 01.09.2021<\/a><\/p>\n<p><a href=\"http:\/\/www2.unifap.br\/educacaodocampo\/files\/2021\/12\/ATA-DE-REUNI\u00c3O-DE-COLEGIADO-22.09.2021.pdf\">ATA DE REUNI\u00c3O DE COLEGIADO 22.09.2021<\/a><\/p>\n<p><a href=\"http:\/\/www2.unifap.br\/educacaodocampo\/files\/2021\/12\/ATA-DE-REUNI\u00c3O-DE-COLEGIADO-27.10.2021.pdf\">ATA DE REUNI\u00c3O DE COLEGIADO 27.10.2021<\/a><\/p>\n<p><a href=\"http:\/\/www2.unifap.br\/educacaodocampo\/files\/2021\/12\/ATA-DE-REUNI\u00c3O-DE-COLEGIADO-18.11.2021.pdf\">ATA DE REUNI\u00c3O DE COLEGIADO 18.11.2021<\/a><\/p>\n<p><a href=\"http:\/\/www2.unifap.br\/educacaodocampo\/files\/2022\/03\/ATA-DE-REUNI\u00c3O-DE-COLEGIADO-15.12.2021.pdf\">ATA DE REUNI\u00c3O DE COLEGIADO 15.12.2021<\/a>&nbsp;<\/p>\n","protected":false},"excerpt":{"rendered":"<p>ATA DE REUNI\u00c3O DE COLEGIADO 19.02.2021 ATA DE REUNI\u00c3O DE COLEGIADO 08.04.2021 ATA DE REUNI\u00c3O DE COLEGIADO 28.05.2021 ATA DE REUNI\u00c3O DE COLEGIADO 18.08.2021 ATA DE REUNI\u00c3O DE COLEGIADO 01.09.2021 ATA DE REUNI\u00c3O DE COLEGIADO 22.09.2021 ATA DE REUNI\u00c3O DE&hellip; <\/p>\n<p><a href=\"https:\/\/www2.unifap.br\/educacaodocampo\/atas-de-reunioes\/ata-de-reuniao-de-colegiado-2021\/\" class=\"readmore-button\">Continue Reading<\/a><\/p>\n","protected":false},"author":3829,"featured_media":0,"parent":1295,"menu_order":0,"comment_status":"closed","ping_status":"closed","template":"","meta":{"inline_featured_image":false,"ngg_post_thumbnail":0,"footnotes":""},"class_list":["post-1326","page","type-page","status-publish","hentry"],"_links":{"self":[{"href":"https:\/\/www2.unifap.br\/educacaodocampo\/wp-json\/wp\/v2\/pages\/1326","targetHints":{"allow":["GET"]}}],"collection":[{"href":"https:\/\/www2.unifap.br\/educacaodocampo\/wp-json\/wp\/v2\/pages"}],"about":[{"href":"https:\/\/www2.unifap.br\/educacaodocampo\/wp-json\/wp\/v2\/types\/page"}],"author":[{"embeddable":true,"href":"https:\/\/www2.unifap.br\/educacaodocampo\/wp-json\/wp\/v2\/users\/3829"}],"replies":[{"embeddable":true,"href":"https:\/\/www2.unifap.br\/educacaodocampo\/wp-json\/wp\/v2\/comments?post=1326"}],"version-history":[{"count":5,"href":"https:\/\/www2.unifap.br\/educacaodocampo\/wp-json\/wp\/v2\/pages\/1326\/revisions"}],"predecessor-version":[{"id":1456,"href":"https:\/\/www2.unifap.br\/educacaodocampo\/wp-json\/wp\/v2\/pages\/1326\/revisions\/1456"}],"up":[{"embeddable":true,"href":"https:\/\/www2.unifap.br\/educacaodocampo\/wp-json\/wp\/v2\/pages\/1295"}],"wp:attachment":[{"href":"https:\/\/www2.unifap.br\/educacaodocampo\/wp-json\/wp\/v2\/media?parent=1326"}],"curies":[{"name":"wp","href":"https:\/\/api.w.org\/{rel}","templated":true}]}}