{"id":36,"date":"2018-03-28T01:20:12","date_gmt":"2018-03-28T04:20:12","guid":{"rendered":"http:\/\/www2.unifap.br\/educacaodocampo\/?page_id=36"},"modified":"2025-11-13T11:23:58","modified_gmt":"2025-11-13T14:23:58","slug":"ensino","status":"publish","type":"page","link":"https:\/\/www2.unifap.br\/educacaodocampo\/ensino\/","title":{"rendered":"ENSINO"},"content":{"rendered":"<p><a href=\"https:\/\/www2.unifap.br\/educacaodocampo\/ensino\/acc\/\"><strong>ACC<\/strong> &#8211; &nbsp;Atividades Complementares<\/a><\/p>\n<p><strong><a href=\"https:\/\/www2.unifap.br\/educacaodocampo\/ensino\/estagio-supervisionado\/\">EST\u00c1GIO SUPERVISIONADO<\/a><\/strong><\/p>\n<p><strong><a href=\"https:\/\/www2.unifap.br\/educacaodocampo\/ensino\/ppb\/\">PPB &#8211; Pr\u00e1tica Pedag\u00f3gica em Biologia<\/a><\/strong><\/p>\n<p><strong><a href=\"https:\/\/www2.unifap.br\/educacaodocampo\/ensino\/tcc\/\">TCC &#8211; Trabalho de Conclus\u00e3o de Curso<\/a><\/strong><\/p>\n<p><strong><a href=\"http:\/\/www2.unifap.br\/educacaodocampo\/files\/2023\/08\/REGULAMENTO-INTERNO-DE-ATIVIDADES-DE-EXTENSAO-1.pdf\">REGULAMENTO INTERNO DE ATIVIDADES DE EXTENS\u00c3O<\/a><\/strong><\/p>\n<p>&nbsp;<\/p>\n<p>&nbsp;<\/p>\n<p>&nbsp;<\/p>\n","protected":false},"excerpt":{"rendered":"<p>ACC &#8211; &nbsp;Atividades Complementares EST\u00c1GIO SUPERVISIONADO PPB &#8211; Pr\u00e1tica Pedag\u00f3gica em Biologia TCC &#8211; Trabalho de Conclus\u00e3o de Curso REGULAMENTO INTERNO DE ATIVIDADES DE EXTENS\u00c3O &nbsp; &nbsp; &nbsp;<\/p>\n","protected":false},"author":2426,"featured_media":0,"parent":0,"menu_order":0,"comment_status":"open","ping_status":"open","template":"","meta":{"inline_featured_image":false,"ngg_post_thumbnail":0,"footnotes":""},"class_list":["post-36","page","type-page","status-publish","hentry"],"_links":{"self":[{"href":"https:\/\/www2.unifap.br\/educacaodocampo\/wp-json\/wp\/v2\/pages\/36","targetHints":{"allow":["GET"]}}],"collection":[{"href":"https:\/\/www2.unifap.br\/educacaodocampo\/wp-json\/wp\/v2\/pages"}],"about":[{"href":"https:\/\/www2.unifap.br\/educacaodocampo\/wp-json\/wp\/v2\/types\/page"}],"author":[{"embeddable":true,"href":"https:\/\/www2.unifap.br\/educacaodocampo\/wp-json\/wp\/v2\/users\/2426"}],"replies":[{"embeddable":true,"href":"https:\/\/www2.unifap.br\/educacaodocampo\/wp-json\/wp\/v2\/comments?post=36"}],"version-history":[{"count":18,"href":"https:\/\/www2.unifap.br\/educacaodocampo\/wp-json\/wp\/v2\/pages\/36\/revisions"}],"predecessor-version":[{"id":5529,"href":"https:\/\/www2.unifap.br\/educacaodocampo\/wp-json\/wp\/v2\/pages\/36\/revisions\/5529"}],"wp:attachment":[{"href":"https:\/\/www2.unifap.br\/educacaodocampo\/wp-json\/wp\/v2\/media?parent=36"}],"curies":[{"name":"wp","href":"https:\/\/api.w.org\/{rel}","templated":true}]}}