{"id":4564,"date":"2024-10-07T08:20:23","date_gmt":"2024-10-07T11:20:23","guid":{"rendered":"https:\/\/www2.unifap.br\/educacaodocampo\/?page_id=4564"},"modified":"2024-10-08T20:42:46","modified_gmt":"2024-10-08T23:42:46","slug":"aulas-praticas","status":"publish","type":"page","link":"https:\/\/www2.unifap.br\/educacaodocampo\/nea-unifapmzg\/laboratorio-de-biologia-e-ecologia-vegetal-da-universidade-federal-do-amapa-campus-mazagao-florem\/aulas-praticas\/","title":{"rendered":"Registros de a\u00e7\u00f5es"},"content":{"rendered":"<p><a href=\"http:\/\/www2.unifap.br\/educacaodocampo\/files\/2024\/10\/Projeto-de-Extensao-Biologia-reprodutiva-e-da-polinizacao-em-escolas-do-campo-Escola-Estadual-Leandro-Placido-foz-do-Rio-Mazagao-Velho.jpeg\"><img fetchpriority=\"high\" decoding=\"async\" class=\"size-medium wp-image-4567 aligncenter\" src=\"http:\/\/www2.unifap.br\/educacaodocampo\/files\/2024\/10\/Projeto-de-Extensao-Biologia-reprodutiva-e-da-polinizacao-em-escolas-do-campo-Escola-Estadual-Leandro-Placido-foz-do-Rio-Mazagao-Velho-300x169.jpeg\" alt=\"\" width=\"300\" height=\"169\" srcset=\"https:\/\/www2.unifap.br\/educacaodocampo\/files\/2024\/10\/Projeto-de-Extensao-Biologia-reprodutiva-e-da-polinizacao-em-escolas-do-campo-Escola-Estadual-Leandro-Placido-foz-do-Rio-Mazagao-Velho-300x169.jpeg 300w, https:\/\/www2.unifap.br\/educacaodocampo\/files\/2024\/10\/Projeto-de-Extensao-Biologia-reprodutiva-e-da-polinizacao-em-escolas-do-campo-Escola-Estadual-Leandro-Placido-foz-do-Rio-Mazagao-Velho-1024x576.jpeg 1024w, https:\/\/www2.unifap.br\/educacaodocampo\/files\/2024\/10\/Projeto-de-Extensao-Biologia-reprodutiva-e-da-polinizacao-em-escolas-do-campo-Escola-Estadual-Leandro-Placido-foz-do-Rio-Mazagao-Velho-768x432.jpeg 768w, https:\/\/www2.unifap.br\/educacaodocampo\/files\/2024\/10\/Projeto-de-Extensao-Biologia-reprodutiva-e-da-polinizacao-em-escolas-do-campo-Escola-Estadual-Leandro-Placido-foz-do-Rio-Mazagao-Velho.jpeg 1280w\" sizes=\"(max-width: 300px) 100vw, 300px\" \/><\/a>Projeto de Extens\u00e3o &#8220;Biologia reprodutiva e da poliniza\u00e7\u00e3o em escolas do campo&#8221;, Escola Estadual Leandro Pl\u00e1cido (foz do Rio Mazag\u00e3o Velho).<\/p>\n<p><a href=\"http:\/\/www2.unifap.br\/educacaodocampo\/files\/2024\/10\/Apresentacao-de-Poster-VI-Congresso-Brasileiro-de-Educacao-Ambiental-Aplicada-e-Gestao-Territorial-Limites-e-Desafios-da-Sustentabilidade-Ambiental-no-Seculo-XXI-2018-MacapaAP.jpeg\"><img decoding=\"async\" class=\"size-medium wp-image-4565 aligncenter\" src=\"http:\/\/www2.unifap.br\/educacaodocampo\/files\/2024\/10\/Apresentacao-de-Poster-VI-Congresso-Brasileiro-de-Educacao-Ambiental-Aplicada-e-Gestao-Territorial-Limites-e-Desafios-da-Sustentabilidade-Ambiental-no-Seculo-XXI-2018-MacapaAP-300x188.jpeg\" alt=\"\" width=\"300\" height=\"188\" srcset=\"https:\/\/www2.unifap.br\/educacaodocampo\/files\/2024\/10\/Apresentacao-de-Poster-VI-Congresso-Brasileiro-de-Educacao-Ambiental-Aplicada-e-Gestao-Territorial-Limites-e-Desafios-da-Sustentabilidade-Ambiental-no-Seculo-XXI-2018-MacapaAP-300x188.jpeg 300w, https:\/\/www2.unifap.br\/educacaodocampo\/files\/2024\/10\/Apresentacao-de-Poster-VI-Congresso-Brasileiro-de-Educacao-Ambiental-Aplicada-e-Gestao-Territorial-Limites-e-Desafios-da-Sustentabilidade-Ambiental-no-Seculo-XXI-2018-MacapaAP-1024x642.jpeg 1024w, https:\/\/www2.unifap.br\/educacaodocampo\/files\/2024\/10\/Apresentacao-de-Poster-VI-Congresso-Brasileiro-de-Educacao-Ambiental-Aplicada-e-Gestao-Territorial-Limites-e-Desafios-da-Sustentabilidade-Ambiental-no-Seculo-XXI-2018-MacapaAP-768x482.jpeg 768w, https:\/\/www2.unifap.br\/educacaodocampo\/files\/2024\/10\/Apresentacao-de-Poster-VI-Congresso-Brasileiro-de-Educacao-Ambiental-Aplicada-e-Gestao-Territorial-Limites-e-Desafios-da-Sustentabilidade-Ambiental-no-Seculo-XXI-2018-MacapaAP.jpeg 1280w\" sizes=\"(max-width: 300px) 100vw, 300px\" \/><\/a>Apresenta\u00e7\u00e3o de P\u00f4ster VI Congresso Brasileiro de Educa\u00e7\u00e3o Ambiental Aplicada e Gest\u00e3o Territorial: Limites e Desafios da Sustentabilidade Ambiental no S\u00e9culo XXI, 2018, Macap\u00e1\/AP.<\/p>\n<p><a href=\"http:\/\/www2.unifap.br\/educacaodocampo\/files\/2024\/10\/WhatsApp-Image-2024-10-06-at-16.47.41.jpeg\"><img decoding=\"async\" class=\"size-medium wp-image-4566 aligncenter\" src=\"http:\/\/www2.unifap.br\/educacaodocampo\/files\/2024\/10\/WhatsApp-Image-2024-10-06-at-16.47.41-300x180.jpeg\" alt=\"\" width=\"300\" height=\"180\" srcset=\"https:\/\/www2.unifap.br\/educacaodocampo\/files\/2024\/10\/WhatsApp-Image-2024-10-06-at-16.47.41-300x180.jpeg 300w, https:\/\/www2.unifap.br\/educacaodocampo\/files\/2024\/10\/WhatsApp-Image-2024-10-06-at-16.47.41-1024x614.jpeg 1024w, https:\/\/www2.unifap.br\/educacaodocampo\/files\/2024\/10\/WhatsApp-Image-2024-10-06-at-16.47.41-768x461.jpeg 768w, https:\/\/www2.unifap.br\/educacaodocampo\/files\/2024\/10\/WhatsApp-Image-2024-10-06-at-16.47.41-1536x922.jpeg 1536w, https:\/\/www2.unifap.br\/educacaodocampo\/files\/2024\/10\/WhatsApp-Image-2024-10-06-at-16.47.41.jpeg 1600w\" sizes=\"(max-width: 300px) 100vw, 300px\" \/><\/a>Projeto de pesquisa &#8220;Biologia da poliniza\u00e7\u00e3o, fenologia, atributos e sucesso reprodutivos de melancieira (<em>Citrullus lanatus<\/em>) biofertirrigada&#8221;, em 2016.<\/p>\n<p><img loading=\"lazy\" decoding=\"async\" class=\"size-medium wp-image-4568 aligncenter\" src=\"http:\/\/www2.unifap.br\/educacaodocampo\/files\/2024\/10\/Programa-Futuras-Cientistas-300x225.jpeg\" alt=\"\" width=\"300\" height=\"225\" srcset=\"https:\/\/www2.unifap.br\/educacaodocampo\/files\/2024\/10\/Programa-Futuras-Cientistas-300x225.jpeg 300w, https:\/\/www2.unifap.br\/educacaodocampo\/files\/2024\/10\/Programa-Futuras-Cientistas-1024x768.jpeg 1024w, https:\/\/www2.unifap.br\/educacaodocampo\/files\/2024\/10\/Programa-Futuras-Cientistas-768x576.jpeg 768w, https:\/\/www2.unifap.br\/educacaodocampo\/files\/2024\/10\/Programa-Futuras-Cientistas-1536x1152.jpeg 1536w, https:\/\/www2.unifap.br\/educacaodocampo\/files\/2024\/10\/Programa-Futuras-Cientistas.jpeg 1600w\" sizes=\"(max-width: 300px) 100vw, 300px\" \/>Programa Futuras Cientista\/CETENE &#8211; Subprojeto &#8220;A ci\u00eancia das flores: transferindo o p\u00f3len e produzindo o conhecimento&#8221;, em 2023.<\/p>\n","protected":false},"excerpt":{"rendered":"<p>Projeto de Extens\u00e3o &#8220;Biologia reprodutiva e da poliniza\u00e7\u00e3o em escolas do campo&#8221;, Escola Estadual Leandro Pl\u00e1cido (foz do Rio Mazag\u00e3o Velho). Apresenta\u00e7\u00e3o de P\u00f4ster VI Congresso Brasileiro de Educa\u00e7\u00e3o Ambiental Aplicada e Gest\u00e3o Territorial: Limites e Desafios da Sustentabilidade Ambiental&hellip; <\/p>\n<p><a href=\"https:\/\/www2.unifap.br\/educacaodocampo\/nea-unifapmzg\/laboratorio-de-biologia-e-ecologia-vegetal-da-universidade-federal-do-amapa-campus-mazagao-florem\/aulas-praticas\/\" class=\"readmore-button\">Continue Reading<\/a><\/p>\n","protected":false},"author":3997,"featured_media":0,"parent":4553,"menu_order":0,"comment_status":"closed","ping_status":"closed","template":"","meta":{"inline_featured_image":false,"ngg_post_thumbnail":0,"footnotes":""},"class_list":["post-4564","page","type-page","status-publish","hentry"],"_links":{"self":[{"href":"https:\/\/www2.unifap.br\/educacaodocampo\/wp-json\/wp\/v2\/pages\/4564","targetHints":{"allow":["GET"]}}],"collection":[{"href":"https:\/\/www2.unifap.br\/educacaodocampo\/wp-json\/wp\/v2\/pages"}],"about":[{"href":"https:\/\/www2.unifap.br\/educacaodocampo\/wp-json\/wp\/v2\/types\/page"}],"author":[{"embeddable":true,"href":"https:\/\/www2.unifap.br\/educacaodocampo\/wp-json\/wp\/v2\/users\/3997"}],"replies":[{"embeddable":true,"href":"https:\/\/www2.unifap.br\/educacaodocampo\/wp-json\/wp\/v2\/comments?post=4564"}],"version-history":[{"count":4,"href":"https:\/\/www2.unifap.br\/educacaodocampo\/wp-json\/wp\/v2\/pages\/4564\/revisions"}],"predecessor-version":[{"id":4642,"href":"https:\/\/www2.unifap.br\/educacaodocampo\/wp-json\/wp\/v2\/pages\/4564\/revisions\/4642"}],"up":[{"embeddable":true,"href":"https:\/\/www2.unifap.br\/educacaodocampo\/wp-json\/wp\/v2\/pages\/4553"}],"wp:attachment":[{"href":"https:\/\/www2.unifap.br\/educacaodocampo\/wp-json\/wp\/v2\/media?parent=4564"}],"curies":[{"name":"wp","href":"https:\/\/api.w.org\/{rel}","templated":true}]}}