{"id":4764,"date":"2025-02-04T09:33:38","date_gmt":"2025-02-04T12:33:38","guid":{"rendered":"https:\/\/www2.unifap.br\/educacaodocampo\/?page_id=4764"},"modified":"2026-02-19T10:13:40","modified_gmt":"2026-02-19T13:13:40","slug":"atas-ano-2026","status":"publish","type":"page","link":"https:\/\/www2.unifap.br\/educacaodocampo\/atas-de-reunioes\/atas-ano-2026\/","title":{"rendered":"ATAS &#8211; ANO 2026"},"content":{"rendered":"<p><strong>REUNI\u00c3O EXTRAORDIN\u00c1RIA DE COLEGIADO<\/strong><\/p>\n<p>&nbsp;<\/p>\n<p><strong style=\"font-size: 1em\">REUNI\u00c3O ORDIN\u00c1RIA DE COLEGIADO<\/strong><\/p>\n<p><strong><a href=\"http:\/\/www2.unifap.br\/educacaodocampo\/files\/2026\/02\/f5fd634ccda0005f46e3d1de6db1dca4bdcabeb11b851aa95b131f0acdd21ebb17715037218211823073541161931153.pdf\">ATA 21.01.2026<\/a><\/strong><\/p>\n<p><strong>REUNI\u00c3O DE NDE<\/strong><\/p>\n","protected":false},"excerpt":{"rendered":"<p>REUNI\u00c3O EXTRAORDIN\u00c1RIA DE COLEGIADO &nbsp; REUNI\u00c3O ORDIN\u00c1RIA DE COLEGIADO ATA 21.01.2026 REUNI\u00c3O DE NDE<\/p>\n","protected":false},"author":3997,"featured_media":0,"parent":1295,"menu_order":0,"comment_status":"closed","ping_status":"closed","template":"","meta":{"inline_featured_image":false,"ngg_post_thumbnail":0,"footnotes":""},"class_list":["post-4764","page","type-page","status-publish","hentry"],"_links":{"self":[{"href":"https:\/\/www2.unifap.br\/educacaodocampo\/wp-json\/wp\/v2\/pages\/4764","targetHints":{"allow":["GET"]}}],"collection":[{"href":"https:\/\/www2.unifap.br\/educacaodocampo\/wp-json\/wp\/v2\/pages"}],"about":[{"href":"https:\/\/www2.unifap.br\/educacaodocampo\/wp-json\/wp\/v2\/types\/page"}],"author":[{"embeddable":true,"href":"https:\/\/www2.unifap.br\/educacaodocampo\/wp-json\/wp\/v2\/users\/3997"}],"replies":[{"embeddable":true,"href":"https:\/\/www2.unifap.br\/educacaodocampo\/wp-json\/wp\/v2\/comments?post=4764"}],"version-history":[{"count":26,"href":"https:\/\/www2.unifap.br\/educacaodocampo\/wp-json\/wp\/v2\/pages\/4764\/revisions"}],"predecessor-version":[{"id":5728,"href":"https:\/\/www2.unifap.br\/educacaodocampo\/wp-json\/wp\/v2\/pages\/4764\/revisions\/5728"}],"up":[{"embeddable":true,"href":"https:\/\/www2.unifap.br\/educacaodocampo\/wp-json\/wp\/v2\/pages\/1295"}],"wp:attachment":[{"href":"https:\/\/www2.unifap.br\/educacaodocampo\/wp-json\/wp\/v2\/media?parent=4764"}],"curies":[{"name":"wp","href":"https:\/\/api.w.org\/{rel}","templated":true}]}}