{"id":75,"date":"2018-04-01T09:57:40","date_gmt":"2018-04-01T12:57:40","guid":{"rendered":"http:\/\/www2.unifap.br\/educacaodocampo\/?page_id=75"},"modified":"2025-02-06T09:59:46","modified_gmt":"2025-02-06T12:59:46","slug":"normas","status":"publish","type":"page","link":"https:\/\/www2.unifap.br\/educacaodocampo\/normas\/","title":{"rendered":"NORMATIZA\u00c7\u00d5ES"},"content":{"rendered":"<p><a href=\"http:\/\/www2.unifap.br\/derca\/files\/2015\/01\/arq4065.pdf\" target=\"_blank\" rel=\"noopener noreferrer\">Regimento Geral UNIFAP<\/a><\/p>\n<p><a href=\"http:\/\/www2.unifap.br\/educacaodocampo\/files\/2018\/04\/RESOLUCAO_19_2018_PSE-LEdoC.pdf\">Resolu\u00e7\u00e3o PSE\/LEdoC<\/a>&nbsp;&#8211; Resolu\u00e7\u00e3o n. 019\/2018-CONSU<\/p>\n<p><a href=\"http:\/\/www2.unifap.br\/derca\/files\/2017\/06\/Resolu%C3%A7%C3%A3o-n%C2%BA-26-11-Sistematica-de-avalia%C3%A7%C3%A3o-UNIFAP.pdf\" target=\"_blank\" rel=\"noopener noreferrer\">Sistem\u00e1tica de avalia\u00e7\u00e3o<\/a>&nbsp;&#8211;&nbsp;Resolu\u00e7\u00e3o n. 026\/2011-CONSU<\/p>\n<p><a href=\"http:\/\/www2.unifap.br\/educacaodocampo\/files\/2019\/04\/Nota-t\u00e9cnica-01-2015-Abono-de-Faltas.pdf\">Abono de Faltas<\/a>&nbsp;&#8211; Nota t\u00e9cnica n\u00ba 01\/2015 DLE\/COEG<\/p>\n<p><a href=\"http:\/\/www2.unifap.br\/educacaodocampo\/files\/2019\/04\/Resolu\u00e7\u00e3o-n\u00ba-011-10-P\u00f3los-cr\u00e9dito-de-disciplinas.pdf\">Cr\u00e9dito de disciplinas<\/a>&nbsp;&#8211;&nbsp;Resolu\u00e7\u00e3o n\u00ba 011\/2010 &#8211; CONSU<\/p>\n<p><a href=\"http:\/\/www2.unifap.br\/educacaodocampo\/files\/2021\/07\/PROJETO-PEDAG\u00d3GICO-LECAGBIO.pdf\">PROJETO PEDAG\u00d3GICO-LECAGBIO<\/a><\/p>\n<p><a href=\"http:\/\/www2.unifap.br\/educacaodocampo\/files\/2025\/02\/PPC-LEdoC-24-09-2024-COEG.pdf\">PPC LEdoC Reformulado 24-09-2024<\/a><\/p>\n","protected":false},"excerpt":{"rendered":"<p>Regimento Geral UNIFAP Resolu\u00e7\u00e3o PSE\/LEdoC&nbsp;&#8211; Resolu\u00e7\u00e3o n. 019\/2018-CONSU Sistem\u00e1tica de avalia\u00e7\u00e3o&nbsp;&#8211;&nbsp;Resolu\u00e7\u00e3o n. 026\/2011-CONSU Abono de Faltas&nbsp;&#8211; Nota t\u00e9cnica n\u00ba 01\/2015 DLE\/COEG Cr\u00e9dito de disciplinas&nbsp;&#8211;&nbsp;Resolu\u00e7\u00e3o n\u00ba 011\/2010 &#8211; CONSU PROJETO PEDAG\u00d3GICO-LECAGBIO PPC LEdoC Reformulado 24-09-2024<\/p>\n","protected":false},"author":2426,"featured_media":0,"parent":0,"menu_order":0,"comment_status":"closed","ping_status":"closed","template":"","meta":{"inline_featured_image":false,"ngg_post_thumbnail":0,"footnotes":""},"class_list":["post-75","page","type-page","status-publish","hentry"],"_links":{"self":[{"href":"https:\/\/www2.unifap.br\/educacaodocampo\/wp-json\/wp\/v2\/pages\/75","targetHints":{"allow":["GET"]}}],"collection":[{"href":"https:\/\/www2.unifap.br\/educacaodocampo\/wp-json\/wp\/v2\/pages"}],"about":[{"href":"https:\/\/www2.unifap.br\/educacaodocampo\/wp-json\/wp\/v2\/types\/page"}],"author":[{"embeddable":true,"href":"https:\/\/www2.unifap.br\/educacaodocampo\/wp-json\/wp\/v2\/users\/2426"}],"replies":[{"embeddable":true,"href":"https:\/\/www2.unifap.br\/educacaodocampo\/wp-json\/wp\/v2\/comments?post=75"}],"version-history":[{"count":21,"href":"https:\/\/www2.unifap.br\/educacaodocampo\/wp-json\/wp\/v2\/pages\/75\/revisions"}],"predecessor-version":[{"id":4775,"href":"https:\/\/www2.unifap.br\/educacaodocampo\/wp-json\/wp\/v2\/pages\/75\/revisions\/4775"}],"wp:attachment":[{"href":"https:\/\/www2.unifap.br\/educacaodocampo\/wp-json\/wp\/v2\/media?parent=75"}],"curies":[{"name":"wp","href":"https:\/\/api.w.org\/{rel}","templated":true}]}}