{"id":12,"date":"2019-06-07T22:20:11","date_gmt":"2019-06-08T01:20:11","guid":{"rendered":"http:\/\/www2.unifap.br\/eetc\/?page_id=12"},"modified":"2022-11-21T18:31:56","modified_gmt":"2022-11-21T21:31:56","slug":"docentes","status":"publish","type":"page","link":"https:\/\/www2.unifap.br\/eetc\/docentes\/","title":{"rendered":"Docentes"},"content":{"rendered":"<table width=\"624\">\n<tbody>\n<tr>\n<td width=\"42\">&nbsp;<\/td>\n<td width=\"258\"><strong>Docente<\/strong><\/td>\n<td width=\"108\"><strong>Titula\u00e7\u00e3o<\/strong><\/td>\n<td width=\"217\"><strong>Links Curr\u00edculo Lattes<\/strong><\/td>\n<\/tr>\n<tr>\n<td width=\"42\">&nbsp;1<\/td>\n<td width=\"258\">Ad\u00e9lia Aparecida da Silva Carvalho<\/td>\n<td width=\"108\">Doutora<\/td>\n<td width=\"217\"><a href=\"http:\/\/www2.unifap.br\/teatro\/docentes-efetivos\/profa-ma-adelia-aparecida-da-silva-carvalho\/lattes.cnpq.br\/5077795863630057\">lattes.cnpq.br\/50777958<\/a><a href=\"http:\/\/www2.unifap.br\/teatro\/docentes-efetivos\/profa-ma-adelia-aparecida-da-silva-carvalho\/lattes.cnpq.br\/5077795863630057\">63630057<\/a><\/td>\n<\/tr>\n<tr>\n<td width=\"42\">2<\/td>\n<td width=\"258\">Adriana Moreira Silva<\/td>\n<td width=\"108\">Doutora<\/td>\n<td width=\"217\">http:\/\/lattes.cnpq.br\/8296787197660057<\/td>\n<\/tr>\n<tr>\n<td width=\"42\">3<\/td>\n<td width=\"258\">Cleber Rodrigo Braga de Oliveira<\/td>\n<td width=\"108\">Doutor<\/td>\n<td width=\"217\"><a href=\"http:\/\/lattes.cnpq.br\/8630933424296722\">http:\/\/lattes.cnpq.br\/<\/a> <a href=\"http:\/\/lattes.cnpq.br\/8630933424296722\">8630933424296722<\/a><\/td>\n<\/tr>\n<tr>\n<td width=\"42\">4<\/td>\n<td width=\"258\">Emerson de Paula&nbsp;<\/td>\n<td width=\"108\">Doutor<\/td>\n<td width=\"217\"><a href=\"http:\/\/lattes.cnpq.br\/6072084944115357\">http:\/\/lattes.cnpq.br\/<\/a> <a href=\"http:\/\/lattes.cnpq.br\/6072084944115357\">6072084944115357<\/a><\/td>\n<\/tr>\n<tr>\n<td width=\"42\">5<\/td>\n<td width=\"258\">Frederico de Carvalho Ferreira<\/td>\n<td width=\"108\">Mestre<\/td>\n<td width=\"217\"><a href=\"http:\/\/lattes.cnpq.br\/0612382259980852\">http:\/\/lattes.cnpq.br\/<\/a> <a href=\"http:\/\/lattes.cnpq.br\/0612382259980852\">0612382259980852<\/a><\/td>\n<\/tr>\n<tr>\n<td width=\"42\">6<\/td>\n<td width=\"258\">Jos\u00e9 Fl\u00e1vio Cardoso Nos\u00e9<\/td>\n<td width=\"108\">Doutor<\/td>\n<td width=\"217\"><a href=\"http:\/\/lattes.cnpq.br\/7913898191966984\">http:\/\/lattes.cnpq.br\/791389<\/a> <a href=\"http:\/\/lattes.cnpq.br\/7913898191966984\">8191966984<\/a><\/td>\n<\/tr>\n<tr>\n<td width=\"42\">7<\/td>\n<td width=\"258\">Jos\u00e9 Fl\u00e1vio <span style=\"float: none;background-color: #ffffff;color: #333333;cursor: text;font-family: Georgia,'Times New Roman','Bitstream Charter',Times,serif;font-size: 16px;font-style: normal;font-variant: normal;font-weight: 400;letter-spacing: normal;text-align: left;text-decoration: none;text-indent: 0px\">Gon\u00e7alves <\/span>&nbsp; da Fonseca<\/td>\n<td width=\"108\">Doutor<\/td>\n<td width=\"217\"><a href=\"http:\/\/lattes.cnpq.br\/0944302482820547\">http:\/\/lattes.cnpq.br\/09443<\/a> <a href=\"http:\/\/lattes.cnpq.br\/0944302482820547\">02482820547<\/a><\/td>\n<\/tr>\n<tr>\n<td width=\"42\">8<\/td>\n<td width=\"258\">Jos\u00e9 Raphael Brito dos Santos<\/td>\n<td width=\"108\">Mestre<\/td>\n<td width=\"217\"><a href=\"http:\/\/lattes.cnpq.br\/1515053383923101\">http:\/\/lattes.cnpq.br\/15150<\/a> <a href=\"http:\/\/lattes.cnpq.br\/1515053383923101\">53383923101<\/a><\/td>\n<\/tr>\n<tr>\n<td width=\"42\">9<\/td>\n<td width=\"258\">Juliana Souto Lemos<\/td>\n<td width=\"108\">Doutora<\/td>\n<td width=\"217\"><a href=\"http:\/\/lattes.cnpq.br\/0665449948229639\">http:\/\/lattes.cnpq.br\/06654<\/a> <a href=\"http:\/\/lattes.cnpq.br\/0665449948229639\">49948229639<\/a><\/td>\n<\/tr>\n<tr>\n<td width=\"42\">10<\/td>\n<td width=\"258\">Tain\u00e1 Macedo Vasconcelos<\/td>\n<td width=\"108\">Doutora<\/td>\n<td width=\"217\"><a href=\"http:\/\/lattes.cnpq.br\/0518088082916895\">http:\/\/lattes.cnpq.br\/05180<\/a> <a href=\"http:\/\/lattes.cnpq.br\/0518088082916895\">88082916895<\/a><\/td>\n<\/tr>\n<tr>\n<td width=\"42\">11<\/td>\n<td width=\"258\">Romualdo Rodrigues Palhano<\/td>\n<td width=\"108\">Doutor<\/td>\n<td width=\"217\"><a href=\"http:\/\/lattes.cnpq.br\/2948719304625592\">http:\/\/lattes.cnpq.br\/29487<\/a> <a href=\"http:\/\/lattes.cnpq.br\/2948719304625592\">19304625592<\/a><\/td>\n<\/tr>\n<\/tbody>\n<\/table>\n<p>DOCENTES EXTERNOS:<\/p>\n<p>12 &#8211; Ana Paula da Silva Amaral &#8211; Mestra &#8211; M\u00fasica &#8211; UEAP &#8211; http:\/\/lattes.cnpq.br\/9164109659991759<\/p>\n<p>13 &#8211; Piedade Lino Videira &#8211; Doutora &#8211; Pedagogia &#8211; UNIFAP &#8211; http:\/\/lattes.cnpq.br\/4269580489108934<\/p>\n<p>14 &#8211; Silvia Carla Marques Costa &#8211; Doutora &#8211; Artes Visuais UNIFAP &#8211; http:\/\/lattes.cnpq.br\/6038079327109593<\/p>\n<div class=\"infpessoa\">\n<h2 class=\"nome\">&nbsp;<\/h2>\n<\/div>\n<p>&nbsp;<\/p>\n<p>&nbsp;<\/p>\n","protected":false},"excerpt":{"rendered":"<p>&nbsp; Docente Titula\u00e7\u00e3o Links Curr\u00edculo Lattes &nbsp;1 Ad\u00e9lia Aparecida da Silva Carvalho Doutora lattes.cnpq.br\/5077795863630057 2 Adriana Moreira Silva Doutora http:\/\/lattes.cnpq.br\/8296787197660057 3 Cleber Rodrigo Braga de Oliveira Doutor http:\/\/lattes.cnpq.br\/ 8630933424296722 4 Emerson de Paula&nbsp; Doutor http:\/\/lattes.cnpq.br\/ 6072084944115357 5 Frederico de Carvalho&hellip; <\/p>\n<p><a href=\"https:\/\/www2.unifap.br\/eetc\/docentes\/\" class=\"readmore-button\">Continue Reading<\/a><\/p>\n","protected":false},"author":3838,"featured_media":0,"parent":0,"menu_order":3,"comment_status":"closed","ping_status":"closed","template":"","meta":{"inline_featured_image":false,"ngg_post_thumbnail":0,"footnotes":""},"class_list":["post-12","page","type-page","status-publish","hentry"],"_links":{"self":[{"href":"https:\/\/www2.unifap.br\/eetc\/wp-json\/wp\/v2\/pages\/12","targetHints":{"allow":["GET"]}}],"collection":[{"href":"https:\/\/www2.unifap.br\/eetc\/wp-json\/wp\/v2\/pages"}],"about":[{"href":"https:\/\/www2.unifap.br\/eetc\/wp-json\/wp\/v2\/types\/page"}],"author":[{"embeddable":true,"href":"https:\/\/www2.unifap.br\/eetc\/wp-json\/wp\/v2\/users\/3838"}],"replies":[{"embeddable":true,"href":"https:\/\/www2.unifap.br\/eetc\/wp-json\/wp\/v2\/comments?post=12"}],"version-history":[{"count":16,"href":"https:\/\/www2.unifap.br\/eetc\/wp-json\/wp\/v2\/pages\/12\/revisions"}],"predecessor-version":[{"id":411,"href":"https:\/\/www2.unifap.br\/eetc\/wp-json\/wp\/v2\/pages\/12\/revisions\/411"}],"wp:attachment":[{"href":"https:\/\/www2.unifap.br\/eetc\/wp-json\/wp\/v2\/media?parent=12"}],"curies":[{"name":"wp","href":"https:\/\/api.w.org\/{rel}","templated":true}]}}