{"id":1771,"date":"2013-12-02T20:48:21","date_gmt":"2013-12-02T23:48:21","guid":{"rendered":"http:\/\/www2.unifap.br\/eletrica\/?page_id=1771"},"modified":"2020-06-19T01:53:34","modified_gmt":"2020-06-19T04:53:34","slug":"iii-semana-de-engenharia-eletrica","status":"publish","type":"page","link":"https:\/\/www2.unifap.br\/eletrica\/academico\/semana-da-engenharia-eletrica\/iii-semana-de-engenharia-eletrica\/","title":{"rendered":"III Semana de Engenharia El\u00e9trica"},"content":{"rendered":"<p>A Semana de Engenharia El\u00e9trica faz parte de um conjunto de atividades e estrat\u00e9gias contempladas no projeto pedag\u00f3gico do Curso de Gradua\u00e7\u00e3o em Engenharia El\u00e9trica com objetivo de socializar conhecimentos e promover a integra\u00e7\u00e3o entre professores, t\u00e9cnicos, alunos e comunidade externa. A cada ano \u00e9 elaborado uma programa\u00e7\u00e3o de eventos com dura\u00e7\u00e3o de uma semana aproximadamente, contemplando diversas atividades, dentre as principais: Palestras, Minicursos, Visita T\u00e9cnica e Exposi\u00e7\u00e3o de Trabalhos Acad\u00eamicos.<\/p>\n<p>Este ano o evento est\u00e1 na terceira edi\u00e7\u00e3o e ser\u00e1 realizado no per\u00edodo de 09 a 13 de dezembro no Anfiteatro da UNIFAP no\u00a0<em>campus<\/em> Marco Zero cito a\u00a0<a>Rod. Juscelino Kubitschek, KM-02 Jardim Marco Zero, Macap\u00e1-AP.<\/a><\/p>\n<p>A programa\u00e7\u00e3o completa estar\u00e1 dispon\u00edvel ap\u00f3s dia 05\/12\/2013 em\u00a0<a href=\"http:\/\/www2.unifap.br\/eletrica\/\">http:\/\/www2.unifap.br\/eletrica\/<\/a><\/p>\n<p><span style=\"text-decoration: underline\"><strong>Programa\u00e7\u00e3o<\/strong><\/span><\/p>\n<ul>\n<li>Solenidade de abertura oficial do evento.Local: Anfiteatro da UNIFAP \u00a0Campus Marco Zero09\/12\/2013 &#8211; 15:30-16:00<\/li>\n<\/ul>\n<p><span style=\"text-decoration: underline\"><strong>Palestras<\/strong><\/span><\/p>\n<p>Local: Anfiteatro da UNIFAP \u00a0Campus Marco Zero<\/p>\n<ul>\n<li>09\/12-\u00a0Sistema El\u00e9trico do Amap\u00e1Eng. Msc. Marcos da Silva Drago \u2013 Eletronorte\/AP &#8211; 16:20h \u00e0s 17:30h<\/li>\n<\/ul>\n<ul>\n<li>10\/12-\u00a0Forma\u00e7\u00e3o de Empresa JuniorSr. Ant\u00f4nio Carlos Brito Lima Junior &#8211; SETEC-AP \u00a0&#8211; 14:30h \u00e0s 16:00h<\/li>\n<li>EmpreendedorismoSr. Jo\u00e3o Carlos Calage Alvarenga &#8211; SEBRAE-AP- 16:20h \u00e0s 17:30h<\/li>\n<\/ul>\n<ul>\n<li>11\/12 -Distribui\u00e7\u00e3o de Energia no Amap\u00e1: Situa\u00e7\u00e3o Atual e Perspectivas. \u00a0 Sr. Aldo Sim\u00e3o Carneiro Fernandes -CEA- 14:30h \u00e0s 16:00h<\/li>\n<\/ul>\n<ul>\n<li>Apresenta\u00e7\u00e3o cultural \u2013 16:20h \u00e0s 17:30h<\/li>\n<\/ul>\n<p>&nbsp;<\/p>\n<ul>\n<li>Festa de Encerramento &#8211; a partir das 20:30h no espa\u00e7o de lazer das ci\u00eancias ambientais.<\/li>\n<\/ul>\n<p>&nbsp;<\/p>\n<p><span style=\"text-decoration: underline\"><strong>Minicursos<\/strong><\/span><\/p>\n<p>&nbsp;<\/p>\n<ul>\n<li><span style=\"text-decoration: underline\">Simula\u00e7\u00e3o de Sistemas Din\u00e2micos em MATLAB\/ SIMULINK<\/span> &#8211; 40 vagasMistrante: Prof. Msc. Andr\u00e9 de Oliveira Ferreira \u00a0Per\u00edodo: 09 e 10\/12\/2013Hor\u00e1rio: 18:30h \u00e0s 21:30 h Carga Hor\u00e1ria: 06 h \u00a0 \u00a0 Local: Salas e Laborat\u00f3rios da UNIFAP Campus Marco Zero<\/li>\n<\/ul>\n<ul>\n<li><span style=\"text-decoration: underline\">AUTOCAD<\/span> &#8211; 40 vagasMistrante: Prof \u00aa. Msc. Michele de Nazar\u00e9 Novaes Santos Per\u00edodo: 11 a 13\/12\/2013Hor\u00e1rio: 18:30h \u00e0s 21:30 h Carga Hor\u00e1ria: 09 h \u00a0 \u00a0 Local: Salas e Laborat\u00f3rios da UNIFAP Campus Marco Zero<\/li>\n<\/ul>\n<p>&nbsp;<\/p>\n<p><span style=\"text-decoration: underline\"><strong>Mostras Did\u00e1ticas<\/strong><\/span><\/p>\n<ul>\n<li>Eletriza\u00e7\u00e3o por atrito utilizando o Gerador de Van de Graaff.<\/li>\n<li>Eletr\u00f4nica Cultural do Estado do Amap\u00e1.<\/li>\n<li>Circuitos de automa\u00e7\u00e3o prediais e industriais.<\/li>\n<\/ul>\n<p>&nbsp;<\/p>\n<p><span style=\"text-decoration: underline\"><strong>Visitas t\u00e9cnicas orientadas<\/strong><\/span><\/p>\n<ul>\n<li>12\/12 \u2013 Usina Hidrel\u00e9trica de Coaracy Nunes e Ferreira Gomes Energia (25 alunos)<\/li>\n<li>13\/12 &#8211; Usina Hidrel\u00e9trica de Coaracy Nunes e Ferreira Gomes Energia (25 alunos)<\/li>\n<\/ul>\n<p><span style=\"text-decoration: underline\"><strong>As inscri\u00e7\u00f5es dever\u00e3o ser realizadas presencialmente no dia 09\/12 \u00e0s 15h, durante a solenidade de abertura oficial do evento.<\/strong><\/span><\/p>\n<p><span style=\"color: #3366ff\"><strong>Clique aqui e baixe o folder da <\/strong><strong><a href=\"http:\/\/www2.unifap.br\/eletrica\/files\/2013\/12\/3_Semana-Enge_print1.pdf\">3\u00aa Semana Engenharia El\u00e9trica<\/a><\/strong><\/span><\/p>\n<p>Veja tamb\u00e9m as informa\u00e7\u00f5es das vers\u00f5es anteriores na aba de not\u00edcias do site\u00a0<a href=\"http:\/\/www2.unifap.br\/eletrica\/\">http:\/\/www2.unifap.br\/eletrica\/<\/a><\/p>\n<p>Participa\u00e7\u00e3o livre e franca, direcionada a estudantes de ensino m\u00e9dio, t\u00e9cnico, acad\u00eamicos de todas as \u00e1rea de gradua\u00e7\u00e3o e comunidade geral, participe!<\/p>\n","protected":false},"excerpt":{"rendered":"<p>A Semana de Engenharia El\u00e9trica faz parte de um conjunto de atividades e estrat\u00e9gias contempladas no projeto pedag\u00f3gico do Curso de Gradua\u00e7\u00e3o em Engenharia El\u00e9trica com objetivo de socializar conhecimentos e promover a integra\u00e7\u00e3o entre professores, t\u00e9cnicos, alunos e comunidade externa. A cada ano \u00e9 elaborado uma programa\u00e7\u00e3o de eventos com dura\u00e7\u00e3o de uma semana&hellip;<\/p>\n","protected":false},"author":66,"featured_media":0,"parent":5976,"menu_order":0,"comment_status":"closed","ping_status":"closed","template":"fullwidth.php","meta":{"inline_featured_image":false,"ngg_post_thumbnail":0,"footnotes":""},"class_list":["post-1771","page","type-page","status-publish","hentry"],"_links":{"self":[{"href":"https:\/\/www2.unifap.br\/eletrica\/wp-json\/wp\/v2\/pages\/1771","targetHints":{"allow":["GET"]}}],"collection":[{"href":"https:\/\/www2.unifap.br\/eletrica\/wp-json\/wp\/v2\/pages"}],"about":[{"href":"https:\/\/www2.unifap.br\/eletrica\/wp-json\/wp\/v2\/types\/page"}],"author":[{"embeddable":true,"href":"https:\/\/www2.unifap.br\/eletrica\/wp-json\/wp\/v2\/users\/66"}],"replies":[{"embeddable":true,"href":"https:\/\/www2.unifap.br\/eletrica\/wp-json\/wp\/v2\/comments?post=1771"}],"version-history":[{"count":14,"href":"https:\/\/www2.unifap.br\/eletrica\/wp-json\/wp\/v2\/pages\/1771\/revisions"}],"predecessor-version":[{"id":2747,"href":"https:\/\/www2.unifap.br\/eletrica\/wp-json\/wp\/v2\/pages\/1771\/revisions\/2747"}],"up":[{"embeddable":true,"href":"https:\/\/www2.unifap.br\/eletrica\/wp-json\/wp\/v2\/pages\/5976"}],"wp:attachment":[{"href":"https:\/\/www2.unifap.br\/eletrica\/wp-json\/wp\/v2\/media?parent=1771"}],"curies":[{"name":"wp","href":"https:\/\/api.w.org\/{rel}","templated":true}]}}